000
CDUS43 KMPX 210629
CLISTC


CLIMATE REPORT
NATIONAL WEATHER SERVICE CHANHASSEN MN
1228 AM CST MON NOV 21 2016


...................................

...THE ST CLOUD MN CLIMATE SUMMARY FOR NOVEMBER 20 2016...

CLIMATE NORMAL PERIOD 1981 TO 2010
CLIMATE RECORD PERIOD 1893 TO 2016


WEATHER ITEM   OBSERVED TIME   RECORD YEAR NORMAL DEPARTURE LAST
                VALUE   (LST)  VALUE       VALUE  FROM      YEAR
                                                  NORMAL
..................................................................
TEMPERATURE (F)
 YESTERDAY
  MAXIMUM         27    346 PM  64    1962  36     -9       28
  MINIMUM         17   1012 PM -18    1921  19     -2       18
  AVERAGE         22                        28     -6       23

PRECIPITATION (IN)
  YESTERDAY        0.00          1.43 1931   0.04  -0.04     0.00
  MONTH TO DATE    0.67                      0.97  -0.30     2.73
  SINCE SEP 1      6.43                      6.92  -0.49     8.11
  SINCE JAN 1     31.25                     26.50   4.75    31.72

SNOWFALL (IN)
  YESTERDAY        0.0          10.9  1975   0.3   -0.3      0.0
  MONTH TO DATE    4.1                       4.8   -0.7      0.5
  SINCE SEP 1      4.1                       5.6   -1.5      0.7
  SINCE JUL 1      4.1                       5.6   -1.5      0.7
  SNOW DEPTH       2

DEGREE DAYS
 HEATING
  YESTERDAY       43                        37      6       42
  MONTH TO DATE  427                       634   -207      420
  SINCE SEP 1   1037                      1461   -424     1027
  SINCE JUL 1   1059                      1519   -460     1079

 COOLING
  YESTERDAY        0                         0      0        0
  MONTH TO DATE    0                         0      0        0
  SINCE SEP 1     28                        36     -8      106
  SINCE JAN 1    506                       465     41      492
..................................................................


WIND (MPH)
  HIGHEST WIND SPEED     9   HIGHEST WIND DIRECTION     E (90)
  HIGHEST GUST SPEED    12   HIGHEST GUST DIRECTION     E (90)
  AVERAGE WIND SPEED     4.0


SKY COVER
  POSSIBLE SUNSHINE  MM
  AVERAGE SKY COVER 0.2


WEATHER CONDITIONS
 THE FOLLOWING WEATHER WAS RECORDED YESTERDAY.
  NO SIGNIFICANT WEATHER WAS OBSERVED.


RELATIVE HUMIDITY (PERCENT)
 HIGHEST   100           500 AM
 LOWEST     62           100 PM
 AVERAGE    81

..........................................................


THE ST CLOUD MN CLIMATE NORMALS FOR TODAY
                         NORMAL    RECORD    YEAR
 MAXIMUM TEMPERATURE (F)   35        63      1990
 MINIMUM TEMPERATURE (F)   19        -7      2014


SUNRISE AND SUNSET
NOVEMBER 21 2016......SUNRISE   724 AM CST   SUNSET   440 PM CST
NOVEMBER 22 2016......SUNRISE   726 AM CST   SUNSET   439 PM CST


-  INDICATES NEGATIVE NUMBERS.
R  INDICATES RECORD WAS SET OR TIED.
MM INDICATES DATA IS MISSING.
T  INDICATES TRACE AMOUNT.




$$
