000
CDUS43 KMPX 070024
CLISTC


CLIMATE REPORT
NATIONAL WEATHER SERVICE CHANHASSEN MN
724 PM CDT SUN AUG 6 2017


...................................

...THE ST CLOUD MN CLIMATE SUMMARY FOR AUGUST 6 2017...
VALID TODAY AS OF 0700 PM LOCAL TIME.

CLIMATE NORMAL PERIOD 1981 TO 2010
CLIMATE RECORD PERIOD 1893 TO 2017


WEATHER ITEM   OBSERVED TIME   RECORD YEAR NORMAL DEPARTURE LAST
                VALUE   (LST)  VALUE       VALUE  FROM      YEAR
                                                  NORMAL
..................................................................
TEMPERATURE (F)
 TODAY
  MAXIMUM         75    101 PM  98    2001  81     -6       81
  MINIMUM         54    254 AM  41    1977  57     -3       54
  AVERAGE         65                        69     -4       68

PRECIPITATION (IN)
  TODAY            0.04          1.75 1965   0.11  -0.07     0.00
  MONTH TO DATE    1.59                      0.65   0.94     0.09
  SINCE JUN 1      7.55                      8.13  -0.58    10.20
  SINCE JAN 1     17.25                     16.44   0.81    16.55

SNOWFALL (IN)
  TODAY            0.0           0.0    MM   0.0    0.0      0.0
  MONTH TO DATE    0.0                       0.0    0.0      0.0
  SINCE JUN 1      0.0                       0.0    0.0      0.0
  SINCE JUL 1      0.0                       0.0    0.0      0.0
  SNOW DEPTH       0

DEGREE DAYS
 HEATING
  TODAY            0                         1     -1        0
  MONTH TO DATE   12                         6      6        0
  SINCE JUN 1     57                       101    -44       40
  SINCE JUL 1     16                        23     -7        7

 COOLING
  TODAY            0                         5     -5        3
  MONTH TO DATE   14                        30    -16       48
  SINCE JUN 1    270                       307    -37      338
  SINCE JAN 1    273                       332    -59      369
..................................................................


WIND (MPH)
  HIGHEST WIND SPEED    14   HIGHEST WIND DIRECTION     W (250)
  HIGHEST GUST SPEED    16   HIGHEST GUST DIRECTION     W (250)
  AVERAGE WIND SPEED     3.8


SKY COVER
  POSSIBLE SUNSHINE  MM
  AVERAGE SKY COVER 0.3


WEATHER CONDITIONS
 THE FOLLOWING WEATHER WAS RECORDED TODAY.
  THUNDERSTORM
  LIGHT RAIN


RELATIVE HUMIDITY (PERCENT)
 HIGHEST   100          1200 AM
 LOWEST     57           200 PM
 AVERAGE    79

..........................................................


THE ST CLOUD MN CLIMATE NORMALS FOR TOMORROW
                         NORMAL    RECORD    YEAR
 MAXIMUM TEMPERATURE (F)   81        99      1983
 MINIMUM TEMPERATURE (F)   57        43      1976


SUNRISE AND SUNSET
AUGUST  6 2017........SUNRISE   606 AM CDT   SUNSET   837 PM CDT
AUGUST  7 2017........SUNRISE   607 AM CDT   SUNSET   836 PM CDT


-  INDICATES NEGATIVE NUMBERS.
R  INDICATES RECORD WAS SET OR TIED.
MM INDICATES DATA IS MISSING.
T  INDICATES TRACE AMOUNT.




$$
