000
CDUS43 KMPX 190630
CLISTC


CLIMATE REPORT
NATIONAL WEATHER SERVICE CHANHASSEN MN
129 AM CDT SAT APR 19 2014


...................................

...THE ST CLOUD MN CLIMATE SUMMARY FOR APRIL 18 2014...

CLIMATE NORMAL PERIOD 1981 TO 2010
CLIMATE RECORD PERIOD 1893 TO 2014


WEATHER ITEM   OBSERVED TIME   RECORD YEAR NORMAL DEPARTURE LAST
                VALUE   (LST)  VALUE       VALUE  FROM      YEAR
                                                  NORMAL
..................................................................
TEMPERATURE (F)
 YESTERDAY
  MAXIMUM         46    440 PM  88    1987  58    -12       32
  MINIMUM         19    116 AM  17    1928  34    -15       30
  AVERAGE         33                        46    -13       31

PRECIPITATION (IN)
  YESTERDAY        0.00          0.93 1995   0.09  -0.09     0.86
  MONTH TO DATE    1.55                      1.41   0.14     2.42
  SINCE MAR 1      2.75                      2.96  -0.21     5.05
  SINCE JAN 1      5.26                      4.20   1.06     6.83

SNOWFALL (IN)
  YESTERDAY        0.0           9.4  2013   0.0    0.0      9.4
  MONTH TO DATE   12.0                       2.2    9.8     21.4
  SINCE MAR 1     21.2                      10.7   10.5     38.0
  SINCE JUL 1     75.5                      44.9   30.6     75.5
  SNOW DEPTH       5

DEGREE DAYS
 HEATING
  YESTERDAY       32                        19     13       34
  MONTH TO DATE  485                       423     62      593
  SINCE MAR 1   1792                      1527    265     1921
  SINCE JUL 1   9001                      7973   1028     8191

 COOLING
  YESTERDAY        0                         0      0        0
  MONTH TO DATE    0                         0      0        0
  SINCE MAR 1      0                         0      0        0
  SINCE JAN 1      0                         0      0        0
..................................................................


WIND (MPH)
  HIGHEST WIND SPEED    16   HIGHEST WIND DIRECTION     S (160)
  HIGHEST GUST SPEED    22   HIGHEST GUST DIRECTION     E (110)
  AVERAGE WIND SPEED     7.2


SKY COVER
  POSSIBLE SUNSHINE  MM
  AVERAGE SKY COVER 0.5


WEATHER CONDITIONS
 THE FOLLOWING WEATHER WAS RECORDED YESTERDAY.
  FOG
  HAZE


RELATIVE HUMIDITY (PERCENT)
 HIGHEST    92           200 AM
 LOWEST     49           300 PM
 AVERAGE    71

..........................................................


THE ST CLOUD MN CLIMATE NORMALS FOR TODAY
                         NORMAL    RECORD    YEAR
 MAXIMUM TEMPERATURE (F)   59        87      1987
 MINIMUM TEMPERATURE (F)   34        15      1897


SUNRISE AND SUNSET
APRIL 19 2014.........SUNRISE   624 AM CDT   SUNSET   808 PM CDT
APRIL 20 2014.........SUNRISE   622 AM CDT   SUNSET   809 PM CDT


-  INDICATES NEGATIVE NUMBERS.
R  INDICATES RECORD WAS SET OR TIED.
MM INDICATES DATA IS MISSING.
T  INDICATES TRACE AMOUNT.




$$
