000
CDUS43 KMPX 240634
CLISTC


CLIMATE REPORT
NATIONAL WEATHER SERVICE CHANHASSEN MN
1233 AM CST SAT JAN 24 2015


...................................

...THE ST CLOUD MN CLIMATE SUMMARY FOR JANUARY 23 2015...

CLIMATE NORMAL PERIOD 1981 TO 2010
CLIMATE RECORD PERIOD 1893 TO 2015


WEATHER ITEM   OBSERVED TIME   RECORD YEAR NORMAL DEPARTURE LAST
                VALUE   (LST)  VALUE       VALUE  FROM      YEAR
                                                  NORMAL
..................................................................
TEMPERATURE (F)
 YESTERDAY
  MAXIMUM         44    400 PM  55    1942  22     22        7
  MINIMUM         31    947 AM -33    1936   1     30      -21
                                      1935
  AVERAGE         38                        12     26       -7

PRECIPITATION (IN)
  YESTERDAY        T             0.50 2010   0.02  -0.02     0.00
  MONTH TO DATE    0.22                      0.51  -0.29     0.88
  SINCE DEC 1      0.97                      1.33  -0.36     2.65
  SINCE JAN 1      0.22                      0.51  -0.29     0.88

SNOWFALL (IN)
  YESTERDAY        0.0           4.0  1969   0.3   -0.3      0.0
  MONTH TO DATE    2.4                       6.7   -4.3     11.7
  SINCE DEC 1      4.9                      16.1  -11.2     32.1
  SINCE JUL 1     22.5                      25.3   -2.8     35.7
  SNOW DEPTH       1

DEGREE DAYS
 HEATING
  YESTERDAY       27                        53    -26       72
  MONTH TO DATE 1194                      1234    -40     1361
  SINCE DEC 1   2456                      2756   -300     3176
  SINCE JUL 1   4388                      4681   -293     5049

 COOLING
  YESTERDAY        0                         0      0        0
  MONTH TO DATE    0                         0      0        0
  SINCE DEC 1      0                         0      0        0
  SINCE JAN 1      0                         0      0        0
..................................................................


WIND (MPH)
  HIGHEST WIND SPEED    20   HIGHEST WIND DIRECTION    SW (210)
  HIGHEST GUST SPEED    25   HIGHEST GUST DIRECTION    SW (220)
  AVERAGE WIND SPEED    10.0


SKY COVER
  POSSIBLE SUNSHINE  MM
  AVERAGE SKY COVER 0.4


WEATHER CONDITIONS
 THE FOLLOWING WEATHER WAS RECORDED YESTERDAY.
  FREEZING RAIN


RELATIVE HUMIDITY (PERCENT)
 HIGHEST    92          1000 PM
 LOWEST     59          1200 PM
 AVERAGE    76

..........................................................


THE ST CLOUD MN CLIMATE NORMALS FOR TODAY
                         NORMAL    RECORD    YEAR
 MAXIMUM TEMPERATURE (F)   22        56      1981
 MINIMUM TEMPERATURE (F)    2       -42      1904


SUNRISE AND SUNSET
JANUARY 24 2015.......SUNRISE   746 AM CST   SUNSET   511 PM CST
JANUARY 25 2015.......SUNRISE   745 AM CST   SUNSET   512 PM CST


-  INDICATES NEGATIVE NUMBERS.
R  INDICATES RECORD WAS SET OR TIED.
MM INDICATES DATA IS MISSING.
T  INDICATES TRACE AMOUNT.




$$
