000
CDUS43 KMPX 150033
CLISTC


CLIMATE REPORT
NATIONAL WEATHER SERVICE CHANHASSEN MN
630 PM CST SUN DEC 14 2014


...................................

...THE ST CLOUD MN CLIMATE SUMMARY FOR DECEMBER 14 2014...
VALID TODAY AS OF 0600 PM LOCAL TIME.

CLIMATE NORMAL PERIOD 1981 TO 2010
CLIMATE RECORD PERIOD 1893 TO 2014


WEATHER ITEM   OBSERVED TIME   RECORD YEAR NORMAL DEPARTURE LAST
                VALUE   (LST)  VALUE       VALUE  FROM      YEAR
                                                  NORMAL
..................................................................
TEMPERATURE (F)
 TODAY
  MAXIMUM         48    338 PM  53    1998  25     23       10
  MINIMUM         42    523 AM -32    1901   7     35       -7
  AVERAGE         45                        16     29        2

PRECIPITATION (IN)
  TODAY            0.02          0.46 2008   0.03  -0.01     0.02
  MONTH TO DATE    0.08                      0.40  -0.32     1.07
  SINCE DEC 1      0.08                      0.40  -0.32     1.07
  SINCE JAN 1     36.05                     27.31   8.74    28.14

SNOWFALL (IN)
  TODAY            0.0           4.2  2008   0.2   -0.2      0.6
  MONTH TO DATE    0.2                       4.3   -4.1      9.9
  SINCE DEC 1      0.2                       4.3   -4.1      9.9
  SINCE JUL 1     17.8                      13.5    4.3     13.5
  SNOW DEPTH       T

DEGREE DAYS
 HEATING
  TODAY           20                        49    -29       63
  MONTH TO DATE  561                       651    -90      816
  SINCE DEC 1    561                       651    -90      816
  SINCE JUL 1   2493                      2576    -83     2689

 COOLING
  TODAY            0                         0      0        0
  MONTH TO DATE    0                         0      0        0
  SINCE DEC 1      0                         0      0        0
  SINCE JAN 1    597                       465    132      578
..................................................................


WIND (MPH)
  HIGHEST WIND SPEED    10   HIGHEST WIND DIRECTION    SE (130)
  HIGHEST GUST SPEED    14   HIGHEST GUST DIRECTION    SE (150)
  AVERAGE WIND SPEED     7.6


SKY COVER
  POSSIBLE SUNSHINE  MM
  AVERAGE SKY COVER 1.0


WEATHER CONDITIONS
 THE FOLLOWING WEATHER WAS RECORDED TODAY.
  LIGHT RAIN
  FOG
  FOG W/VISIBILITY <= 1/4 MILE


RELATIVE HUMIDITY (PERCENT)
 HIGHEST   100           600 AM
 LOWEST     89          1200 AM
 AVERAGE    95

..........................................................


THE ST CLOUD MN CLIMATE NORMALS FOR TOMORROW
                         NORMAL    RECORD    YEAR
 MAXIMUM TEMPERATURE (F)   24        52      1939
 MINIMUM TEMPERATURE (F)    7       -28      1901


SUNRISE AND SUNSET
DECEMBER 14 2014......SUNRISE   749 AM CST   SUNSET   433 PM CST
DECEMBER 15 2014......SUNRISE   750 AM CST   SUNSET   433 PM CST


-  INDICATES NEGATIVE NUMBERS.
R  INDICATES RECORD WAS SET OR TIED.
MM INDICATES DATA IS MISSING.
T  INDICATES TRACE AMOUNT.




$$
