754
CDUS43 KMPX 060736
CLISTC


CLIMATE REPORT
NATIONAL WEATHER SERVICE CHANHASSEN MN
135 AM CST WED DEC 6 2017


...................................

...THE ST CLOUD MN CLIMATE SUMMARY FOR DECEMBER 5 2017...

CLIMATE NORMAL PERIOD 1981 TO 2010
CLIMATE RECORD PERIOD 1893 TO 2017


WEATHER ITEM   OBSERVED TIME   RECORD YEAR NORMAL DEPARTURE LAST
                VALUE   (LST)  VALUE       VALUE  FROM      YEAR
                                                  NORMAL
..................................................................
TEMPERATURE (F)
 YESTERDAY
  MAXIMUM         25   1207 AM  52    1979  28     -3       39
  MINIMUM         14    854 AM -16    1940  11      3       23
  AVERAGE         20                        20      0       31

PRECIPITATION (IN)
  YESTERDAY        T             0.59 1909   0.02  -0.02     0.02
  MONTH TO DATE    0.03                      0.15  -0.12     0.11
  SINCE DEC 1      0.03                      0.15  -0.12     0.11
  SINCE JAN 1     29.79                     27.06   2.73    32.38

SNOWFALL (IN)
  YESTERDAY        T             5.5  1936   0.3   -0.3       T
  MONTH TO DATE    0.4                       1.6   -1.2      0.8
  SINCE DEC 1      0.4                       1.6   -1.2      0.8
  SINCE JUL 1      7.5                      10.8   -3.3      8.1
  SNOW DEPTH       T

DEGREE DAYS
 HEATING
  YESTERDAY       45                        45      0       34
  MONTH TO DATE  166                       223    -57      171
  SINCE DEC 1    166                       223    -57      171
  SINCE JUL 1   1932                      2148   -216     1545

 COOLING
  YESTERDAY        0                         0      0        0
  MONTH TO DATE    0                         0      0        0
  SINCE DEC 1      0                         0      0        0
  SINCE JAN 1    361                       465   -104      506
..................................................................


WIND (MPH)
  HIGHEST WIND SPEED    35   HIGHEST WIND DIRECTION     W (290)
  HIGHEST GUST SPEED    46   HIGHEST GUST DIRECTION    NW (310)
  AVERAGE WIND SPEED    19.1


SKY COVER
  POSSIBLE SUNSHINE  MM
  AVERAGE SKY COVER 0.7


WEATHER CONDITIONS
 THE FOLLOWING WEATHER WAS RECORDED YESTERDAY.
  LIGHT SNOW


RELATIVE HUMIDITY (PERCENT)
 HIGHEST    81          1200 AM
 LOWEST     67           400 AM
 AVERAGE    74

..........................................................


THE ST CLOUD MN CLIMATE NORMALS FOR TODAY
                         NORMAL    RECORD    YEAR
 MAXIMUM TEMPERATURE (F)   28        63      1939
 MINIMUM TEMPERATURE (F)   11       -27      1972


SUNRISE AND SUNSET
DECEMBER  6 2017......SUNRISE   742 AM CST   SUNSET   433 PM CST
DECEMBER  7 2017......SUNRISE   743 AM CST   SUNSET   433 PM CST


-  INDICATES NEGATIVE NUMBERS.
R  INDICATES RECORD WAS SET OR TIED.
MM INDICATES DATA IS MISSING.
T  INDICATES TRACE AMOUNT.




$$
