000
CDUS43 KMPX 102204
CLISTC


CLIMATE REPORT
NATIONAL WEATHER SERVICE CHANHASSEN MN
504 PM CDT MON APR 10 2017


...................................

...THE ST CLOUD MN CLIMATE SUMMARY FOR APRIL 10 2017...
VALID TODAY AS OF 0500 PM LOCAL TIME.

CLIMATE NORMAL PERIOD 1981 TO 2010
CLIMATE RECORD PERIOD 1893 TO 2017


WEATHER ITEM   OBSERVED TIME   RECORD YEAR NORMAL DEPARTURE LAST
                VALUE   (LST)  VALUE       VALUE  FROM      YEAR
                                                  NORMAL
..................................................................
TEMPERATURE (F)
 TODAY
  MAXIMUM         48   1200 AM  87    1977  53     -5       57
  MINIMUM         37    848 AM   9    1940  30      7       30
  AVERAGE         43                        42      1       44

PRECIPITATION (IN)
  TODAY            0.01          1.80 1903   0.07  -0.06     0.00
  MONTH TO DATE    0.07                      0.72  -0.65     0.15
  SINCE MAR 1      0.74                      2.27  -1.53     1.65
  SINCE JAN 1      2.06                      3.51  -1.45     2.59

SNOWFALL (IN)
  TODAY           MM             6.0  1992   0.1   MM        0.0
  MONTH TO DATE    0.0                       1.4   -1.4      1.6
  SINCE MAR 1      2.0                       9.9   -7.9      4.6
  SINCE JUL 1     30.9                      44.1  -13.2     30.3
  SNOW DEPTH       0

DEGREE DAYS
 HEATING
  TODAY           22                        23     -1       21
  MONTH TO DATE  182                       255    -73      317
  SINCE MAR 1   1242                      1359   -117     1134
  SINCE JUL 1   6598                      7805  -1207     6585

 COOLING
  TODAY            0                         0      0        0
  MONTH TO DATE    0                         0      0        0
  SINCE MAR 1      0                         0      0        0
  SINCE JAN 1      0                         0      0        0
..................................................................


WIND (MPH)
  HIGHEST WIND SPEED    23   HIGHEST WIND DIRECTION     N (20)
  HIGHEST GUST SPEED    30   HIGHEST GUST DIRECTION     N (20)
  AVERAGE WIND SPEED    13.5


SKY COVER
  POSSIBLE SUNSHINE  MM
  AVERAGE SKY COVER 0.9


WEATHER CONDITIONS
 THE FOLLOWING WEATHER WAS RECORDED TODAY.
  LIGHT RAIN


RELATIVE HUMIDITY (PERCENT)
 HIGHEST    89           200 AM
 LOWEST     70          1200 PM
 AVERAGE    80

..........................................................


THE ST CLOUD MN CLIMATE NORMALS FOR TOMORROW
                         NORMAL    RECORD    YEAR
 MAXIMUM TEMPERATURE (F)   54        82      1968
 MINIMUM TEMPERATURE (F)   31        10      1940


SUNRISE AND SUNSET
APRIL 10 2017.........SUNRISE   639 AM CDT   SUNSET   757 PM CDT
APRIL 11 2017.........SUNRISE   637 AM CDT   SUNSET   758 PM CDT


-  INDICATES NEGATIVE NUMBERS.
R  INDICATES RECORD WAS SET OR TIED.
MM INDICATES DATA IS MISSING.
T  INDICATES TRACE AMOUNT.




$$
