749
CDUS43 KMPX 090425
CLISTC


CLIMATE REPORT
NATIONAL WEATHER SERVICE CHANHASSEN MN
1114 PM CDT FRI MAY 8 2015


...................................

...THE ST CLOUD MN CLIMATE SUMMARY FOR MAY 8 2015...
VALID TODAY AS OF 1100 PM LOCAL TIME.

CLIMATE NORMAL PERIOD 1981 TO 2010
CLIMATE RECORD PERIOD 1893 TO 2015


WEATHER ITEM   OBSERVED TIME   RECORD YEAR NORMAL DEPARTURE LAST
                VALUE   (LST)  VALUE       VALUE  FROM      YEAR
                                                  NORMAL
..................................................................
TEMPERATURE (F)
 TODAY
  MAXIMUM         59    500 PM  85    1985  67     -8       59
  MINIMUM         45    916 AM  23    1945  42      3       48
  AVERAGE         52                        54     -2       54

PRECIPITATION (IN)
  TODAY            0.00          1.20 1938   0.10  -0.10     0.88
  MONTH TO DATE    1.02                      0.77   0.25     2.64
  SINCE MAR 1      3.07                      4.89  -1.82     9.74
  SINCE JAN 1      3.66                      6.13  -2.47    12.25

SNOWFALL (IN)
  TODAY            0.0           2.8  1938   0.0    0.0      0.0
  MONTH TO DATE    0.0                       0.0    0.0      0.0
  SINCE MAR 1      4.3                      11.5   -7.2     21.2
  SINCE JUL 1     31.1                      45.7  -14.6     75.5
  SNOW DEPTH       0

DEGREE DAYS
 HEATING
  TODAY           13                        11      2       11
  MONTH TO DATE   50                       100    -50      105
  SINCE MAR 1   1602                      1821   -219     2128
  SINCE JUL 1   7860                      8267   -407     9337

 COOLING
  TODAY            0                         0      0        0
  MONTH TO DATE    0                         0      0        0
  SINCE MAR 1      0                         2     -2        0
  SINCE JAN 1      0                         2     -2        0
..................................................................


WIND (MPH)
  HIGHEST WIND SPEED    17   HIGHEST WIND DIRECTION    NW (310)
  HIGHEST GUST SPEED    22   HIGHEST GUST DIRECTION    NW (310)
  AVERAGE WIND SPEED     9.8


SKY COVER
  POSSIBLE SUNSHINE  MM
  AVERAGE SKY COVER 0.7


WEATHER CONDITIONS
 THE FOLLOWING WEATHER WAS RECORDED TODAY.
  NO SIGNIFICANT WEATHER WAS OBSERVED.


RELATIVE HUMIDITY (PERCENT)
 HIGHEST    93          1200 AM
 LOWEST     51           600 PM
 AVERAGE    72

..........................................................


THE ST CLOUD MN CLIMATE NORMALS FOR TOMORROW
                         NORMAL    RECORD    YEAR
 MAXIMUM TEMPERATURE (F)   67        91      1928
 MINIMUM TEMPERATURE (F)   42        21      1945


SUNRISE AND SUNSET
MAY  8 2015...........SUNRISE   555 AM CDT   SUNSET   832 PM CDT
MAY  9 2015...........SUNRISE   553 AM CDT   SUNSET   833 PM CDT


-  INDICATES NEGATIVE NUMBERS.
R  INDICATES RECORD WAS SET OR TIED.
MM INDICATES DATA IS MISSING.
T  INDICATES TRACE AMOUNT.




$$
