000
CDUS43 KMPX 190034
CLISTC


CLIMATE REPORT
NATIONAL WEATHER SERVICE CHANHASSEN MN
734 PM CDT SAT MAR 18 2017


...................................

...THE ST CLOUD MN CLIMATE SUMMARY FOR MARCH 18 2017...
VALID TODAY AS OF 0700 PM LOCAL TIME.

CLIMATE NORMAL PERIOD 1981 TO 2010
CLIMATE RECORD PERIOD 1893 TO 2017


WEATHER ITEM   OBSERVED TIME   RECORD YEAR NORMAL DEPARTURE LAST
                VALUE   (LST)  VALUE       VALUE  FROM      YEAR
                                                  NORMAL
..................................................................
TEMPERATURE (F)
 TODAY
  MAXIMUM         41    508 PM  75    2012  40      1       32
  MINIMUM         25    824 AM -12    1941  21      4       25
  AVERAGE         33                        30      3       29

PRECIPITATION (IN)
  TODAY            0.00          1.85 1903   0.05  -0.05     0.06
  MONTH TO DATE    0.50                      0.78  -0.28     0.52
  SINCE MAR 1      0.50                      0.78  -0.28     0.52
  SINCE JAN 1      1.82                      2.02  -0.20     1.46

SNOWFALL (IN)
  TODAY            0.0           8.8  1951   0.3   -0.3      0.6
  MONTH TO DATE    2.0                       5.8   -3.8      1.8
  SINCE MAR 1      2.0                       5.8   -3.8      1.8
  SINCE JUL 1     30.9                      40.0   -9.1     27.5
  SNOW DEPTH       0

DEGREE DAYS
 HEATING
  TODAY           32                        35     -3       36
  MONTH TO DATE  724                       696     28      471
  SINCE MAR 1    724                       696     28      471
  SINCE JUL 1   6080                      7142  -1062     5922

 COOLING
  TODAY            0                         0      0        0
  MONTH TO DATE    0                         0      0        0
  SINCE MAR 1      0                         0      0        0
  SINCE JAN 1      0                         0      0        0
..................................................................


WIND (MPH)
  HIGHEST WIND SPEED    26   HIGHEST WIND DIRECTION    NW (300)
  HIGHEST GUST SPEED    31   HIGHEST GUST DIRECTION    NW (310)
  AVERAGE WIND SPEED    11.6


SKY COVER
  POSSIBLE SUNSHINE  MM
  AVERAGE SKY COVER 0.7


WEATHER CONDITIONS
 THE FOLLOWING WEATHER WAS RECORDED TODAY.
  NO SIGNIFICANT WEATHER WAS OBSERVED.


RELATIVE HUMIDITY (PERCENT)
 HIGHEST    88           800 AM
 LOWEST     51           400 PM
 AVERAGE    70

..........................................................


THE ST CLOUD MN CLIMATE NORMALS FOR TOMORROW
                         NORMAL    RECORD    YEAR
 MAXIMUM TEMPERATURE (F)   40        78      2012
 MINIMUM TEMPERATURE (F)   21       -12      1965


SUNRISE AND SUNSET
MARCH 18 2017.........SUNRISE   723 AM CDT   SUNSET   727 PM CDT
MARCH 19 2017.........SUNRISE   721 AM CDT   SUNSET   728 PM CDT


-  INDICATES NEGATIVE NUMBERS.
R  INDICATES RECORD WAS SET OR TIED.
MM INDICATES DATA IS MISSING.
T  INDICATES TRACE AMOUNT.




$$
