000
CDUS43 KMPX 010127
CLISTC


CLIMATE REPORT
NATIONAL WEATHER SERVICE CHANHASSEN MN
827 PM CDT MON AUG 31 2015


...................................

...THE ST CLOUD MN CLIMATE SUMMARY FOR AUGUST 31 2015...
VALID TODAY AS OF 0800 PM LOCAL TIME.

CLIMATE NORMAL PERIOD 1981 TO 2010
CLIMATE RECORD PERIOD 1893 TO 2015


WEATHER ITEM   OBSERVED TIME   RECORD YEAR NORMAL DEPARTURE LAST
                VALUE   (LST)  VALUE       VALUE  FROM      YEAR
                                                  NORMAL
..................................................................
TEMPERATURE (F)
 TODAY
  MAXIMUM         83    435 PM  95    1907  76      7       83
  MINIMUM         64    628 AM  33    1974  53     11       63
  AVERAGE         74                        65      9       73

PRECIPITATION (IN)
  TODAY            0.00          1.21 1937   0.13  -0.13     0.79
  MONTH TO DATE    3.10                      3.79  -0.69     5.59
  SINCE JUN 1     14.94                     11.27   3.67    13.02
  SINCE JAN 1     23.61                     19.58   4.03    29.37

SNOWFALL (IN)
  TODAY            0.0           0.0    MM   0.0    0.0      0.0
  MONTH TO DATE    0.0                       0.0    0.0      0.0
  SINCE JUN 1      0.0                       0.0    0.0      0.0
  SINCE JUL 1      0.0                       0.0    0.0      0.0
  SNOW DEPTH       0

DEGREE DAYS
 HEATING
  TODAY            0                         3     -3        0
  MONTH TO DATE   40                        42     -2        2
  SINCE JUN 1     80                       136    -56       35
  SINCE JUL 1     52                        58     -6        9

 COOLING
  TODAY            9                         2      7        8
  MONTH TO DATE  112                       127    -15      202
  SINCE JUN 1    381                       404    -23      510
  SINCE JAN 1    386                       429    -43      554
..................................................................


WIND (MPH)
  HIGHEST WIND SPEED    20   HIGHEST WIND DIRECTION     S (190)
  HIGHEST GUST SPEED    31   HIGHEST GUST DIRECTION     S (190)
  AVERAGE WIND SPEED    12.4


SKY COVER
  POSSIBLE SUNSHINE  MM
  AVERAGE SKY COVER 0.3


WEATHER CONDITIONS
 THE FOLLOWING WEATHER WAS RECORDED TODAY.
  FOG


RELATIVE HUMIDITY (PERCENT)
 HIGHEST   100           200 AM
 LOWEST     58           500 PM
 AVERAGE    79

..........................................................


THE ST CLOUD MN CLIMATE NORMALS FOR TOMORROW
                         NORMAL    RECORD    YEAR
 MAXIMUM TEMPERATURE (F)   76        92      1937
                                             1921
                                             1913
 MINIMUM TEMPERATURE (F)   53        29      1974


SUNRISE AND SUNSET
AUGUST 31 2015........SUNRISE   636 AM CDT   SUNSET   756 PM CDT
SEPTEMBER  1 2015.....SUNRISE   637 AM CDT   SUNSET   754 PM CDT


-  INDICATES NEGATIVE NUMBERS.
R  INDICATES RECORD WAS SET OR TIED.
MM INDICATES DATA IS MISSING.
T  INDICATES TRACE AMOUNT.




$$
