000
CDUS43 KMPX 162229
CLISTC


CLIMATE REPORT
NATIONAL WEATHER SERVICE CHANHASSEN MN
528 PM CDT SAT APR 16 2016


...................................

...THE ST CLOUD MN CLIMATE SUMMARY FOR APRIL 16 2016...
VALID AS OF 0500 PM LOCAL TIME.

CLIMATE NORMAL PERIOD 1981 TO 2010
CLIMATE RECORD PERIOD 1893 TO 2016


WEATHER ITEM   OBSERVED TIME   RECORD YEAR NORMAL DEPARTURE LAST
                VALUE   (LST)  VALUE       VALUE  FROM      YEAR
                                                  NORMAL
..................................................................
TEMPERATURE (F)
 TODAY
  MAXIMUM         79    240 PM  86    1913  57     22       69
  MINIMUM         57    615 AM  16    1907  33     24       48
  AVERAGE         68                        45     23       59

PRECIPITATION (IN)
  TODAY            0.00          3.26 2003   0.09  -0.09      T
  MONTH TO DATE    0.18                      1.23  -1.05     0.97
  SINCE MAR 1      1.68                      2.78  -1.10     1.35
  SINCE JAN 1      2.62                      4.02  -1.40     1.94

SNOWFALL (IN)
  TODAY            0.0           8.5  2014   0.1   -0.1      0.0
  MONTH TO DATE    1.6                       2.1   -0.5      1.0
  SINCE MAR 1      4.6                      10.6   -6.0      4.3
  SINCE JUL 1     30.3                      44.8  -14.5     31.1
  SNOW DEPTH       0

DEGREE DAYS
 HEATING
  TODAY            0                        20    -20        6
  MONTH TO DATE  403                       384     19      300
  SINCE MAR 1   1220                      1488   -268     1301
  SINCE JUL 1   6671                      7934  -1263     7559

 COOLING
  TODAY            3                         0      3        0
  MONTH TO DATE    3                         0      3        0
  SINCE MAR 1      3                         0      3        0
  SINCE JAN 1      3                         0      3        0
..................................................................


WIND (MPH)
  HIGHEST WIND SPEED    28   HIGHEST WIND DIRECTION     S (170)
  HIGHEST GUST SPEED    36   HIGHEST GUST DIRECTION     S (160)
  AVERAGE WIND SPEED    14.4


SKY COVER
  POSSIBLE SUNSHINE  MM
  AVERAGE SKY COVER 0.5


WEATHER CONDITIONS
 THE FOLLOWING WEATHER WAS RECORDED TODAY.
  NO SIGNIFICANT WEATHER WAS OBSERVED.


RELATIVE HUMIDITY (PERCENT)
 HIGHEST    57           400 AM
 LOWEST     32           300 PM
 AVERAGE    45

..........................................................


THE ST CLOUD MN CLIMATE NORMALS FOR TOMORROW
                         NORMAL    RECORD    YEAR
 MAXIMUM TEMPERATURE (F)   58        86      1987
 MINIMUM TEMPERATURE (F)   33        15      1907


SUNRISE AND SUNSET
APRIL 16 2016.........SUNRISE   628 AM CDT   SUNSET   805 PM CDT
APRIL 17 2016.........SUNRISE   626 AM CDT   SUNSET   806 PM CDT


-  INDICATES NEGATIVE NUMBERS.
R  INDICATES RECORD WAS SET OR TIED.
MM INDICATES DATA IS MISSING.
T  INDICATES TRACE AMOUNT.




$$
