000
CDUS43 KMPX 220809
CLISTC


CLIMATE REPORT
NATIONAL WEATHER SERVICE CHANHASSEN MN
309 AM CDT SUN MAR 22 2015


...................................

...THE ST CLOUD MN CLIMATE SUMMARY FOR MARCH 21 2015...

CLIMATE NORMAL PERIOD 1981 TO 2010
CLIMATE RECORD PERIOD 1893 TO 2015


WEATHER ITEM   OBSERVED TIME   RECORD YEAR NORMAL DEPARTURE LAST
                VALUE   (LST)  VALUE       VALUE  FROM      YEAR
                                                  NORMAL
..................................................................
TEMPERATURE (F)
 YESTERDAY
  MAXIMUM         33    423 PM  75    1911  41     -8       40
  MINIMUM         22    651 AM -19    1965  22      0       13
  AVERAGE         28                        32     -4       27

PRECIPITATION (IN)
  YESTERDAY        0.00          0.97 1894   0.05  -0.05      T
  MONTH TO DATE    0.15                      0.95  -0.80     0.65
  SINCE MAR 1      0.15                      0.95  -0.80     0.65
  SINCE JAN 1      0.74                      2.19  -1.45     3.16

SNOWFALL (IN)
  YESTERDAY        0.0           3.8  1950   0.2   -0.2       T
  MONTH TO DATE    2.3                       6.5   -4.2      7.5
  SINCE MAR 1      2.3                       6.5   -4.2      7.5
  SINCE JUL 1     29.1                      40.7  -11.6     61.8
  SNOW DEPTH       0

DEGREE DAYS
 HEATING
  YESTERDAY       37                        33      4       38
  MONTH TO DATE  691                       797   -106      915
  SINCE MAR 1    691                       797   -106      915
  SINCE JUL 1   6949                      7243   -294     8124

 COOLING
  YESTERDAY        0                         0      0        0
  MONTH TO DATE    0                         0      0        0
  SINCE MAR 1      0                         0      0        0
  SINCE JAN 1      0                         0      0        0
..................................................................


WIND (MPH)
  HIGHEST WIND SPEED    18   HIGHEST WIND DIRECTION     N (360)
  HIGHEST GUST SPEED    24   HIGHEST GUST DIRECTION     N (360)
  AVERAGE WIND SPEED     8.0


SKY COVER
  POSSIBLE SUNSHINE  MM
  AVERAGE SKY COVER 0.4


WEATHER CONDITIONS
 THE FOLLOWING WEATHER WAS RECORDED YESTERDAY.
  NO SIGNIFICANT WEATHER WAS OBSERVED.


RELATIVE HUMIDITY (PERCENT)
 HIGHEST    72          1200 AM
 LOWEST     28           200 PM
 AVERAGE    50

..........................................................


THE ST CLOUD MN CLIMATE NORMALS FOR TODAY
                         NORMAL    RECORD    YEAR
 MAXIMUM TEMPERATURE (F)   42        71      1945
 MINIMUM TEMPERATURE (F)   22        -8      1940


SUNRISE AND SUNSET
MARCH 22 2015.........SUNRISE   716 AM CDT   SUNSET   731 PM CDT
MARCH 23 2015.........SUNRISE   714 AM CDT   SUNSET   732 PM CDT


-  INDICATES NEGATIVE NUMBERS.
R  INDICATES RECORD WAS SET OR TIED.
MM INDICATES DATA IS MISSING.
T  INDICATES TRACE AMOUNT.




$$
