000
CDUS43 KMPX 150643
CLISTC


CLIMATE REPORT
NATIONAL WEATHER SERVICE CHANHASSEN MN
143 AM CDT SAT APR 15 2017


...................................

...THE ST CLOUD MN CLIMATE SUMMARY FOR APRIL 14 2017...

CLIMATE NORMAL PERIOD 1981 TO 2010
CLIMATE RECORD PERIOD 1893 TO 2017


WEATHER ITEM   OBSERVED TIME   RECORD YEAR NORMAL DEPARTURE LAST
                VALUE   (LST)  VALUE       VALUE  FROM      YEAR
                                                  NORMAL
..................................................................
TEMPERATURE (F)
 YESTERDAY
  MAXIMUM         65    431 PM  89    2003  56      9       80
  MINIMUM         46    722 AM  15    2008  32     14       43
                                      1935
  AVERAGE         56                        44     12       62

PRECIPITATION (IN)
  YESTERDAY        0.02          1.50 1986   0.09  -0.07     0.00
  MONTH TO DATE    0.26                      1.06  -0.80     0.18
  SINCE MAR 1      0.93                      2.61  -1.68     1.68
  SINCE JAN 1      2.25                      3.85  -1.60     2.62

SNOWFALL (IN)
  YESTERDAY        0.0           4.7  1993   0.2   -0.2      0.0
  MONTH TO DATE    0.0                       1.9   -1.9      1.6
  SINCE MAR 1      2.0                      10.4   -8.4      4.6
  SINCE JUL 1     30.9                      44.6  -13.7     30.3
  SNOW DEPTH       0

DEGREE DAYS
 HEATING
  YESTERDAY        9                        21    -12        3
  MONTH TO DATE  254                       343    -89      401
  SINCE MAR 1   1314                      1447   -133     1218
  SINCE JUL 1   6670                      7893  -1223     6669

 COOLING
  YESTERDAY        0                         0      0        0
  MONTH TO DATE    0                         0      0        0
  SINCE MAR 1      0                         0      0        0
  SINCE JAN 1      0                         0      0        0
..................................................................


WIND (MPH)
  HIGHEST WIND SPEED    21   HIGHEST WIND DIRECTION    SE (140)
  HIGHEST GUST SPEED    27   HIGHEST GUST DIRECTION    SE (140)
  AVERAGE WIND SPEED    11.5


SKY COVER
  POSSIBLE SUNSHINE  MM
  AVERAGE SKY COVER 0.8


WEATHER CONDITIONS
 THE FOLLOWING WEATHER WAS RECORDED YESTERDAY.
  LIGHT RAIN
  FOG
  HAZE


RELATIVE HUMIDITY (PERCENT)
 HIGHEST    93           200 AM
 LOWEST     63           400 PM
 AVERAGE    78

..........................................................


THE ST CLOUD MN CLIMATE NORMALS FOR TODAY
                         NORMAL    RECORD    YEAR
 MAXIMUM TEMPERATURE (F)   56        84      2002
 MINIMUM TEMPERATURE (F)   33        16      2014


SUNRISE AND SUNSET
APRIL 15 2017.........SUNRISE   630 AM CDT   SUNSET   803 PM CDT
APRIL 16 2017.........SUNRISE   628 AM CDT   SUNSET   804 PM CDT


-  INDICATES NEGATIVE NUMBERS.
R  INDICATES RECORD WAS SET OR TIED.
MM INDICATES DATA IS MISSING.
T  INDICATES TRACE AMOUNT.




$$
