000
CDUS43 KMPX 180028
CLISTC


CLIMATE REPORT
NATIONAL WEATHER SERVICE CHANHASSEN MN
728 PM CDT THU APR 17 2014


...................................

...THE ST CLOUD MN CLIMATE SUMMARY FOR APRIL 17 2014...
VALID TODAY AS OF 0700 PM LOCAL TIME.

CLIMATE NORMAL PERIOD 1981 TO 2010
CLIMATE RECORD PERIOD 1893 TO 2014


WEATHER ITEM   OBSERVED TIME   RECORD YEAR NORMAL DEPARTURE LAST
                VALUE   (LST)  VALUE       VALUE  FROM      YEAR
                                                  NORMAL
..................................................................
TEMPERATURE (F)
 TODAY
  MAXIMUM         44    431 PM  86    1987  58    -14       39
  MINIMUM         25    401 AM  15    1907  33     -8       26
  AVERAGE         35                        45    -10       33

PRECIPITATION (IN)
  TODAY            T             0.80 1896   0.09  -0.09     0.13
  MONTH TO DATE    1.55                      1.32   0.23     1.56
  SINCE MAR 1      2.75                      2.87  -0.12     4.19
  SINCE JAN 1      5.26                      4.11   1.15     5.97

SNOWFALL (IN)
  TODAY            T             5.0  1939   0.1   -0.1      1.1
  MONTH TO DATE   12.0                       2.2    9.8     12.0
  SINCE MAR 1     21.2                      10.7   10.5     28.6
  SINCE JUL 1     75.5                      44.9   30.6     66.1
  SNOW DEPTH       8

DEGREE DAYS
 HEATING
  TODAY           30                        20     10       32
  MONTH TO DATE  453                       404     49      559
  SINCE MAR 1   1760                      1508    252     1887
  SINCE JUL 1   8969                      7954   1015     8157

 COOLING
  TODAY            0                         0      0        0
  MONTH TO DATE    0                         0      0        0
  SINCE MAR 1      0                         0      0        0
  SINCE JAN 1      0                         0      0        0
..................................................................


WIND (MPH)
  HIGHEST WIND SPEED    16   HIGHEST WIND DIRECTION     N (350)
  HIGHEST GUST SPEED    22   HIGHEST GUST DIRECTION     N (10)
  AVERAGE WIND SPEED     7.9


SKY COVER
  POSSIBLE SUNSHINE  MM
  AVERAGE SKY COVER 0.4


WEATHER CONDITIONS
 THE FOLLOWING WEATHER WAS RECORDED TODAY.
  NO SIGNIFICANT WEATHER WAS OBSERVED.


RELATIVE HUMIDITY (PERCENT)
 HIGHEST    81           300 AM
 LOWEST     43           400 PM
 AVERAGE    62

..........................................................


THE ST CLOUD MN CLIMATE NORMALS FOR TOMORROW
                         NORMAL    RECORD    YEAR
 MAXIMUM TEMPERATURE (F)   58        88      1987
 MINIMUM TEMPERATURE (F)   34        17      1928


SUNRISE AND SUNSET
APRIL 17 2014.........SUNRISE   627 AM CDT   SUNSET   805 PM CDT
APRIL 18 2014.........SUNRISE   625 AM CDT   SUNSET   807 PM CDT


-  INDICATES NEGATIVE NUMBERS.
R  INDICATES RECORD WAS SET OR TIED.
MM INDICATES DATA IS MISSING.
T  INDICATES TRACE AMOUNT.




$$
