000
CDUS43 KMPX 172138
CLISTC


CLIMATE REPORT
NATIONAL WEATHER SERVICE CHANHASSEN MN
436 PM CDT SUN APR 17 2016


...................................

...THE ST CLOUD MN CLIMATE SUMMARY FOR APRIL 17 2016...
VALID AS OF 0400 PM LOCAL TIME.

CLIMATE NORMAL PERIOD 1981 TO 2010
CLIMATE RECORD PERIOD 1893 TO 2016


WEATHER ITEM   OBSERVED TIME   RECORD YEAR NORMAL DEPARTURE LAST
                VALUE   (LST)  VALUE       VALUE  FROM      YEAR
                                                  NORMAL
..................................................................
TEMPERATURE (F)
 TODAY
  MAXIMUM         78    119 PM  86    1987  58     20       73
  MINIMUM         55    520 AM  15    1907  33     22       42
  AVERAGE         67                        45     22       58

PRECIPITATION (IN)
  TODAY            0.00          0.80 1896   0.09  -0.09     0.00
  MONTH TO DATE    0.18                      1.32  -1.14     0.97
  SINCE MAR 1      1.68                      2.87  -1.19     1.35
  SINCE JAN 1      2.62                      4.11  -1.49     1.94

SNOWFALL (IN)
  TODAY            0.0           5.0  1939   0.1   -0.1      0.0
  MONTH TO DATE    1.6                       2.2   -0.6      1.0
  SINCE MAR 1      4.6                      10.7   -6.1      4.3
  SINCE JUL 1     30.3                      44.9  -14.6     31.1
  SNOW DEPTH       0

DEGREE DAYS
 HEATING
  TODAY            0                        20    -20        7
  MONTH TO DATE  403                       404     -1      307
  SINCE MAR 1   1220                      1508   -288     1308
  SINCE JUL 1   6671                      7954  -1283     7566

 COOLING
  TODAY            2                         0      2        0
  MONTH TO DATE    5                         0      5        0
  SINCE MAR 1      5                         0      5        0
  SINCE JAN 1      5                         0      5        0
..................................................................


WIND (MPH)
  HIGHEST WIND SPEED    21   HIGHEST WIND DIRECTION     S (170)
  HIGHEST GUST SPEED    30   HIGHEST GUST DIRECTION     S (170)
  AVERAGE WIND SPEED    11.0


SKY COVER
  POSSIBLE SUNSHINE  MM
  AVERAGE SKY COVER 0.6


WEATHER CONDITIONS
 THE FOLLOWING WEATHER WAS RECORDED TODAY.
  NO SIGNIFICANT WEATHER WAS OBSERVED.


RELATIVE HUMIDITY (PERCENT)
 HIGHEST    61           500 AM
 LOWEST     37          1200 AM
 AVERAGE    49

..........................................................


THE ST CLOUD MN CLIMATE NORMALS FOR TOMORROW
                         NORMAL    RECORD    YEAR
 MAXIMUM TEMPERATURE (F)   58        88      1987
 MINIMUM TEMPERATURE (F)   34        17      1928


SUNRISE AND SUNSET
APRIL 17 2016.........SUNRISE   626 AM CDT   SUNSET   806 PM CDT
APRIL 18 2016.........SUNRISE   625 AM CDT   SUNSET   807 PM CDT


-  INDICATES NEGATIVE NUMBERS.
R  INDICATES RECORD WAS SET OR TIED.
MM INDICATES DATA IS MISSING.
T  INDICATES TRACE AMOUNT.




$$
