000
CDUS43 KMPX 102124
CLISTC


CLIMATE REPORT
NATIONAL WEATHER SERVICE CHANHASSEN MN
424 PM CDT SUN JUL 10 2016


...................................

...THE ST CLOUD MN CLIMATE SUMMARY FOR JULY 10 2016...
VALID AS OF 0400 PM LOCAL TIME.

CLIMATE NORMAL PERIOD 1981 TO 2010
CLIMATE RECORD PERIOD 1893 TO 2016


WEATHER ITEM   OBSERVED TIME   RECORD YEAR NORMAL DEPARTURE LAST
                VALUE   (LST)  VALUE       VALUE  FROM      YEAR
                                                  NORMAL
..................................................................
TEMPERATURE (F)
 TODAY
  MAXIMUM         78    259 PM 106    1936  83     -5       85
  MINIMUM         64    619 AM  42    1945  59      5       55
  AVERAGE         71                        70      1       70

PRECIPITATION (IN)
  TODAY            1.01          1.96 2002   0.10   0.91     0.00
  MONTH TO DATE    1.52                      1.13   0.39     1.70
  SINCE JUN 1      4.89                      5.30  -0.41     6.36
  SINCE JAN 1     11.24                     13.61  -2.37    15.03

SNOWFALL (IN)
  TODAY            0.0           0.0    MM   0.0    0.0      0.0
  MONTH TO DATE    0.0                       0.0    0.0      0.0
  SINCE JUN 1      0.0                       0.0    0.0      0.0
  SINCE JUL 1      0.0                       0.0    0.0      0.0
  SNOW DEPTH       0

DEGREE DAYS
 HEATING
  TODAY            0                         1     -1        0
  MONTH TO DATE    6                        10     -4       12
  SINCE JUN 1     39                        88    -49       40
  SINCE JUL 1      6                        10     -4       12

 COOLING
  TODAY            6                         6      0        5
  MONTH TO DATE   43                        59    -16       26
  SINCE JUN 1    151                       154     -3       98
  SINCE JAN 1    182                       179      3      103
..................................................................


WIND (MPH)
  HIGHEST WIND SPEED    28   HIGHEST WIND DIRECTION    NW (310)
  HIGHEST GUST SPEED    35   HIGHEST GUST DIRECTION    NW (300)
  AVERAGE WIND SPEED     5.2


SKY COVER
  POSSIBLE SUNSHINE  MM
  AVERAGE SKY COVER 0.8


WEATHER CONDITIONS
 THE FOLLOWING WEATHER WAS RECORDED TODAY.
  THUNDERSTORM
  HEAVY RAIN
  RAIN
  LIGHT RAIN
  FOG


RELATIVE HUMIDITY (PERCENT)
 HIGHEST   100           700 AM
 LOWEST     69           300 PM
 AVERAGE    85

..........................................................


THE ST CLOUD MN CLIMATE NORMALS FOR TOMORROW
                         NORMAL    RECORD    YEAR
 MAXIMUM TEMPERATURE (F)   83       106      1936
 MINIMUM TEMPERATURE (F)   59        41      1945


SUNRISE AND SUNSET
JULY 10 2016..........SUNRISE   538 AM CDT   SUNSET   905 PM CDT
JULY 11 2016..........SUNRISE   539 AM CDT   SUNSET   904 PM CDT


-  INDICATES NEGATIVE NUMBERS.
R  INDICATES RECORD WAS SET OR TIED.
MM INDICATES DATA IS MISSING.
T  INDICATES TRACE AMOUNT.




$$
