514
CDUS43 KMPX 162133
CLISTC


CLIMATE REPORT
NATIONAL WEATHER SERVICE CHANHASSEN MN
432 PM CDT MON OCT 16 2017


...................................

...THE ST CLOUD MN CLIMATE SUMMARY FOR OCTOBER 16 2017...
VALID TODAY AS OF 0400 PM LOCAL TIME.

CLIMATE NORMAL PERIOD 1981 TO 2010
CLIMATE RECORD PERIOD 1893 TO 2017


WEATHER ITEM   OBSERVED TIME   RECORD YEAR NORMAL DEPARTURE LAST
                VALUE   (LST)  VALUE       VALUE  FROM      YEAR
                                                  NORMAL
..................................................................
TEMPERATURE (F)
 TODAY
  MAXIMUM         64    259 PM  83    1947  57      7       65
  MINIMUM         30    657 AM  18    1952  35     -5       35
  AVERAGE         47                        46      1       50

PRECIPITATION (IN)
  TODAY            0.00          2.14 1968   0.08  -0.08      T
  MONTH TO DATE    4.27                      1.47   2.80     1.60
  SINCE SEP 1      7.20                      4.93   2.27     4.68
  SINCE JAN 1     28.13                     24.51   3.62    29.50

SNOWFALL (IN)
  TODAY            0.0           0.3  1992   0.0    0.0      0.0
  MONTH TO DATE    0.0                       0.1   -0.1      0.0
  SINCE SEP 1      0.0                       0.1   -0.1      0.0
  SINCE JUL 1      0.0                       0.1   -0.1      0.0
  SNOW DEPTH       0

DEGREE DAYS
 HEATING
  TODAY           18                        19     -1       15
  MONTH TO DATE  245                       261    -16      215
  SINCE SEP 1    384                       489   -105      333
  SINCE JUL 1    424                       547   -123      355

 COOLING
  TODAY            0                         0      0        0
  MONTH TO DATE    0                         0      0        0
  SINCE SEP 1     71                        34     37       28
  SINCE JAN 1    361                       463   -102      506
..................................................................


WIND (MPH)
  HIGHEST WIND SPEED    21   HIGHEST WIND DIRECTION    SW (210)
  HIGHEST GUST SPEED    24   HIGHEST GUST DIRECTION     S (200)
  AVERAGE WIND SPEED     5.7


SKY COVER
  POSSIBLE SUNSHINE  MM
  AVERAGE SKY COVER 0.0


WEATHER CONDITIONS
 THE FOLLOWING WEATHER WAS RECORDED TODAY.
  FOG


RELATIVE HUMIDITY (PERCENT)
 HIGHEST   100          1200 AM
 LOWEST     37           300 PM
 AVERAGE    69

..........................................................


THE ST CLOUD MN CLIMATE NORMALS FOR TOMORROW
                         NORMAL    RECORD    YEAR
 MAXIMUM TEMPERATURE (F)   56        87      1910
 MINIMUM TEMPERATURE (F)   35        10      1952


SUNRISE AND SUNSET
OCTOBER 16 2017.......SUNRISE   734 AM CDT   SUNSET   628 PM CDT
OCTOBER 17 2017.......SUNRISE   736 AM CDT   SUNSET   627 PM CDT


-  INDICATES NEGATIVE NUMBERS.
R  INDICATES RECORD WAS SET OR TIED.
MM INDICATES DATA IS MISSING.
T  INDICATES TRACE AMOUNT.




$$
