000
CDUS43 KMPX 150746
CLISTC


CLIMATE REPORT
NATIONAL WEATHER SERVICE CHANHASSEN MN
244 AM CDT MON AUG 15 2016


...................................

...THE ST CLOUD MN CLIMATE SUMMARY FOR AUGUST 14 2016...

CLIMATE NORMAL PERIOD 1981 TO 2010
CLIMATE RECORD PERIOD 1893 TO 2016


WEATHER ITEM   OBSERVED TIME   RECORD YEAR NORMAL DEPARTURE LAST
                VALUE   (LST)  VALUE       VALUE  FROM      YEAR
                                                  NORMAL
..................................................................
TEMPERATURE (F)
 YESTERDAY
  MAXIMUM         81    322 PM  94    1970  80      1       91
                                      1938
                                      1922
  MINIMUM         57    551 AM  38    1992  57      0       63
  AVERAGE         69                        68      1       77

PRECIPITATION (IN)
  YESTERDAY        0.00          1.34 1928   0.12  -0.12     0.00
  MONTH TO DATE    3.24                      1.61   1.63     1.37
  SINCE JUN 1     13.35                      9.09   4.26    13.21
  SINCE JAN 1     19.70                     17.40   2.30    21.88

SNOWFALL (IN)
  YESTERDAY        0.0           0.0    MM   0.0    0.0      0.0
  MONTH TO DATE    0.0                       0.0    0.0      0.0
  SINCE JUN 1      0.0                       0.0    0.0      0.0
  SINCE JUL 1      0.0                       0.0    0.0      0.0
  SNOW DEPTH       0

DEGREE DAYS
 HEATING
  YESTERDAY        0                         1     -1        0
  MONTH TO DATE    0                        14    -14        0
  SINCE JUN 1     40                       109    -69       40
  SINCE JUL 1      7                        31    -24       12

 COOLING
  YESTERDAY        4                         4      0       12
  MONTH TO DATE  100                        69     31       73
  SINCE JUN 1    390                       346     44      342
  SINCE JAN 1    421                       371     50      347
..................................................................


WIND (MPH)
  HIGHEST WIND SPEED    14   HIGHEST WIND DIRECTION    SW (210)
  HIGHEST GUST SPEED    16   HIGHEST GUST DIRECTION     S (200)
  AVERAGE WIND SPEED     4.7


SKY COVER
  POSSIBLE SUNSHINE  MM
  AVERAGE SKY COVER 0.2


WEATHER CONDITIONS
 THE FOLLOWING WEATHER WAS RECORDED YESTERDAY.
  NO SIGNIFICANT WEATHER WAS OBSERVED.


RELATIVE HUMIDITY (PERCENT)
 HIGHEST   100          1200 AM
 LOWEST     51           200 PM
 AVERAGE    76

..........................................................


THE ST CLOUD MN CLIMATE NORMALS FOR TODAY
                         NORMAL    RECORD    YEAR
 MAXIMUM TEMPERATURE (F)   80       105      1936
 MINIMUM TEMPERATURE (F)   56        39      1979


SUNRISE AND SUNSET
AUGUST 15 2016........SUNRISE   617 AM CDT   SUNSET   823 PM CDT
AUGUST 16 2016........SUNRISE   619 AM CDT   SUNSET   821 PM CDT


-  INDICATES NEGATIVE NUMBERS.
R  INDICATES RECORD WAS SET OR TIED.
MM INDICATES DATA IS MISSING.
T  INDICATES TRACE AMOUNT.




$$
