000
CDUS43 KMPX 160047
CLISTC


CLIMATE REPORT
NATIONAL WEATHER SERVICE CHANHASSEN MN
747 PM CDT TUE JUL 15 2014


...................................

...THE ST CLOUD MN CLIMATE SUMMARY FOR JULY 15 2014...
VALID TODAY AS OF 0700 PM LOCAL TIME.

CLIMATE NORMAL PERIOD 1981 TO 2010
CLIMATE RECORD PERIOD 1893 TO 2014


WEATHER ITEM   OBSERVED TIME   RECORD YEAR NORMAL DEPARTURE LAST
                VALUE   (LST)  VALUE       VALUE  FROM      YEAR
                                                  NORMAL
..................................................................
TEMPERATURE (F)
 TODAY
  MAXIMUM         74    452 PM 102    1931  83     -9       87
  MINIMUM         51    444 AM  44    1912  59     -8       66
  AVERAGE         63                        71     -8       77

PRECIPITATION (IN)
  TODAY            0.00          1.74 2011   0.11  -0.11     0.00
  MONTH TO DATE    0.83                      1.66  -0.83     1.00
  SINCE JUN 1      7.01                      5.83   1.18     6.76
  SINCE JAN 1     23.36                     14.14   9.22    19.05

SNOWFALL (IN)
  TODAY            0.0           0.0    MM   0.0    0.0      0.0
  MONTH TO DATE    0.0                       0.0    0.0      0.0
  SINCE JUN 1      0.0                       0.0    0.0      0.0
  SINCE JUL 1      0.0                       0.0    0.0      0.0
  SNOW DEPTH       0

DEGREE DAYS
 HEATING
  TODAY            2                         0      2        0
  MONTH TO DATE    7                        13     -6        0
  SINCE JUN 1     33                        91    -58       87
  SINCE JUL 1      7                        13     -6        0

 COOLING
  TODAY            0                         6     -6       12
  MONTH TO DATE   68                        89    -21      131
  SINCE JUN 1    201                       184     17      230
  SINCE JAN 1    245                       209     36      241
..................................................................


WIND (MPH)
  HIGHEST WIND SPEED    16   HIGHEST WIND DIRECTION     N (340)
  HIGHEST GUST SPEED    22   HIGHEST GUST DIRECTION     N (340)
  AVERAGE WIND SPEED     8.1


SKY COVER
  POSSIBLE SUNSHINE  MM
  AVERAGE SKY COVER 0.5


WEATHER CONDITIONS
 THE FOLLOWING WEATHER WAS RECORDED TODAY.
  NO SIGNIFICANT WEATHER WAS OBSERVED.


RELATIVE HUMIDITY (PERCENT)
 HIGHEST    89           300 AM
 LOWEST     41           500 PM
 AVERAGE    65

..........................................................


THE ST CLOUD MN CLIMATE NORMALS FOR TOMORROW
                         NORMAL    RECORD    YEAR
 MAXIMUM TEMPERATURE (F)   83       102      1931
 MINIMUM TEMPERATURE (F)   59        44      1973


SUNRISE AND SUNSET
JULY 15 2014..........SUNRISE   542 AM CDT   SUNSET   902 PM CDT
JULY 16 2014..........SUNRISE   543 AM CDT   SUNSET   901 PM CDT


-  INDICATES NEGATIVE NUMBERS.
R  INDICATES RECORD WAS SET OR TIED.
MM INDICATES DATA IS MISSING.
T  INDICATES TRACE AMOUNT.




$$
