000
CDUS43 KMPX 100733
CLISTC


CLIMATE REPORT
NATIONAL WEATHER SERVICE CHANHASSEN MN
232 AM CDT MON JUL 10 2017


...................................

...THE ST CLOUD MN CLIMATE SUMMARY FOR JULY 9 2017...

CLIMATE NORMAL PERIOD 1981 TO 2010
CLIMATE RECORD PERIOD 1893 TO 2017


WEATHER ITEM   OBSERVED TIME   RECORD YEAR NORMAL DEPARTURE LAST
                VALUE   (LST)  VALUE       VALUE  FROM      YEAR
                                                  NORMAL
..................................................................
TEMPERATURE (F)
 YESTERDAY
  MAXIMUM         80    356 PM  99    1936  82     -2       82
  MINIMUM         59    319 AM  46    1977  59      0       55
                                      1895
  AVERAGE         70                        70      0       69

PRECIPITATION (IN)
  YESTERDAY        0.11          1.06 1984   0.11   0.00     0.00
  MONTH TO DATE    0.19                      1.03  -0.84     0.51
  SINCE JUN 1      3.77                      5.20  -1.43     3.88
  SINCE JAN 1     13.47                     13.51  -0.04    10.23

SNOWFALL (IN)
  YESTERDAY        0.0           0.0    MM   0.0    0.0      0.0
  MONTH TO DATE    0.0                       0.0    0.0      0.0
  SINCE JUN 1      0.0                       0.0    0.0      0.0
  SINCE JUL 1      0.0                       0.0    0.0      0.0
  SNOW DEPTH       0

DEGREE DAYS
 HEATING
  YESTERDAY        0                         1     -1        0
  MONTH TO DATE    0                         9     -9        6
  SINCE JUN 1     41                        87    -46       39
  SINCE JUL 1      0                         9     -9        6

 COOLING
  YESTERDAY        5                         6     -1        4
  MONTH TO DATE   49                        53     -4       37
  SINCE JUN 1    133                       148    -15      145
  SINCE JAN 1    136                       173    -37      176
..................................................................


WIND (MPH)
  HIGHEST WIND SPEED    18   HIGHEST WIND DIRECTION     N (350)
  HIGHEST GUST SPEED    28   HIGHEST GUST DIRECTION     N (340)
  AVERAGE WIND SPEED     5.8


SKY COVER
  POSSIBLE SUNSHINE  MM
  AVERAGE SKY COVER 0.4


WEATHER CONDITIONS
 THE FOLLOWING WEATHER WAS RECORDED YESTERDAY.
  THUNDERSTORM
  LIGHT RAIN
  FOG


RELATIVE HUMIDITY (PERCENT)
 HIGHEST    93          1100 PM
 LOWEST     62           400 PM
 AVERAGE    78

..........................................................


THE ST CLOUD MN CLIMATE NORMALS FOR TODAY
                         NORMAL    RECORD    YEAR
 MAXIMUM TEMPERATURE (F)   83       106      1936
 MINIMUM TEMPERATURE (F)   59        42      1945


SUNRISE AND SUNSET
JULY 10 2017..........SUNRISE   538 AM CDT   SUNSET   905 PM CDT
JULY 11 2017..........SUNRISE   539 AM CDT   SUNSET   905 PM CDT


-  INDICATES NEGATIVE NUMBERS.
R  INDICATES RECORD WAS SET OR TIED.
MM INDICATES DATA IS MISSING.
T  INDICATES TRACE AMOUNT.




$$
