295
CDUS43 KMPX 270148
CLISTC


CLIMATE REPORT
NATIONAL WEATHER SERVICE CHANHASSEN MN
748 PM CST SAT NOV 26 2016


...................................

...THE ST CLOUD MN CLIMATE SUMMARY FOR NOVEMBER 26 2016...
VALID TODAY AS OF 0700 PM LOCAL TIME.

CLIMATE NORMAL PERIOD 1981 TO 2010
CLIMATE RECORD PERIOD 1893 TO 2016


WEATHER ITEM   OBSERVED TIME   RECORD YEAR NORMAL DEPARTURE LAST
                VALUE   (LST)  VALUE       VALUE  FROM      YEAR
                                                  NORMAL
..................................................................
TEMPERATURE (F)
 TODAY
  MAXIMUM         40    242 PM  59    1914  33      7       35
  MINIMUM         28    558 AM -17    1977  16     12       21
  AVERAGE         34                        24     10       28

PRECIPITATION (IN)
  TODAY            0.00          0.65 2001   0.04  -0.04      T
  MONTH TO DATE    1.10                      1.23  -0.13     2.73
  SINCE SEP 1      6.86                      7.18  -0.32     8.11
  SINCE JAN 1     31.68                     26.76   4.92    31.72

SNOWFALL (IN)
  TODAY            0.0           4.1  1965   0.4   -0.4       T
  MONTH TO DATE    7.3                       7.0    0.3      0.5
  SINCE SEP 1      7.3                       7.8   -0.5      0.7
  SINCE JUL 1      7.3                       7.8   -0.5      0.7
  SNOW DEPTH       1

DEGREE DAYS
 HEATING
  TODAY           31                        41    -10       37
  MONTH TO DATE  627                       871   -244      635
  SINCE SEP 1   1237                      1698   -461     1242
  SINCE JUL 1   1259                      1756   -497     1294

 COOLING
  TODAY            0                         0      0        0
  MONTH TO DATE    0                         0      0        0
  SINCE SEP 1     28                        36     -8      106
  SINCE JAN 1    506                       465     41      492
..................................................................


WIND (MPH)
  HIGHEST WIND SPEED     8   HIGHEST WIND DIRECTION    SE (130)
  HIGHEST GUST SPEED    11   HIGHEST GUST DIRECTION     E (110)
  AVERAGE WIND SPEED     4.1


SKY COVER
  POSSIBLE SUNSHINE  MM
  AVERAGE SKY COVER 0.7


WEATHER CONDITIONS
 THE FOLLOWING WEATHER WAS RECORDED TODAY.
  FOG
  FOG W/VISIBILITY <= 1/4 MILE


RELATIVE HUMIDITY (PERCENT)
 HIGHEST   100          1200 AM
 LOWEST     85           100 PM
 AVERAGE    93

..........................................................


THE ST CLOUD MN CLIMATE NORMALS FOR TOMORROW
                         NORMAL    RECORD    YEAR
 MAXIMUM TEMPERATURE (F)   32        58      1998
 MINIMUM TEMPERATURE (F)   15       -13      1940


SUNRISE AND SUNSET
NOVEMBER 26 2016......SUNRISE   731 AM CST   SUNSET   436 PM CST
NOVEMBER 27 2016......SUNRISE   732 AM CST   SUNSET   436 PM CST


-  INDICATES NEGATIVE NUMBERS.
R  INDICATES RECORD WAS SET OR TIED.
MM INDICATES DATA IS MISSING.
T  INDICATES TRACE AMOUNT.




$$
