000
CDUS43 KMPX 120828
CLISTC


CLIMATE REPORT
NATIONAL WEATHER SERVICE CHANHASSEN MN
228 AM CST SUN FEB 12 2017


...................................

...THE ST CLOUD MN CLIMATE SUMMARY FOR FEBRUARY 11 2017...

CLIMATE NORMAL PERIOD 1981 TO 2010
CLIMATE RECORD PERIOD 1893 TO 2017


WEATHER ITEM   OBSERVED TIME   RECORD YEAR NORMAL DEPARTURE LAST
                VALUE   (LST)  VALUE       VALUE  FROM      YEAR
                                                  NORMAL
..................................................................
TEMPERATURE (F)
 YESTERDAY
  MAXIMUM         38    436 PM  48    1987  26     12       15
                                      1918
  MINIMUM         30    930 AM -35    1899   6     24       -5
  AVERAGE         34                        16     18        5

PRECIPITATION (IN)
  YESTERDAY        0.07          0.22 1979   0.02   0.05     0.03
  MONTH TO DATE    0.10                      0.19  -0.09     0.26
  SINCE DEC 1      2.19                      1.66   0.53     1.59
  SINCE JAN 1      0.64                      0.84  -0.20     0.57

SNOWFALL (IN)
  YESTERDAY        T             3.0  1903   0.2   -0.2      2.2
  MONTH TO DATE    0.3                       2.5   -2.2      6.5
  SINCE DEC 1     19.1                      20.5   -1.4     19.3
  SINCE JUL 1     26.4                      29.7   -3.3     25.0
  SNOW DEPTH       T

DEGREE DAYS
 HEATING
  YESTERDAY       31                        49    -18       60
  MONTH TO DATE  521                       559    -38      534
  SINCE DEC 1   3463                      3736   -273     3297
  SINCE JUL 1   4837                      5661   -824     4756

 COOLING
  YESTERDAY        0                         0      0        0
  MONTH TO DATE    0                         0      0        0
  SINCE DEC 1      0                         0      0        0
  SINCE JAN 1      0                         0      0        0
..................................................................


WIND (MPH)
  HIGHEST WIND SPEED    10   HIGHEST WIND DIRECTION     W (270)
  HIGHEST GUST SPEED    13   HIGHEST GUST DIRECTION     W (260)
  AVERAGE WIND SPEED     4.3


SKY COVER
  POSSIBLE SUNSHINE  MM
  AVERAGE SKY COVER 0.4


WEATHER CONDITIONS
 THE FOLLOWING WEATHER WAS RECORDED YESTERDAY.
  LIGHT RAIN
  FOG


RELATIVE HUMIDITY (PERCENT)
 HIGHEST   100          1000 PM
 LOWEST     70          1200 PM
 AVERAGE    85

..........................................................


THE ST CLOUD MN CLIMATE NORMALS FOR TODAY
                         NORMAL    RECORD    YEAR
 MAXIMUM TEMPERATURE (F)   26        52      1990
 MINIMUM TEMPERATURE (F)    6       -27      1988


SUNRISE AND SUNSET
FEBRUARY 12 2017......SUNRISE   722 AM CST   SUNSET   539 PM CST
FEBRUARY 13 2017......SUNRISE   721 AM CST   SUNSET   541 PM CST


-  INDICATES NEGATIVE NUMBERS.
R  INDICATES RECORD WAS SET OR TIED.
MM INDICATES DATA IS MISSING.
T  INDICATES TRACE AMOUNT.




$$
