000
CDUS43 KMPX 110126
CLISTC


CLIMATE REPORT
NATIONAL WEATHER SERVICE CHANHASSEN MN
726 PM CST SAT FEB 10 2018


...................................

...THE ST CLOUD MN CLIMATE SUMMARY FOR FEBRUARY 10 2018...
VALID TODAY AS OF 0700 PM LOCAL TIME.

CLIMATE NORMAL PERIOD 1981 TO 2010
CLIMATE RECORD PERIOD 1893 TO 2018


WEATHER ITEM   OBSERVED TIME   RECORD YEAR NORMAL DEPARTURE LAST
                VALUE   (LST)  VALUE       VALUE  FROM      YEAR
                                                  NORMAL
..................................................................
TEMPERATURE (F)
 TODAY
  MAXIMUM         12    418 PM  47    1977  25    -13       46
  MINIMUM        -10    558 AM -28    1899   5    -15       19
  AVERAGE          1                        15    -14       33

PRECIPITATION (IN)
  TODAY            0.00          0.70 2013   0.02  -0.02     0.00
  MONTH TO DATE    0.19                      0.17   0.02     0.03
  SINCE DEC 1      0.81                      1.64  -0.83     2.12
  SINCE JAN 1      0.37                      0.82  -0.45     0.57

SNOWFALL (IN)
  TODAY            0.0           6.7  2013   0.3   -0.3      0.0
  MONTH TO DATE    2.9                       2.3    0.6      0.3
  SINCE DEC 1     12.2                      20.3   -8.1     19.1
  SINCE JUL 1     19.3                      29.5  -10.2     26.4
  SNOW DEPTH       3

DEGREE DAYS
 HEATING
  TODAY           64                        50     14       32
  MONTH TO DATE  647                       510    137      490
  SINCE DEC 1   3785                      3687     98     3432
  SINCE JUL 1   5551                      5612    -61     4806

 COOLING
  TODAY            0                         0      0        0
  MONTH TO DATE    0                         0      0        0
  SINCE DEC 1      0                         0      0        0
  SINCE JAN 1      0                         0      0        0
..................................................................


WIND (MPH)
  HIGHEST WIND SPEED    12   HIGHEST WIND DIRECTION     S (190)
  HIGHEST GUST SPEED    13   HIGHEST GUST DIRECTION    SW (240)
  AVERAGE WIND SPEED     6.5


SKY COVER
  POSSIBLE SUNSHINE  MM
  AVERAGE SKY COVER 0.0


WEATHER CONDITIONS
 THE FOLLOWING WEATHER WAS RECORDED TODAY.
  NO SIGNIFICANT WEATHER WAS OBSERVED.


RELATIVE HUMIDITY (PERCENT)
 HIGHEST    83           500 AM
 LOWEST     58           200 PM
 AVERAGE    71

..........................................................


THE ST CLOUD MN CLIMATE NORMALS FOR TOMORROW
                         NORMAL    RECORD    YEAR
 MAXIMUM TEMPERATURE (F)   26        48      1987
                                             1918
 MINIMUM TEMPERATURE (F)    6       -35      1899


SUNRISE AND SUNSET
FEBRUARY 10 2018......SUNRISE   725 AM CST   SUNSET   536 PM CST
FEBRUARY 11 2018......SUNRISE   724 AM CST   SUNSET   538 PM CST


-  INDICATES NEGATIVE NUMBERS.
R  INDICATES RECORD WAS SET OR TIED.
MM INDICATES DATA IS MISSING.
T  INDICATES TRACE AMOUNT.




$$
