000
CDUS43 KMPX 160625
CLISTC


CLIMATE REPORT
NATIONAL WEATHER SERVICE CHANHASSEN MN
122 AM CDT SUN APR 16 2017


...................................

...THE ST CLOUD MN CLIMATE SUMMARY FOR APRIL 15 2017...

CLIMATE NORMAL PERIOD 1981 TO 2010
CLIMATE RECORD PERIOD 1893 TO 2017


WEATHER ITEM   OBSERVED TIME   RECORD YEAR NORMAL DEPARTURE LAST
                VALUE   (LST)  VALUE       VALUE  FROM      YEAR
                                                  NORMAL
..................................................................
TEMPERATURE (F)
 YESTERDAY
  MAXIMUM         65    314 PM  84    2002  56      9       77
  MINIMUM         45   1159 PM  16    2014  33     12       48
  AVERAGE         55                        44     11       63

PRECIPITATION (IN)
  YESTERDAY        0.31          1.51 2012   0.08   0.23     0.00
  MONTH TO DATE    0.57                      1.14  -0.57     0.18
  SINCE MAR 1      1.24                      2.69  -1.45     1.68
  SINCE JAN 1      2.56                      3.93  -1.37     2.62

SNOWFALL (IN)
  YESTERDAY        0.0           3.3  1991   0.1   -0.1      0.0
  MONTH TO DATE    0.0                       2.0   -2.0      1.6
  SINCE MAR 1      2.0                      10.5   -8.5      4.6
  SINCE JUL 1     30.9                      44.7  -13.8     30.3
  SNOW DEPTH       0

DEGREE DAYS
 HEATING
  YESTERDAY       10                        21    -11        2
  MONTH TO DATE  264                       364   -100      403
  SINCE MAR 1   1324                      1468   -144     1220
  SINCE JUL 1   6680                      7914  -1234     6671

 COOLING
  YESTERDAY        0                         0      0        0
  MONTH TO DATE    0                         0      0        0
  SINCE MAR 1      0                         0      0        0
  SINCE JAN 1      0                         0      0        0
..................................................................


WIND (MPH)
  HIGHEST WIND SPEED    20   HIGHEST WIND DIRECTION    NW (310)
  HIGHEST GUST SPEED    26   HIGHEST GUST DIRECTION     N (10)
  AVERAGE WIND SPEED     5.4


SKY COVER
  POSSIBLE SUNSHINE  MM
  AVERAGE SKY COVER 0.9


WEATHER CONDITIONS
 THE FOLLOWING WEATHER WAS RECORDED YESTERDAY.
  THUNDERSTORM
  HEAVY RAIN
  RAIN
  LIGHT RAIN
  FOG
  FOG W/VISIBILITY <= 1/4 MILE


RELATIVE HUMIDITY (PERCENT)
 HIGHEST   100           300 AM
 LOWEST     67           300 PM
 AVERAGE    84

..........................................................


THE ST CLOUD MN CLIMATE NORMALS FOR TODAY
                         NORMAL    RECORD    YEAR
 MAXIMUM TEMPERATURE (F)   57        86      1913
 MINIMUM TEMPERATURE (F)   33        16      1907


SUNRISE AND SUNSET
APRIL 16 2017.........SUNRISE   628 AM CDT   SUNSET   804 PM CDT
APRIL 17 2017.........SUNRISE   627 AM CDT   SUNSET   806 PM CDT


-  INDICATES NEGATIVE NUMBERS.
R  INDICATES RECORD WAS SET OR TIED.
MM INDICATES DATA IS MISSING.
T  INDICATES TRACE AMOUNT.




$$
