000
CDUS43 KMPX 160730
CLISTC


CLIMATE REPORT
NATIONAL WEATHER SERVICE CHANHASSEN MN
230 AM CDT SAT APR 16 2016


...................................

...THE ST CLOUD MN CLIMATE SUMMARY FOR APRIL 15 2016...

CLIMATE NORMAL PERIOD 1981 TO 2010
CLIMATE RECORD PERIOD 1893 TO 2016


WEATHER ITEM   OBSERVED TIME   RECORD YEAR NORMAL DEPARTURE LAST
                VALUE   (LST)  VALUE       VALUE  FROM      YEAR
                                                  NORMAL
..................................................................
TEMPERATURE (F)
 YESTERDAY
  MAXIMUM         77    247 PM  84    2002  56     21       69
  MINIMUM         48    557 AM  16    2014  33     15       42
  AVERAGE         63                        44     19       56

PRECIPITATION (IN)
  YESTERDAY        0.00          1.51 2012   0.08  -0.08     0.00
  MONTH TO DATE    0.18                      1.14  -0.96     0.97
  SINCE MAR 1      1.68                      2.69  -1.01     1.35
  SINCE JAN 1      2.62                      3.93  -1.31     1.94

SNOWFALL (IN)
  YESTERDAY        0.0           3.3  1991   0.1   -0.1      0.0
  MONTH TO DATE    1.6                       2.0   -0.4      1.0
  SINCE MAR 1      4.6                      10.5   -5.9      4.3
  SINCE JUL 1     30.3                      44.7  -14.4     31.1
  SNOW DEPTH       0

DEGREE DAYS
 HEATING
  YESTERDAY        2                        21    -19        9
  MONTH TO DATE  403                       364     39      294
  SINCE MAR 1   1220                      1468   -248     1295
  SINCE JUL 1   6671                      7914  -1243     7553

 COOLING
  YESTERDAY        0                         0      0        0
  MONTH TO DATE    0                         0      0        0
  SINCE MAR 1      0                         0      0        0
  SINCE JAN 1      0                         0      0        0
..................................................................


WIND (MPH)
  HIGHEST WIND SPEED    29   HIGHEST WIND DIRECTION     S (170)
  HIGHEST GUST SPEED    37   HIGHEST GUST DIRECTION    SE (150)
  AVERAGE WIND SPEED    15.5


SKY COVER
  POSSIBLE SUNSHINE  MM
  AVERAGE SKY COVER 0.2


WEATHER CONDITIONS
 THE FOLLOWING WEATHER WAS RECORDED YESTERDAY.
  NO SIGNIFICANT WEATHER WAS OBSERVED.


RELATIVE HUMIDITY (PERCENT)
 HIGHEST    50           500 AM
 LOWEST     25           200 PM
 AVERAGE    38

..........................................................


THE ST CLOUD MN CLIMATE NORMALS FOR TODAY
                         NORMAL    RECORD    YEAR
 MAXIMUM TEMPERATURE (F)   57        86      1913
 MINIMUM TEMPERATURE (F)   33        16      1907


SUNRISE AND SUNSET
APRIL 16 2016.........SUNRISE   628 AM CDT   SUNSET   805 PM CDT
APRIL 17 2016.........SUNRISE   626 AM CDT   SUNSET   806 PM CDT


-  INDICATES NEGATIVE NUMBERS.
R  INDICATES RECORD WAS SET OR TIED.
MM INDICATES DATA IS MISSING.
T  INDICATES TRACE AMOUNT.




$$
