000
CDUS43 KMPX 210638
CLISTC


CLIMATE REPORT
NATIONAL WEATHER SERVICE CHANHASSEN MN
1238 AM CST FRI NOV 21 2014


...................................

...THE ST CLOUD MN CLIMATE SUMMARY FOR NOVEMBER 20 2014...

CLIMATE NORMAL PERIOD 1981 TO 2010
CLIMATE RECORD PERIOD 1893 TO 2014


WEATHER ITEM   OBSERVED TIME   RECORD YEAR NORMAL DEPARTURE LAST
                VALUE   (LST)  VALUE       VALUE  FROM      YEAR
                                                  NORMAL
..................................................................
TEMPERATURE (F)
 YESTERDAY
  MAXIMUM         18    251 PM  64    1962  36    -18       46
  MINIMUM         -4   1146 PM -18    1921  19    -23       32
  AVERAGE          7                        28    -21       39

PRECIPITATION (IN)
  YESTERDAY        0.00          1.43 1931   0.04  -0.04     0.00
  MONTH TO DATE    1.63                      0.97   0.66     0.53
  SINCE SEP 1      6.34                      6.92  -0.58     6.74
  SINCE JAN 1     35.71                     26.50   9.21    27.07

SNOWFALL (IN)
  YESTERDAY        0.0          10.9  1975   0.3   -0.3      0.0
  MONTH TO DATE   15.7                       4.8   10.9      2.8
  SINCE SEP 1     15.7                       5.6   10.1      3.6
  SINCE JUL 1     15.7                       5.6   10.1      3.6
  SNOW DEPTH       6

DEGREE DAYS
 HEATING
  YESTERDAY       58                        37     21       26
  MONTH TO DATE  792                       634    158      625
  SINCE SEP 1   1459                      1461     -2     1368
  SINCE JUL 1   1468                      1519    -51     1417

 COOLING
  YESTERDAY        0                         0      0        0
  MONTH TO DATE    0                         0      0        0
  SINCE SEP 1     43                        36      7       74
  SINCE JAN 1    597                       465    132      578
..................................................................


WIND (MPH)
  HIGHEST WIND SPEED    18   HIGHEST WIND DIRECTION    NW (300)
  HIGHEST GUST SPEED    22   HIGHEST GUST DIRECTION    NW (310)
  AVERAGE WIND SPEED     9.0


SKY COVER
  POSSIBLE SUNSHINE  MM
  AVERAGE SKY COVER 0.0


WEATHER CONDITIONS
 THE FOLLOWING WEATHER WAS RECORDED YESTERDAY.
  NO SIGNIFICANT WEATHER WAS OBSERVED.


RELATIVE HUMIDITY (PERCENT)
 HIGHEST    86          1100 PM
 LOWEST     47           400 PM
 AVERAGE    67

..........................................................


THE ST CLOUD MN CLIMATE NORMALS FOR TODAY
                         NORMAL    RECORD    YEAR
 MAXIMUM TEMPERATURE (F)   35        63      1990
 MINIMUM TEMPERATURE (F)   19        -3      2000


SUNRISE AND SUNSET
NOVEMBER 21 2014......SUNRISE   724 AM CST   SUNSET   440 PM CST
NOVEMBER 22 2014......SUNRISE   725 AM CST   SUNSET   440 PM CST


-  INDICATES NEGATIVE NUMBERS.
R  INDICATES RECORD WAS SET OR TIED.
MM INDICATES DATA IS MISSING.
T  INDICATES TRACE AMOUNT.




$$
