000
CDUS43 KMPX 272343
CLISTC


CLIMATE REPORT
NATIONAL WEATHER SERVICE CHANHASSEN MN
543 PM CST SUN NOV 27 2016


...................................

...THE ST CLOUD MN CLIMATE SUMMARY FOR NOVEMBER 27 2016...
VALID AS OF 0500 PM LOCAL TIME.

CLIMATE NORMAL PERIOD 1981 TO 2010
CLIMATE RECORD PERIOD 1893 TO 2016


WEATHER ITEM   OBSERVED TIME   RECORD YEAR NORMAL DEPARTURE LAST
                VALUE   (LST)  VALUE       VALUE  FROM      YEAR
                                                  NORMAL
..................................................................
TEMPERATURE (F)
 TODAY
  MAXIMUM         34    359 PM  58    1998  32      2       27
  MINIMUM         28    447 AM -13    1940  15     13       11
  AVERAGE         31                        24      7       19

PRECIPITATION (IN)
  TODAY            0.00          0.41 1994   0.04  -0.04     0.00
  MONTH TO DATE    1.10                      1.27  -0.17     2.73
  SINCE SEP 1      6.86                      7.22  -0.36     8.11
  SINCE JAN 1     31.68                     26.80   4.88    31.72

SNOWFALL (IN)
  TODAY            0.0           9.2  2001   0.3   -0.3      0.0
  MONTH TO DATE    7.3                       7.3    0.0      0.5
  SINCE SEP 1      7.3                       8.1   -0.8      0.7
  SINCE JUL 1      7.3                       8.1   -0.8      0.7
  SNOW DEPTH       1

DEGREE DAYS
 HEATING
  TODAY           34                        41     -7       46
  MONTH TO DATE  663                       912   -249      681
  SINCE SEP 1   1273                      1739   -466     1288
  SINCE JUL 1   1295                      1797   -502     1340

 COOLING
  TODAY            0                         0      0        0
  MONTH TO DATE    0                         0      0        0
  SINCE SEP 1     28                        36     -8      106
  SINCE JAN 1    506                       465     41      492
..................................................................


WIND (MPH)
  HIGHEST WIND SPEED    12   HIGHEST WIND DIRECTION     E (90)
  HIGHEST GUST SPEED    18   HIGHEST GUST DIRECTION     E (80)
  AVERAGE WIND SPEED     6.8


SKY COVER
  POSSIBLE SUNSHINE  MM
  AVERAGE SKY COVER 1.0


WEATHER CONDITIONS
 THE FOLLOWING WEATHER WAS RECORDED TODAY.
  FOG
  FOG W/VISIBILITY <= 1/4 MILE


RELATIVE HUMIDITY (PERCENT)
 HIGHEST   100          1200 AM
 LOWEST    100          1200 AM
 AVERAGE   100

..........................................................


THE ST CLOUD MN CLIMATE NORMALS FOR TOMORROW
                         NORMAL    RECORD    YEAR
 MAXIMUM TEMPERATURE (F)   31        54      1899
 MINIMUM TEMPERATURE (F)   15       -14      1897


SUNRISE AND SUNSET
NOVEMBER 27 2016......SUNRISE   732 AM CST   SUNSET   436 PM CST
NOVEMBER 28 2016......SUNRISE   733 AM CST   SUNSET   435 PM CST


-  INDICATES NEGATIVE NUMBERS.
R  INDICATES RECORD WAS SET OR TIED.
MM INDICATES DATA IS MISSING.
T  INDICATES TRACE AMOUNT.




$$
