000
CDUS43 KMPX 061013
CLISTC


CLIMATE REPORT
NATIONAL WEATHER SERVICE CHANHASSEN MN
512 AM CDT THU JUL 6 2017


...................................

...THE ST CLOUD MN CLIMATE SUMMARY FOR JULY 5 2017...

CLIMATE NORMAL PERIOD 1981 TO 2010
CLIMATE RECORD PERIOD 1893 TO 2017


WEATHER ITEM   OBSERVED TIME   RECORD YEAR NORMAL DEPARTURE LAST
                VALUE   (LST)  VALUE       VALUE  FROM      YEAR
                                                  NORMAL
..................................................................
TEMPERATURE (F)
 YESTERDAY
  MAXIMUM         89    436 PM  98    1988  82      7       84
  MINIMUM         65    240 AM  43    1972  58      7       64
                                      1967
  AVERAGE         77                        70      7       74

PRECIPITATION (IN)
  YESTERDAY        0.08          1.95 1949   0.12  -0.04     0.29
  MONTH TO DATE    0.08                      0.59  -0.51     0.29
  SINCE JUN 1      3.66                      4.76  -1.10     3.66
  SINCE JAN 1     13.36                     13.07   0.29    10.01

SNOWFALL (IN)
  YESTERDAY        0.0           0.0    MM   0.0    0.0      0.0
  MONTH TO DATE    0.0                       0.0    0.0      0.0
  SINCE JUN 1      0.0                       0.0    0.0      0.0
  SINCE JUL 1      0.0                       0.0    0.0      0.0
  SNOW DEPTH       0

DEGREE DAYS
 HEATING
  YESTERDAY        0                         1     -1        0
  MONTH TO DATE    0                         5     -5        6
  SINCE JUN 1     41                        83    -42       39
  SINCE JUL 1      0                         5     -5        6

 COOLING
  YESTERDAY       12                         6      6        9
  MONTH TO DATE   25                        29     -4       15
  SINCE JUN 1    109                       124    -15      123
  SINCE JAN 1    112                       149    -37      154
..................................................................


WIND (MPH)
  HIGHEST WIND SPEED    14   HIGHEST WIND DIRECTION     S (190)
  HIGHEST GUST SPEED    25   HIGHEST GUST DIRECTION    NW (300)
  AVERAGE WIND SPEED     5.9


SKY COVER
  POSSIBLE SUNSHINE  MM
  AVERAGE SKY COVER 0.1


WEATHER CONDITIONS
 THE FOLLOWING WEATHER WAS RECORDED YESTERDAY.
  LIGHT RAIN
  FOG


RELATIVE HUMIDITY (PERCENT)
 HIGHEST    94           900 PM
 LOWEST     52           400 PM
 AVERAGE    73

..........................................................


THE ST CLOUD MN CLIMATE NORMALS FOR TODAY
                         NORMAL    RECORD    YEAR
 MAXIMUM TEMPERATURE (F)   82       105      1936
 MINIMUM TEMPERATURE (F)   58        41      1942


SUNRISE AND SUNSET
JULY  6 2017..........SUNRISE   535 AM CDT   SUNSET   907 PM CDT
JULY  7 2017..........SUNRISE   535 AM CDT   SUNSET   907 PM CDT


-  INDICATES NEGATIVE NUMBERS.
R  INDICATES RECORD WAS SET OR TIED.
MM INDICATES DATA IS MISSING.
T  INDICATES TRACE AMOUNT.




$$
