000
CDUS43 KMPX 070023
CLISTC


CLIMATE REPORT
NATIONAL WEATHER SERVICE CHANHASSEN MN
722 PM CDT THU JUL 6 2017


...................................

...THE ST CLOUD MN CLIMATE SUMMARY FOR JULY 6 2017...
VALID TODAY AS OF 0700 PM LOCAL TIME.

CLIMATE NORMAL PERIOD 1981 TO 2010
CLIMATE RECORD PERIOD 1893 TO 2017


WEATHER ITEM   OBSERVED TIME   RECORD YEAR NORMAL DEPARTURE LAST
                VALUE   (LST)  VALUE       VALUE  FROM      YEAR
                                                  NORMAL
..................................................................
TEMPERATURE (F)
 TODAY
  MAXIMUM         90    408 PM 105    1936  82      8       85
  MINIMUM         71    814 AM  41    1942  58     13       61
  AVERAGE         81                        70     11       73

PRECIPITATION (IN)
  TODAY            T             4.05 1897   0.11  -0.11     0.00
  MONTH TO DATE    0.08                      0.70  -0.62     0.29
  SINCE JUN 1      3.66                      4.87  -1.21     3.66
  SINCE JAN 1     13.36                     13.18   0.18    10.01

SNOWFALL (IN)
  TODAY            0.0           0.0    MM   0.0    0.0      0.0
  MONTH TO DATE    0.0                       0.0    0.0      0.0
  SINCE JUN 1      0.0                       0.0    0.0      0.0
  SINCE JUL 1      0.0                       0.0    0.0      0.0
  SNOW DEPTH       0

DEGREE DAYS
 HEATING
  TODAY            0                         1     -1        0
  MONTH TO DATE    0                         6     -6        6
  SINCE JUN 1     41                        84    -43       39
  SINCE JUL 1      0                         6     -6        6

 COOLING
  TODAY           16                         6     10        8
  MONTH TO DATE   41                        35      6       23
  SINCE JUN 1    125                       130     -5      131
  SINCE JAN 1    128                       155    -27      162
..................................................................


WIND (MPH)
  HIGHEST WIND SPEED    17   HIGHEST WIND DIRECTION    NW (310)
  HIGHEST GUST SPEED    21   HIGHEST GUST DIRECTION    NW (300)
  AVERAGE WIND SPEED     6.8


SKY COVER
  POSSIBLE SUNSHINE  MM
  AVERAGE SKY COVER 0.1


WEATHER CONDITIONS
 THE FOLLOWING WEATHER WAS RECORDED TODAY.
  NO SIGNIFICANT WEATHER WAS OBSERVED.


RELATIVE HUMIDITY (PERCENT)
 HIGHEST    90           100 AM
 LOWEST     44           100 PM
 AVERAGE    67

..........................................................


THE ST CLOUD MN CLIMATE NORMALS FOR TOMORROW
                         NORMAL    RECORD    YEAR
 MAXIMUM TEMPERATURE (F)   82       102      1936
 MINIMUM TEMPERATURE (F)   58        40      1972


SUNRISE AND SUNSET
JULY  6 2017..........SUNRISE   535 AM CDT   SUNSET   907 PM CDT
JULY  7 2017..........SUNRISE   535 AM CDT   SUNSET   907 PM CDT


-  INDICATES NEGATIVE NUMBERS.
R  INDICATES RECORD WAS SET OR TIED.
MM INDICATES DATA IS MISSING.
T  INDICATES TRACE AMOUNT.




$$
