000
CDUS43 KMPX 060026
CLISTC


CLIMATE REPORT
NATIONAL WEATHER SERVICE CHANHASSEN MN
726 PM CDT SAT JUL 5 2014


...................................

...THE ST CLOUD MN CLIMATE SUMMARY FOR JULY 5 2014...
VALID TODAY AS OF 0700 PM LOCAL TIME.

CLIMATE NORMAL PERIOD 1981 TO 2010
CLIMATE RECORD PERIOD 1893 TO 2014


WEATHER ITEM   OBSERVED TIME   RECORD YEAR NORMAL DEPARTURE LAST
                VALUE   (LST)  VALUE       VALUE  FROM      YEAR
                                                  NORMAL
..................................................................
TEMPERATURE (F)
 TODAY
  MAXIMUM         88    453 PM  98    1988  82      6       89
  MINIMUM         68    411 AM  43    1972  58     10       68
                                      1967
  AVERAGE         78                        70      8       79

PRECIPITATION (IN)
  TODAY            0.00          1.95 1949   0.12  -0.12     0.00
  MONTH TO DATE    0.05                      0.59  -0.54     0.00
  SINCE JUN 1      6.23                      4.76   1.47     5.76
  SINCE JAN 1     22.58                     13.07   9.51    18.05

SNOWFALL (IN)
  TODAY            0.0           0.0    MM   0.0    0.0      0.0
  MONTH TO DATE    0.0                       0.0    0.0      0.0
  SINCE JUN 1      0.0                       0.0    0.0      0.0
  SINCE JUL 1      0.0                       0.0    0.0      0.0
  SNOW DEPTH       0

DEGREE DAYS
 HEATING
  TODAY            0                         1     -1        0
  MONTH TO DATE    0                         5     -5        0
  SINCE JUN 1     26                        83    -57       87
  SINCE JUL 1      0                         5     -5        0

 COOLING
  TODAY           13                         6      7       14
  MONTH TO DATE   18                        29    -11       35
  SINCE JUN 1    151                       124     27      134
  SINCE JAN 1    195                       149     46      145
..................................................................


WIND (MPH)
  HIGHEST WIND SPEED    22   HIGHEST WIND DIRECTION     S (200)
  HIGHEST GUST SPEED    29   HIGHEST GUST DIRECTION    SW (220)
  AVERAGE WIND SPEED    13.3


SKY COVER
  POSSIBLE SUNSHINE  MM
  AVERAGE SKY COVER 0.2


WEATHER CONDITIONS
 THE FOLLOWING WEATHER WAS RECORDED TODAY.
  NO SIGNIFICANT WEATHER WAS OBSERVED.


RELATIVE HUMIDITY (PERCENT)
 HIGHEST    76           300 AM
 LOWEST     46           300 PM
 AVERAGE    61

..........................................................


THE ST CLOUD MN CLIMATE NORMALS FOR TOMORROW
                         NORMAL    RECORD    YEAR
 MAXIMUM TEMPERATURE (F)   82       105      1936
 MINIMUM TEMPERATURE (F)   58        41      1942


SUNRISE AND SUNSET
JULY  5 2014..........SUNRISE   534 AM CDT   SUNSET   908 PM CDT
JULY  6 2014..........SUNRISE   534 AM CDT   SUNSET   907 PM CDT


-  INDICATES NEGATIVE NUMBERS.
R  INDICATES RECORD WAS SET OR TIED.
MM INDICATES DATA IS MISSING.
T  INDICATES TRACE AMOUNT.




$$
