000
CDUS43 KMPX 050726
CLISTC


CLIMATE REPORT
NATIONAL WEATHER SERVICE CHANHASSEN MN
124 AM CST SUN NOV 5 2017


...................................

...THE ST CLOUD MN CLIMATE SUMMARY FOR NOVEMBER 4 2017...

CLIMATE NORMAL PERIOD 1981 TO 2010
CLIMATE RECORD PERIOD 1893 TO 2017


WEATHER ITEM   OBSERVED TIME   RECORD YEAR NORMAL DEPARTURE LAST
                VALUE   (LST)  VALUE       VALUE  FROM      YEAR
                                                  NORMAL
..................................................................
TEMPERATURE (F)
 YESTERDAY
  MAXIMUM         36   1155 PM  72    1975  46    -10       69
  MINIMUM         30   1203 AM  -9    1991  28      2       32
  AVERAGE         33                        37     -4       51

PRECIPITATION (IN)
  YESTERDAY        0.01          0.63 1993   0.05  -0.04     0.00
  MONTH TO DATE    0.38                      0.20   0.18     0.00
  SINCE SEP 1      8.39                      6.15   2.24     5.76
  SINCE JAN 1     29.32                     25.73   3.59    30.58

SNOWFALL (IN)
  YESTERDAY        0.3           3.4  1993   0.2    0.1      0.0
  MONTH TO DATE    4.6                       0.6    4.0      0.0
  SINCE SEP 1      6.0                       1.4    4.6      0.0
  SINCE JUL 1      6.0                       1.4    4.6      0.0
  SNOW DEPTH       4

DEGREE DAYS
 HEATING
  YESTERDAY       32                        28      4       14
  MONTH TO DATE  138                       108     30       67
  SINCE SEP 1    820                       935   -115      677
  SINCE JUL 1    860                       993   -133      699

 COOLING
  YESTERDAY        0                         0      0        0
  MONTH TO DATE    0                         0      0        0
  SINCE SEP 1     71                        36     35       28
  SINCE JAN 1    361                       465   -104      506
..................................................................


WIND (MPH)
  HIGHEST WIND SPEED    10   HIGHEST WIND DIRECTION    SE (130)
  HIGHEST GUST SPEED    20   HIGHEST GUST DIRECTION    NE (50)
  AVERAGE WIND SPEED     5.7


SKY COVER
  POSSIBLE SUNSHINE  MM
  AVERAGE SKY COVER 1.0


WEATHER CONDITIONS
 THE FOLLOWING WEATHER WAS RECORDED YESTERDAY.
  LIGHT SNOW
  FOG
  FOG W/VISIBILITY <= 1/4 MILE


RELATIVE HUMIDITY (PERCENT)
 HIGHEST   100          1200 AM
 LOWEST     92           300 AM
 AVERAGE    96

..........................................................


THE ST CLOUD MN CLIMATE NORMALS FOR TODAY
                         NORMAL    RECORD    YEAR
 MAXIMUM TEMPERATURE (F)   46        72      2016
                                             1975
 MINIMUM TEMPERATURE (F)   28        -6      1951


SUNRISE AND SUNSET
NOVEMBER  5 2017......SUNRISE   702 AM CST   SUNSET   457 PM CST
NOVEMBER  6 2017......SUNRISE   703 AM CST   SUNSET   456 PM CST


-  INDICATES NEGATIVE NUMBERS.
R  INDICATES RECORD WAS SET OR TIED.
MM INDICATES DATA IS MISSING.
T  INDICATES TRACE AMOUNT.




$$
