000
CDUS43 KMPX 220739
CLISTC


CLIMATE REPORT
NATIONAL WEATHER SERVICE CHANHASSEN MN
238 AM CDT FRI APR 22 2016


...................................

...THE ST CLOUD MN CLIMATE SUMMARY FOR APRIL 21 2016...

CLIMATE NORMAL PERIOD 1981 TO 2010
CLIMATE RECORD PERIOD 1893 TO 2016


WEATHER ITEM   OBSERVED TIME   RECORD YEAR NORMAL DEPARTURE LAST
                VALUE   (LST)  VALUE       VALUE  FROM      YEAR
                                                  NORMAL
..................................................................
TEMPERATURE (F)
 YESTERDAY
  MAXIMUM         69   1212 PM  96    1980  60      9       39
  MINIMUM         48   1159 PM  21    1950  35     13       32
                                      1936
  AVERAGE         59                        47     12       36

PRECIPITATION (IN)
  YESTERDAY        0.03          0.81 1925   0.09  -0.06     0.04
  MONTH TO DATE    0.40                      1.67  -1.27     1.19
  SINCE MAR 1      1.90                      3.22  -1.32     1.57
  SINCE JAN 1      2.84                      4.46  -1.62     2.16

SNOWFALL (IN)
  YESTERDAY        0.0           5.0  2002   0.1   -0.1       T
  MONTH TO DATE    1.6                       2.5   -0.9      1.0
  SINCE MAR 1      4.6                      11.0   -6.4      4.3
  SINCE JUL 1     30.3                      45.2  -14.9     31.1
  SNOW DEPTH       0

DEGREE DAYS
 HEATING
  YESTERDAY        6                        18    -12       29
  MONTH TO DATE  438                       478    -40      388
  SINCE MAR 1   1255                      1582   -327     1389
  SINCE JUL 1   6706                      8028  -1322     7647

 COOLING
  YESTERDAY        0                         0      0        0
  MONTH TO DATE    5                         0      5        0
  SINCE MAR 1      5                         0      5        0
  SINCE JAN 1      5                         0      5        0
..................................................................


WIND (MPH)
  HIGHEST WIND SPEED    23   HIGHEST WIND DIRECTION     N (350)
  HIGHEST GUST SPEED    31   HIGHEST GUST DIRECTION     N (350)
  AVERAGE WIND SPEED     8.6


SKY COVER
  POSSIBLE SUNSHINE  MM
  AVERAGE SKY COVER 0.8


WEATHER CONDITIONS
 THE FOLLOWING WEATHER WAS RECORDED YESTERDAY.
  LIGHT RAIN
  FOG
  HAZE


RELATIVE HUMIDITY (PERCENT)
 HIGHEST   100           300 AM
 LOWEST     48           100 PM
 AVERAGE    74

..........................................................


THE ST CLOUD MN CLIMATE NORMALS FOR TODAY
                         NORMAL    RECORD    YEAR
 MAXIMUM TEMPERATURE (F)   60        86      1913
 MINIMUM TEMPERATURE (F)   36        23      1986
                                             1967
                                             1909


SUNRISE AND SUNSET
APRIL 22 2016.........SUNRISE   618 AM CDT   SUNSET   812 PM CDT
APRIL 23 2016.........SUNRISE   616 AM CDT   SUNSET   814 PM CDT


-  INDICATES NEGATIVE NUMBERS.
R  INDICATES RECORD WAS SET OR TIED.
MM INDICATES DATA IS MISSING.
T  INDICATES TRACE AMOUNT.




$$
