000
CDUS43 KMPX 100138
CLISTC


CLIMATE REPORT
NATIONAL WEATHER SERVICE CHANHASSEN MN
838 PM CDT MON MAY 9 2016


...................................

...THE ST CLOUD MN CLIMATE SUMMARY FOR MAY 9 2016...
VALID TODAY AS OF 0800 PM LOCAL TIME.

CLIMATE NORMAL PERIOD 1981 TO 2010
CLIMATE RECORD PERIOD 1893 TO 2016


WEATHER ITEM   OBSERVED TIME   RECORD YEAR NORMAL DEPARTURE LAST
                VALUE   (LST)  VALUE       VALUE  FROM      YEAR
                                                  NORMAL
..................................................................
TEMPERATURE (F)
 TODAY
  MAXIMUM         69        MM  91    1928  67      2       63
  MINIMUM         49        MM  21    1945  42      7       38
  AVERAGE         59                        54      5       51

PRECIPITATION (IN)
  TODAY            0.12          3.22 1979   0.09   0.03     0.00
  MONTH TO DATE    0.12                      0.86  -0.74     1.02
  SINCE MAR 1      3.36                      4.98  -1.62     3.07
  SINCE JAN 1      4.30                      6.22  -1.92     3.66

SNOWFALL (IN)
  TODAY            0.0           T    1902   0.0    0.0      0.0
                                      1905
                                      1924
  MONTH TO DATE    0.0                       0.0    0.0      0.0
  SINCE MAR 1      4.6                      11.5   -6.9      4.3
  SINCE JUL 1     30.3                      45.7  -15.4     31.1
  SNOW DEPTH       0

DEGREE DAYS
 HEATING
  TODAY            6                        11     -5       14
  MONTH TO DATE   83                       111    -28       65
  SINCE MAR 1   1505                      1832   -327     1617
  SINCE JUL 1   6956                      8278  -1322     7875

 COOLING
  TODAY            0                         1     -1        0
  MONTH TO DATE    8                         1      7        0
  SINCE MAR 1     13                         3     10        0
  SINCE JAN 1     13                         3     10        0
..................................................................


WIND (MPH)
  HIGHEST WIND SPEED    18   HIGHEST WIND DIRECTION    SE (130)
  HIGHEST GUST SPEED    40   HIGHEST GUST DIRECTION    SE (140)
  AVERAGE WIND SPEED    10.4


SKY COVER
  POSSIBLE SUNSHINE  MM
  AVERAGE SKY COVER 0.4


WEATHER CONDITIONS
 THE FOLLOWING WEATHER WAS RECORDED TODAY.
  LIGHT RAIN
  FOG


RELATIVE HUMIDITY (PERCENT)
 HIGHEST    83           600 PM
 LOWEST     29           100 PM
 AVERAGE    56

..........................................................


THE ST CLOUD MN CLIMATE NORMALS FOR TOMORROW
                         NORMAL    RECORD    YEAR
 MAXIMUM TEMPERATURE (F)   67        92      1911
 MINIMUM TEMPERATURE (F)   42        20      1945


SUNRISE AND SUNSET
MAY  9 2016...........SUNRISE   552 AM CDT   SUNSET   834 PM CDT
MAY 10 2016...........SUNRISE   551 AM CDT   SUNSET   835 PM CDT


-  INDICATES NEGATIVE NUMBERS.
R  INDICATES RECORD WAS SET OR TIED.
MM INDICATES DATA IS MISSING.
T  INDICATES TRACE AMOUNT.




$$
