000
CDUS43 KMPX 120634
CLISTC


CLIMATE REPORT
NATIONAL WEATHER SERVICE CHANHASSEN MN
132 AM CDT TUE AUG 12 2014


...................................

...THE ST CLOUD MN CLIMATE SUMMARY FOR AUGUST 11 2014...

CLIMATE NORMAL PERIOD 1981 TO 2010
CLIMATE RECORD PERIOD 1893 TO 2014


WEATHER ITEM   OBSERVED TIME   RECORD YEAR NORMAL DEPARTURE LAST
                VALUE   (LST)  VALUE       VALUE  FROM      YEAR
                                                  NORMAL
..................................................................
TEMPERATURE (F)
 YESTERDAY
  MAXIMUM         78    345 PM  98    1947  81     -3       81
  MINIMUM         60   1159 PM  38    1982  57      3       55
  AVERAGE         69                        69      0       68

PRECIPITATION (IN)
  YESTERDAY        0.01          1.60 1963   0.12  -0.11     0.00
  MONTH TO DATE    1.18                      1.24  -0.06     0.58
  SINCE JUN 1      8.61                      8.72  -0.11     7.77
  SINCE JAN 1     24.96                     17.03   7.93    20.06

SNOWFALL (IN)
  YESTERDAY        0.0           0.0    MM   0.0    0.0      0.0
  MONTH TO DATE    0.0                       0.0    0.0      0.0
  SINCE JUN 1      0.0                       0.0    0.0      0.0
  SINCE JUL 1      0.0                       0.0    0.0      0.0
  SNOW DEPTH       0

DEGREE DAYS
 HEATING
  YESTERDAY        0                         1     -1        0
  MONTH TO DATE    0                        11    -11       12
  SINCE JUN 1     33                       106    -73      125
  SINCE JUL 1      7                        28    -21       38

 COOLING
  YESTERDAY        4                         5     -1        3
  MONTH TO DATE   74                        55     19       10
  SINCE JUN 1    382                       332     50      326
  SINCE JAN 1    426                       357     69      337
..................................................................


WIND (MPH)
  HIGHEST WIND SPEED    20   HIGHEST WIND DIRECTION     N (340)
  HIGHEST GUST SPEED    26   HIGHEST GUST DIRECTION     N (360)
  AVERAGE WIND SPEED    10.0


SKY COVER
  POSSIBLE SUNSHINE  MM
  AVERAGE SKY COVER 0.4


WEATHER CONDITIONS
 THE FOLLOWING WEATHER WAS RECORDED YESTERDAY.
  RAIN
  LIGHT RAIN
  FOG


RELATIVE HUMIDITY (PERCENT)
 HIGHEST    93           100 AM
 LOWEST     40           400 PM
 AVERAGE    67

..........................................................


THE ST CLOUD MN CLIMATE NORMALS FOR TODAY
                         NORMAL    RECORD    YEAR
 MAXIMUM TEMPERATURE (F)   81        95      1965
 MINIMUM TEMPERATURE (F)   57        39      1946


SUNRISE AND SUNSET
AUGUST 12 2014........SUNRISE   613 AM CDT   SUNSET   829 PM CDT
AUGUST 13 2014........SUNRISE   614 AM CDT   SUNSET   827 PM CDT


-  INDICATES NEGATIVE NUMBERS.
R  INDICATES RECORD WAS SET OR TIED.
MM INDICATES DATA IS MISSING.
T  INDICATES TRACE AMOUNT.




$$
