000
CDUS43 KMPX 170719
CLISTC


CLIMATE REPORT
NATIONAL WEATHER SERVICE CHANHASSEN MN
218 AM CDT SAT SEP 17 2016


...................................

...THE ST CLOUD MN CLIMATE SUMMARY FOR SEPTEMBER 16 2016...

CLIMATE NORMAL PERIOD 1981 TO 2010
CLIMATE RECORD PERIOD 1893 TO 2016


WEATHER ITEM   OBSERVED TIME   RECORD YEAR NORMAL DEPARTURE LAST
                VALUE   (LST)  VALUE       VALUE  FROM      YEAR
                                                  NORMAL
..................................................................
TEMPERATURE (F)
 YESTERDAY
  MAXIMUM         74    419 PM  94    1948  70      4       84
  MINIMUM         56   1227 AM  29    1943  47      9       66
  AVERAGE         65                        58      7       75

PRECIPITATION (IN)
  YESTERDAY        0.46          3.02 1907   0.11   0.35     0.23
  MONTH TO DATE    1.60                      1.99  -0.39     1.62
  SINCE SEP 1      1.60                      1.99  -0.39     1.62
  SINCE JAN 1     26.42                     21.57   4.85    25.23

SNOWFALL (IN)
  YESTERDAY        0.0           T    1956   0.0    0.0      0.0
  MONTH TO DATE    0.0                       0.0    0.0      0.0
  SINCE SEP 1      0.0                       0.0    0.0      0.0
  SINCE JUL 1      0.0                       0.0    0.0      0.0
  SNOW DEPTH       0

DEGREE DAYS
 HEATING
  YESTERDAY        0                         8     -8        0
  MONTH TO DATE   38                        84    -46       42
  SINCE SEP 1     38                        84    -46       42
  SINCE JUL 1     60                       142    -82       94

 COOLING
  YESTERDAY        0                         1     -1       10
  MONTH TO DATE   26                        26      0       95
  SINCE SEP 1     26                        26      0       95
  SINCE JAN 1    504                       455     49      481
..................................................................


WIND (MPH)
  HIGHEST WIND SPEED    16   HIGHEST WIND DIRECTION     W (270)
  HIGHEST GUST SPEED    24   HIGHEST GUST DIRECTION     W (270)
  AVERAGE WIND SPEED     4.2


SKY COVER
  POSSIBLE SUNSHINE  MM
  AVERAGE SKY COVER 0.8


WEATHER CONDITIONS
 THE FOLLOWING WEATHER WAS RECORDED YESTERDAY.
  THUNDERSTORM
  HEAVY RAIN
  RAIN
  LIGHT RAIN
  FOG
  FOG W/VISIBILITY <= 1/4 MILE


RELATIVE HUMIDITY (PERCENT)
 HIGHEST   100          1200 AM
 LOWEST     68           300 PM
 AVERAGE    84

..........................................................


THE ST CLOUD MN CLIMATE NORMALS FOR TODAY
                         NORMAL    RECORD    YEAR
 MAXIMUM TEMPERATURE (F)   70        92      1955
 MINIMUM TEMPERATURE (F)   46        27      1943


SUNRISE AND SUNSET
SEPTEMBER 17 2016.....SUNRISE   658 AM CDT   SUNSET   722 PM CDT
SEPTEMBER 18 2016.....SUNRISE   659 AM CDT   SUNSET   720 PM CDT


-  INDICATES NEGATIVE NUMBERS.
R  INDICATES RECORD WAS SET OR TIED.
MM INDICATES DATA IS MISSING.
T  INDICATES TRACE AMOUNT.




$$
