000
CDUS43 KMPX 130629
CLISTC


CLIMATE REPORT
NATIONAL WEATHER SERVICE CHANHASSEN MN
1228 AM CST FRI JAN 13 2017


...................................

...THE ST CLOUD MN CLIMATE SUMMARY FOR JANUARY 12 2017...

CLIMATE NORMAL PERIOD 1981 TO 2010
CLIMATE RECORD PERIOD 1893 TO 2017


WEATHER ITEM   OBSERVED TIME   RECORD YEAR NORMAL DEPARTURE LAST
                VALUE   (LST)  VALUE       VALUE  FROM      YEAR
                                                  NORMAL
..................................................................
TEMPERATURE (F)
 YESTERDAY
  MAXIMUM         10   1158 AM  49    1987  21    -11        1
  MINIMUM        -14   1159 PM -40    1912   2    -16      -11
  AVERAGE         -2                        11    -13       -5

PRECIPITATION (IN)
  YESTERDAY        0.00          0.53 2005   0.03  -0.03      T
  MONTH TO DATE    0.43                      0.29   0.14     0.16
  SINCE DEC 1      1.98                      1.11   0.87     1.18
  SINCE JAN 1      0.43                      0.29   0.14     0.16

SNOWFALL (IN)
  YESTERDAY        0.0           6.2  2005   0.3   -0.3       T
  MONTH TO DATE    9.0                       3.6    5.4      1.5
  SINCE DEC 1     17.8                      13.0    4.8      9.7
  SINCE JUL 1     25.1                      22.2    2.9     15.4
  SNOW DEPTH       8

DEGREE DAYS
 HEATING
  YESTERDAY       67                        54     13       70
  MONTH TO DATE  709                       641     68      623
  SINCE DEC 1   2173                      2163     10     1806
  SINCE JUL 1   3547                      4088   -541     3265

 COOLING
  YESTERDAY        0                         0      0        0
  MONTH TO DATE    0                         0      0        0
  SINCE DEC 1      0                         0      0        0
  SINCE JAN 1      0                         0      0        0
..................................................................


WIND (MPH)
  HIGHEST WIND SPEED    26   HIGHEST WIND DIRECTION    NW (300)
  HIGHEST GUST SPEED    35   HIGHEST GUST DIRECTION     W (270)
  AVERAGE WIND SPEED    10.6


SKY COVER
  POSSIBLE SUNSHINE  MM
  AVERAGE SKY COVER 0.3


WEATHER CONDITIONS
 THE FOLLOWING WEATHER WAS RECORDED YESTERDAY.
  HAZE


RELATIVE HUMIDITY (PERCENT)
 HIGHEST    83           800 AM
 LOWEST     55           200 PM
 AVERAGE    69

..........................................................


THE ST CLOUD MN CLIMATE NORMALS FOR TODAY
                         NORMAL    RECORD    YEAR
 MAXIMUM TEMPERATURE (F)   21        47      1980
 MINIMUM TEMPERATURE (F)    2       -35      1916


SUNRISE AND SUNSET
JANUARY 13 2017.......SUNRISE   754 AM CST   SUNSET   457 PM CST
JANUARY 14 2017.......SUNRISE   753 AM CST   SUNSET   458 PM CST


-  INDICATES NEGATIVE NUMBERS.
R  INDICATES RECORD WAS SET OR TIED.
MM INDICATES DATA IS MISSING.
T  INDICATES TRACE AMOUNT.




$$
