000
CDUS43 KMPX 030054
CLISTC


CLIMATE REPORT
NATIONAL WEATHER SERVICE CHANHASSEN MN
654 PM CST SAT DEC 2 2017


...................................

...THE ST CLOUD MN CLIMATE SUMMARY FOR DECEMBER 2 2017...
VALID TODAY AS OF 0600 PM LOCAL TIME.

CLIMATE NORMAL PERIOD 1981 TO 2010
CLIMATE RECORD PERIOD 1893 TO 2017


WEATHER ITEM   OBSERVED TIME   RECORD YEAR NORMAL DEPARTURE LAST
                VALUE   (LST)  VALUE       VALUE  FROM      YEAR
                                                  NORMAL
..................................................................
TEMPERATURE (F)
 TODAY
  MAXIMUM         49    240 PM  60    1982  29     20       30
  MINIMUM         19    727 AM -27    1940  13      6       28
  AVERAGE         34                        21     13       29

PRECIPITATION (IN)
  TODAY            0.00          0.45 1909   0.03  -0.03     0.00
                                      1902
  MONTH TO DATE    0.00                      0.06  -0.06      T
  SINCE DEC 1      0.00                      0.06  -0.06      T
  SINCE JAN 1     29.76                     26.97   2.79    32.27

SNOWFALL (IN)
  TODAY            0.0           4.0  1928   0.3   -0.3      0.0
                                      1902
  MONTH TO DATE    0.0                       0.6   -0.6       T
  SINCE DEC 1      0.0                       0.6   -0.6       T
  SINCE JUL 1      7.1                       9.8   -2.7      7.3
  SNOW DEPTH       0

DEGREE DAYS
 HEATING
  TODAY           31                        44    -13       36
  MONTH TO DATE   64                        88    -24       67
  SINCE DEC 1     64                        88    -24       67
  SINCE JUL 1   1830                      2013   -183     1441

 COOLING
  TODAY            0                         0      0        0
  MONTH TO DATE    0                         0      0        0
  SINCE DEC 1      0                         0      0        0
  SINCE JAN 1    361                       465   -104      506
..................................................................


WIND (MPH)
  HIGHEST WIND SPEED    12   HIGHEST WIND DIRECTION     W (260)
  HIGHEST GUST SPEED    13   HIGHEST GUST DIRECTION     W (250)
  AVERAGE WIND SPEED     2.4


SKY COVER
  POSSIBLE SUNSHINE  MM
  AVERAGE SKY COVER 0.0


WEATHER CONDITIONS
 THE FOLLOWING WEATHER WAS RECORDED TODAY.
  NO SIGNIFICANT WEATHER WAS OBSERVED.


RELATIVE HUMIDITY (PERCENT)
 HIGHEST   100           400 AM
 LOWEST     42           100 PM
 AVERAGE    71

..........................................................


THE ST CLOUD MN CLIMATE NORMALS FOR TOMORROW
                         NORMAL    RECORD    YEAR
 MAXIMUM TEMPERATURE (F)   29        61      1998
 MINIMUM TEMPERATURE (F)   12       -28      1940


SUNRISE AND SUNSET
DECEMBER  2 2017......SUNRISE   738 AM CST   SUNSET   434 PM CST
DECEMBER  3 2017......SUNRISE   739 AM CST   SUNSET   434 PM CST


-  INDICATES NEGATIVE NUMBERS.
R  INDICATES RECORD WAS SET OR TIED.
MM INDICATES DATA IS MISSING.
T  INDICATES TRACE AMOUNT.




$$
