000
CDUS43 KMPX 180051
CLISTC


CLIMATE REPORT
NATIONAL WEATHER SERVICE CHANHASSEN MN
646 PM CST MON NOV 17 2014


...................................

...THE ST CLOUD MN CLIMATE SUMMARY FOR NOVEMBER 17 2014...
VALID TODAY AS OF 0600 PM LOCAL TIME.

CLIMATE NORMAL PERIOD 1981 TO 2010
CLIMATE RECORD PERIOD 1893 TO 2014


WEATHER ITEM   OBSERVED TIME   RECORD YEAR NORMAL DEPARTURE LAST
                VALUE   (LST)  VALUE       VALUE  FROM      YEAR
                                                  NORMAL
..................................................................
TEMPERATURE (F)
 TODAY
  MAXIMUM         18    313 PM  69    1953  38    -20       43
  MINIMUM          6    742 AM  -6    1959  21    -15       29
  AVERAGE         12                        30    -18       36

PRECIPITATION (IN)
  TODAY            T             0.90 1918   0.05  -0.05     0.00
  MONTH TO DATE    1.61                      0.84   0.77     0.53
  SINCE SEP 1      6.32                      6.79  -0.47     6.74
  SINCE JAN 1     35.69                     26.37   9.32    27.07

SNOWFALL (IN)
  TODAY            T             6.0  1911   0.3   -0.3      0.0
  MONTH TO DATE   14.3                       3.8   10.5      2.8
  SINCE SEP 1     14.3                       4.6    9.7      3.6
  SINCE JUL 1     14.3                       4.6    9.7      3.6
  SNOW DEPTH       7

DEGREE DAYS
 HEATING
  TODAY           53                        36     17       29
  MONTH TO DATE  635                       524    111      526
  SINCE SEP 1   1302                      1351    -49     1269
  SINCE JUL 1   1311                      1409    -98     1318

 COOLING
  TODAY            0                         0      0        0
  MONTH TO DATE    0                         0      0        0
  SINCE SEP 1     43                        36      7       74
  SINCE JAN 1    597                       465    132      578
..................................................................


WIND (MPH)
  HIGHEST WIND SPEED    28   HIGHEST WIND DIRECTION    NW (300)
  HIGHEST GUST SPEED    35   HIGHEST GUST DIRECTION    NW (300)
  AVERAGE WIND SPEED    17.6


SKY COVER
  POSSIBLE SUNSHINE  MM
  AVERAGE SKY COVER 0.3


WEATHER CONDITIONS
 THE FOLLOWING WEATHER WAS RECORDED TODAY.
  NO SIGNIFICANT WEATHER WAS OBSERVED.


RELATIVE HUMIDITY (PERCENT)
 HIGHEST    76           400 AM
 LOWEST     56           300 PM
 AVERAGE    66

..........................................................


THE ST CLOUD MN CLIMATE NORMALS FOR TOMORROW
                         NORMAL    RECORD    YEAR
 MAXIMUM TEMPERATURE (F)   37        65      1904
 MINIMUM TEMPERATURE (F)   20        -7      1932


SUNRISE AND SUNSET
NOVEMBER 17 2014......SUNRISE   718 AM CST   SUNSET   444 PM CST
NOVEMBER 18 2014......SUNRISE   720 AM CST   SUNSET   443 PM CST


-  INDICATES NEGATIVE NUMBERS.
R  INDICATES RECORD WAS SET OR TIED.
MM INDICATES DATA IS MISSING.
T  INDICATES TRACE AMOUNT.




$$
