000
CDUS43 KMPX 110129
CLISTC


CLIMATE REPORT
NATIONAL WEATHER SERVICE CHANHASSEN MN
829 PM CDT WED AUG 10 2016


...................................

...THE ST CLOUD MN CLIMATE SUMMARY FOR AUGUST 10 2016...
VALID TODAY AS OF 0800 PM LOCAL TIME.

CLIMATE NORMAL PERIOD 1981 TO 2010
CLIMATE RECORD PERIOD 1893 TO 2016


WEATHER ITEM   OBSERVED TIME   RECORD YEAR NORMAL DEPARTURE LAST
                VALUE   (LST)  VALUE       VALUE  FROM      YEAR
                                                  NORMAL
..................................................................
TEMPERATURE (F)
 TODAY
  MAXIMUM         MM        MM 103    1947  81     MM       80
  MINIMUM         MM        MM  43    1967  57     MM       61
  AVERAGE         MM                        69     MM       71

PRECIPITATION (IN)
  TODAY            0.42          1.19 1958   0.11   0.31     0.00
  MONTH TO DATE    0.51                      1.12  -0.61     0.96
  SINCE JUN 1     10.62                      8.60   2.02    12.80
  SINCE JAN 1     16.97                     16.91   0.06    21.47

SNOWFALL (IN)
  TODAY            0.0           0.0    MM   0.0    0.0      0.0
  MONTH TO DATE    0.0                       0.0    0.0      0.0
  SINCE JUN 1      0.0                       0.0    0.0      0.0
  SINCE JUL 1      0.0                       0.0    0.0      0.0
  SNOW DEPTH       0

DEGREE DAYS
 HEATING
  TODAY           MM                         1     MM        0
  MONTH TO DATE    0                        10    -10        0
  SINCE JUN 1     40                       105    -65       40
  SINCE JUL 1      7                        27    -20       12

 COOLING
  TODAY           MM                         5     MM        6
  MONTH TO DATE   67                        50     17       42
  SINCE JUN 1    357                       327     30      311
  SINCE JAN 1    388                       352     36      316
..................................................................


WIND (MPH)
  HIGHEST WIND SPEED    17   HIGHEST WIND DIRECTION    SE (150)
  HIGHEST GUST SPEED    25   HIGHEST GUST DIRECTION    SE (150)
  AVERAGE WIND SPEED     8.6


SKY COVER
  POSSIBLE SUNSHINE  MM
  AVERAGE SKY COVER 0.4


WEATHER CONDITIONS
 THE FOLLOWING WEATHER WAS RECORDED TODAY.
  THUNDERSTORM
  HEAVY RAIN
  LIGHT RAIN
  FOG


RELATIVE HUMIDITY (PERCENT)
 HIGHEST   100          1200 AM
 LOWEST     63           200 PM
 AVERAGE    82

..........................................................


THE ST CLOUD MN CLIMATE NORMALS FOR TOMORROW
                         NORMAL    RECORD    YEAR
 MAXIMUM TEMPERATURE (F)   81        98      1947
 MINIMUM TEMPERATURE (F)   57        38      1982


SUNRISE AND SUNSET
AUGUST 10 2016........SUNRISE   611 AM CDT   SUNSET   831 PM CDT
AUGUST 11 2016........SUNRISE   613 AM CDT   SUNSET   829 PM CDT


-  INDICATES NEGATIVE NUMBERS.
R  INDICATES RECORD WAS SET OR TIED.
MM INDICATES DATA IS MISSING.
T  INDICATES TRACE AMOUNT.




$$
