000
CDUS43 KMPX 200642
CLISTC


CLIMATE REPORT
NATIONAL WEATHER SERVICE CHANHASSEN MN
1240 AM CST SUN NOV 20 2016


...................................

...THE ST CLOUD MN CLIMATE SUMMARY FOR NOVEMBER 19 2016...

CLIMATE NORMAL PERIOD 1981 TO 2010
CLIMATE RECORD PERIOD 1893 TO 2016


WEATHER ITEM   OBSERVED TIME   RECORD YEAR NORMAL DEPARTURE LAST
                VALUE   (LST)  VALUE       VALUE  FROM      YEAR
                                                  NORMAL
..................................................................
TEMPERATURE (F)
 YESTERDAY
  MAXIMUM         30   1239 AM  59    1924  37     -7       33
  MINIMUM         14    834 PM  -6    1911  20     -6       25
  AVERAGE         22                        28     -6       29

PRECIPITATION (IN)
  YESTERDAY        T             0.96 1930   0.05  -0.05     0.03
  MONTH TO DATE    0.67                      0.93  -0.26     2.73
  SINCE SEP 1      6.43                      6.88  -0.45     8.11
  SINCE JAN 1     31.25                     26.46   4.79    31.72

SNOWFALL (IN)
  YESTERDAY        T             3.8  2011   0.4   -0.4      0.5
  MONTH TO DATE    4.1                       4.5   -0.4      0.5
  SINCE SEP 1      4.1                       5.3   -1.2      0.7
  SINCE JUL 1      4.1                       5.3   -1.2      0.7
  SNOW DEPTH       3

DEGREE DAYS
 HEATING
  YESTERDAY       43                        37      6       36
  MONTH TO DATE  384                       597   -213      378
  SINCE SEP 1    994                      1424   -430      985
  SINCE JUL 1   1016                      1482   -466     1037

 COOLING
  YESTERDAY        0                         0      0        0
  MONTH TO DATE    0                         0      0        0
  SINCE SEP 1     28                        36     -8      106
  SINCE JAN 1    506                       465     41      492
..................................................................


WIND (MPH)
  HIGHEST WIND SPEED    25   HIGHEST WIND DIRECTION    NW (330)
  HIGHEST GUST SPEED    37   HIGHEST GUST DIRECTION    NW (330)
  AVERAGE WIND SPEED    12.2


SKY COVER
  POSSIBLE SUNSHINE  MM
  AVERAGE SKY COVER 0.5


WEATHER CONDITIONS
 THE FOLLOWING WEATHER WAS RECORDED YESTERDAY.
  SNOW


RELATIVE HUMIDITY (PERCENT)
 HIGHEST    92          1100 PM
 LOWEST     68          1200 PM
 AVERAGE    80

..........................................................


THE ST CLOUD MN CLIMATE NORMALS FOR TODAY
                         NORMAL    RECORD    YEAR
 MAXIMUM TEMPERATURE (F)   36        64      1962
 MINIMUM TEMPERATURE (F)   19       -18      1921


SUNRISE AND SUNSET
NOVEMBER 20 2016......SUNRISE   723 AM CST   SUNSET   441 PM CST
NOVEMBER 21 2016......SUNRISE   724 AM CST   SUNSET   440 PM CST


-  INDICATES NEGATIVE NUMBERS.
R  INDICATES RECORD WAS SET OR TIED.
MM INDICATES DATA IS MISSING.
T  INDICATES TRACE AMOUNT.




$$
