000
CDUS43 KMPX 260637
CLISTC


CLIMATE REPORT
NATIONAL WEATHER SERVICE CHANHASSEN MN
1236 AM CST THU FEB 26 2015


...................................

...THE ST CLOUD MN CLIMATE SUMMARY FOR FEBRUARY 25 2015...

CLIMATE NORMAL PERIOD 1981 TO 2010
CLIMATE RECORD PERIOD 1893 TO 2015


WEATHER ITEM   OBSERVED TIME   RECORD YEAR NORMAL DEPARTURE LAST
                VALUE   (LST)  VALUE       VALUE  FROM      YEAR
                                                  NORMAL
..................................................................
TEMPERATURE (F)
 YESTERDAY
  MAXIMUM         13    454 PM  54    1958  30    -17        4
  MINIMUM          0   1158 PM -30    1940  12    -12      -10
  AVERAGE          7                        21    -14       -3

PRECIPITATION (IN)
  YESTERDAY        T             0.70 1899   0.03  -0.03     0.00
  MONTH TO DATE    0.35                      0.50  -0.15     1.17
  SINCE DEC 1      1.34                      1.97  -0.63     4.28
  SINCE JAN 1      0.59                      1.15  -0.56     2.51

SNOWFALL (IN)
  YESTERDAY        T             5.8  2001   0.3   -0.3      0.0
  MONTH TO DATE    4.0                       6.1   -2.1     13.5
  SINCE DEC 1      9.0                      24.1  -15.1     50.7
  SINCE JUL 1     26.6                      33.3   -6.7     54.3
  SNOW DEPTH       1

DEGREE DAYS
 HEATING
  YESTERDAY       58                        44     14       68
  MONTH TO DATE 1388                      1213    175     1460
  SINCE DEC 1   4145                      4390   -245     5137
  SINCE JUL 1   6077                      6315   -238     7010

 COOLING
  YESTERDAY        0                         0      0        0
  MONTH TO DATE    0                         0      0        0
  SINCE DEC 1      0                         0      0        0
  SINCE JAN 1      0                         0      0        0
..................................................................


WIND (MPH)
  HIGHEST WIND SPEED    16   HIGHEST WIND DIRECTION     N (360)
  HIGHEST GUST SPEED    21   HIGHEST GUST DIRECTION     N (360)
  AVERAGE WIND SPEED     9.2


SKY COVER
  POSSIBLE SUNSHINE  MM
  AVERAGE SKY COVER 0.6


WEATHER CONDITIONS
 THE FOLLOWING WEATHER WAS RECORDED YESTERDAY.
  HAZE


RELATIVE HUMIDITY (PERCENT)
 HIGHEST    69           500 AM
 LOWEST     48           500 PM
 AVERAGE    59

..........................................................


THE ST CLOUD MN CLIMATE NORMALS FOR TODAY
                         NORMAL    RECORD    YEAR
 MAXIMUM TEMPERATURE (F)   31        55      1958
 MINIMUM TEMPERATURE (F)   12       -29      1940


SUNRISE AND SUNSET
FEBRUARY 26 2015......SUNRISE   700 AM CST   SUNSET   559 PM CST
FEBRUARY 27 2015......SUNRISE   659 AM CST   SUNSET   600 PM CST


-  INDICATES NEGATIVE NUMBERS.
R  INDICATES RECORD WAS SET OR TIED.
MM INDICATES DATA IS MISSING.
T  INDICATES TRACE AMOUNT.




$$
