000
CDUS43 KMPX 192122
CLISTC


CLIMATE REPORT
NATIONAL WEATHER SERVICE CHANHASSEN MN
421 PM CDT TUE APR 19 2016


...................................

...THE ST CLOUD MN CLIMATE SUMMARY FOR APRIL 19 2016...
VALID AS OF 0400 PM LOCAL TIME.

CLIMATE NORMAL PERIOD 1981 TO 2010
CLIMATE RECORD PERIOD 1893 TO 2016


WEATHER ITEM   OBSERVED TIME   RECORD YEAR NORMAL DEPARTURE LAST
                VALUE   (LST)  VALUE       VALUE  FROM      YEAR
                                                  NORMAL
..................................................................
TEMPERATURE (F)
 TODAY
  MAXIMUM         50    259 PM  87    1987  59     -9       54
  MINIMUM         42    800 AM  15    1897  34      8       42
  AVERAGE         46                        46      0       48

PRECIPITATION (IN)
  TODAY            0.08          1.37 1970   0.08   0.00     0.16
  MONTH TO DATE    0.35                      1.49  -1.14     1.15
  SINCE MAR 1      1.85                      3.04  -1.19     1.53
  SINCE JAN 1      2.79                      4.28  -1.49     2.12

SNOWFALL (IN)
  TODAY            0.0           1.2  1914   0.1   -0.1      0.0
  MONTH TO DATE    1.6                       2.3   -0.7      1.0
  SINCE MAR 1      4.6                      10.8   -6.2      4.3
  SINCE JUL 1     30.3                      45.0  -14.7     31.1
  SNOW DEPTH       0

DEGREE DAYS
 HEATING
  TODAY           19                        19      0       17
  MONTH TO DATE  429                       442    -13      332
  SINCE MAR 1   1246                      1546   -300     1333
  SINCE JUL 1   6697                      7992  -1295     7591

 COOLING
  TODAY            0                         0      0        0
  MONTH TO DATE    5                         0      5        0
  SINCE MAR 1      5                         0      5        0
  SINCE JAN 1      5                         0      5        0
..................................................................


WIND (MPH)
  HIGHEST WIND SPEED    14   HIGHEST WIND DIRECTION     E (70)
  HIGHEST GUST SPEED    20   HIGHEST GUST DIRECTION     E (70)
  AVERAGE WIND SPEED     8.3


SKY COVER
  POSSIBLE SUNSHINE  MM
  AVERAGE SKY COVER 1.0


WEATHER CONDITIONS
 THE FOLLOWING WEATHER WAS RECORDED TODAY.
  LIGHT RAIN
  FOG


RELATIVE HUMIDITY (PERCENT)
 HIGHEST    96           900 AM
 LOWEST     83          1200 AM
 AVERAGE    90

..........................................................


THE ST CLOUD MN CLIMATE NORMALS FOR TOMORROW
                         NORMAL    RECORD    YEAR
 MAXIMUM TEMPERATURE (F)   59        84      1980
 MINIMUM TEMPERATURE (F)   35        16      2013


SUNRISE AND SUNSET
APRIL 19 2016.........SUNRISE   623 AM CDT   SUNSET   808 PM CDT
APRIL 20 2016.........SUNRISE   621 AM CDT   SUNSET   810 PM CDT


-  INDICATES NEGATIVE NUMBERS.
R  INDICATES RECORD WAS SET OR TIED.
MM INDICATES DATA IS MISSING.
T  INDICATES TRACE AMOUNT.




$$
