537
CDUS43 KMPX 110630
CLISTC


CLIMATE REPORT
NATIONAL WEATHER SERVICE CHANHASSEN MN
1229 AM CST SAT NOV 11 2017


...................................

...THE ST CLOUD MN CLIMATE SUMMARY FOR NOVEMBER 10 2017...

CLIMATE NORMAL PERIOD 1981 TO 2010
CLIMATE RECORD PERIOD 1893 TO 2017


WEATHER ITEM   OBSERVED TIME   RECORD YEAR NORMAL DEPARTURE LAST
                VALUE   (LST)  VALUE       VALUE  FROM      YEAR
                                                  NORMAL
..................................................................
TEMPERATURE (F)
 YESTERDAY
  MAXIMUM         22   1159 PM  68    1909  42    -20       66
  MINIMUM          5    304 AM  -1    1979  25    -20       39
  AVERAGE         14                        34    -20       53

PRECIPITATION (IN)
  YESTERDAY        0.09          1.24 2014   0.05   0.04     0.00
  MONTH TO DATE    0.80                      0.50   0.30     0.00
  SINCE SEP 1      8.81                      6.45   2.36     5.76
  SINCE JAN 1     29.74                     26.03   3.71    30.58

SNOWFALL (IN)
  YESTERDAY        1.1          13.2  2014   0.2    0.9      0.0
  MONTH TO DATE    5.7                       1.7    4.0      0.0
  SINCE SEP 1      7.1                       2.5    4.6      0.0
  SINCE JUL 1      7.1                       2.5    4.6      0.0
  SNOW DEPTH       0

DEGREE DAYS
 HEATING
  YESTERDAY       51                        31     20       12
  MONTH TO DATE  389                       287    102      155
  SINCE SEP 1   1071                      1114    -43      765
  SINCE JUL 1   1111                      1172    -61      787

 COOLING
  YESTERDAY        0                         0      0        0
  MONTH TO DATE    0                         0      0        0
  SINCE SEP 1     71                        36     35       28
  SINCE JAN 1    361                       465   -104      506
..................................................................


WIND (MPH)
  HIGHEST WIND SPEED    26   HIGHEST WIND DIRECTION    SE (150)
  HIGHEST GUST SPEED    34   HIGHEST GUST DIRECTION    SE (140)
  AVERAGE WIND SPEED    10.9


SKY COVER
  POSSIBLE SUNSHINE  MM
  AVERAGE SKY COVER 0.6


WEATHER CONDITIONS
 THE FOLLOWING WEATHER WAS RECORDED YESTERDAY.
  LIGHT SNOW
  FOG


RELATIVE HUMIDITY (PERCENT)
 HIGHEST    91           900 PM
 LOWEST     47           600 PM
 AVERAGE    69

..........................................................


THE ST CLOUD MN CLIMATE NORMALS FOR TODAY
                         NORMAL    RECORD    YEAR
 MAXIMUM TEMPERATURE (F)   42        65      1909
 MINIMUM TEMPERATURE (F)   24        -4      1986


SUNRISE AND SUNSET
NOVEMBER 11 2017......SUNRISE   710 AM CST   SUNSET   450 PM CST
NOVEMBER 12 2017......SUNRISE   712 AM CST   SUNSET   449 PM CST


-  INDICATES NEGATIVE NUMBERS.
R  INDICATES RECORD WAS SET OR TIED.
MM INDICATES DATA IS MISSING.
T  INDICATES TRACE AMOUNT.




$$
