000
CDUS43 KMPX 092150
CLISTC


CLIMATE REPORT
NATIONAL WEATHER SERVICE CHANHASSEN MN
450 PM CDT SUN APR 9 2017


...................................

...THE ST CLOUD MN CLIMATE SUMMARY FOR APRIL 9 2017...
VALID TODAY AS OF 0400 PM LOCAL TIME.

CLIMATE NORMAL PERIOD 1981 TO 2010
CLIMATE RECORD PERIOD 1893 TO 2017


WEATHER ITEM   OBSERVED TIME   RECORD YEAR NORMAL DEPARTURE LAST
                VALUE   (LST)  VALUE       VALUE  FROM      YEAR
                                                  NORMAL
..................................................................
TEMPERATURE (F)
 TODAY
  MAXIMUM         63    208 PM  79    1930  53     10       41
  MINIMUM         49    459 AM  13    2016  30     19       13
  AVERAGE         56                        41     15       27

PRECIPITATION (IN)
  TODAY            T             0.63 1915   0.08  -0.08     0.00
  MONTH TO DATE    T                         0.65  -0.65     0.15
  SINCE MAR 1      0.67                      2.20  -1.53     1.65
  SINCE JAN 1      1.99                      3.44  -1.45     2.59

SNOWFALL (IN)
  TODAY            0.0           1.2  1983   0.1   -0.1      0.0
  MONTH TO DATE    0.0                       1.3   -1.3      1.6
  SINCE MAR 1      2.0                       9.8   -7.8      4.6
  SINCE JUL 1     30.9                      44.0  -13.1     30.3
  SNOW DEPTH       0

DEGREE DAYS
 HEATING
  TODAY            9                        24    -15       38
  MONTH TO DATE  160                       232    -72      296
  SINCE MAR 1   1220                      1336   -116     1113
  SINCE JUL 1   6576                      7782  -1206     6564

 COOLING
  TODAY            0                         0      0        0
  MONTH TO DATE    0                         0      0        0
  SINCE MAR 1      0                         0      0        0
  SINCE JAN 1      0                         0      0        0
..................................................................


WIND (MPH)
  HIGHEST WIND SPEED    20   HIGHEST WIND DIRECTION     N (360)
  HIGHEST GUST SPEED    26   HIGHEST GUST DIRECTION     N (360)
  AVERAGE WIND SPEED     7.6


SKY COVER
  POSSIBLE SUNSHINE  MM
  AVERAGE SKY COVER 0.4


WEATHER CONDITIONS
 THE FOLLOWING WEATHER WAS RECORDED TODAY.
  NO SIGNIFICANT WEATHER WAS OBSERVED.


RELATIVE HUMIDITY (PERCENT)
 HIGHEST    86           500 AM
 LOWEST     52           100 PM
 AVERAGE    69

..........................................................


THE ST CLOUD MN CLIMATE NORMALS FOR TOMORROW
                         NORMAL    RECORD    YEAR
 MAXIMUM TEMPERATURE (F)   53        87      1977
 MINIMUM TEMPERATURE (F)   30         9      1940


SUNRISE AND SUNSET
APRIL  9 2017.........SUNRISE   641 AM CDT   SUNSET   755 PM CDT
APRIL 10 2017.........SUNRISE   639 AM CDT   SUNSET   757 PM CDT


-  INDICATES NEGATIVE NUMBERS.
R  INDICATES RECORD WAS SET OR TIED.
MM INDICATES DATA IS MISSING.
T  INDICATES TRACE AMOUNT.




$$
