000
CDUS43 KMPX 170753
CLISTC


CLIMATE REPORT
NATIONAL WEATHER SERVICE CHANHASSEN MN
252 AM CDT THU JUL 17 2014


...................................

...THE ST CLOUD MN CLIMATE SUMMARY FOR JULY 16 2014...

CLIMATE NORMAL PERIOD 1981 TO 2010
CLIMATE RECORD PERIOD 1893 TO 2014


WEATHER ITEM   OBSERVED TIME   RECORD YEAR NORMAL DEPARTURE LAST
                VALUE   (LST)  VALUE       VALUE  FROM      YEAR
                                                  NORMAL
..................................................................
TEMPERATURE (F)
 YESTERDAY
  MAXIMUM         78    152 PM 102    1931  83     -5       92
  MINIMUM         51    414 AM  44    1973  59     -8       71
  AVERAGE         65                        71     -6       82

PRECIPITATION (IN)
  YESTERDAY        0.00          1.11 1927   0.10  -0.10     0.00
  MONTH TO DATE    0.83                      1.76  -0.93     1.00
  SINCE JUN 1      7.01                      5.93   1.08     6.76
  SINCE JAN 1     23.36                     14.24   9.12    19.05

SNOWFALL (IN)
  YESTERDAY        0.0           0.0    MM   0.0    0.0      0.0
  MONTH TO DATE    0.0                       0.0    0.0      0.0
  SINCE JUN 1      0.0                       0.0    0.0      0.0
  SINCE JUL 1      0.0                       0.0    0.0      0.0
  SNOW DEPTH       0

DEGREE DAYS
 HEATING
  YESTERDAY        0                         0      0        0
  MONTH TO DATE    7                        13     -6        0
  SINCE JUN 1     33                        91    -58       87
  SINCE JUL 1      7                        13     -6        0

 COOLING
  YESTERDAY        0                         6     -6       17
  MONTH TO DATE   68                        95    -27      148
  SINCE JUN 1    201                       190     11      247
  SINCE JAN 1    245                       215     30      258
..................................................................


WIND (MPH)
  HIGHEST WIND SPEED     9   HIGHEST WIND DIRECTION     N (10)
  HIGHEST GUST SPEED    13   HIGHEST GUST DIRECTION     N (360)
  AVERAGE WIND SPEED     2.1


SKY COVER
  POSSIBLE SUNSHINE  MM
  AVERAGE SKY COVER 0.2


WEATHER CONDITIONS
 THE FOLLOWING WEATHER WAS RECORDED YESTERDAY.
  NO SIGNIFICANT WEATHER WAS OBSERVED.


RELATIVE HUMIDITY (PERCENT)
 HIGHEST    89           300 AM
 LOWEST     33           200 PM
 AVERAGE    61

..........................................................


THE ST CLOUD MN CLIMATE NORMALS FOR TODAY
                         NORMAL    RECORD    YEAR
 MAXIMUM TEMPERATURE (F)   83        98      1964
 MINIMUM TEMPERATURE (F)   59        44      1906


SUNRISE AND SUNSET
JULY 17 2014..........SUNRISE   544 AM CDT   SUNSET   900 PM CDT
JULY 18 2014..........SUNRISE   545 AM CDT   SUNSET   900 PM CDT


-  INDICATES NEGATIVE NUMBERS.
R  INDICATES RECORD WAS SET OR TIED.
MM INDICATES DATA IS MISSING.
T  INDICATES TRACE AMOUNT.




$$
