000
CDUS43 KMPX 110632
CLISTC


CLIMATE REPORT
NATIONAL WEATHER SERVICE CHANHASSEN MN
132 AM CDT WED MAY 11 2016


...................................

...THE ST CLOUD MN CLIMATE SUMMARY FOR MAY 10 2016...

CLIMATE NORMAL PERIOD 1981 TO 2010
CLIMATE RECORD PERIOD 1893 TO 2016


WEATHER ITEM   OBSERVED TIME   RECORD YEAR NORMAL DEPARTURE LAST
                VALUE   (LST)  VALUE       VALUE  FROM      YEAR
                                                  NORMAL
..................................................................
TEMPERATURE (F)
 YESTERDAY
  MAXIMUM         53    813 PM  92    1911  67    -14       49
  MINIMUM         47    927 AM  20    1945  42      5       40
  AVERAGE         50                        55     -5       45

PRECIPITATION (IN)
  YESTERDAY        0.27          2.00 1920   0.10   0.17     0.71
  MONTH TO DATE    0.47                      0.96  -0.49     1.73
  SINCE MAR 1      3.71                      5.08  -1.37     3.78
  SINCE JAN 1      4.65                      6.32  -1.67     4.37

SNOWFALL (IN)
  YESTERDAY        0.0           T    1969   0.0    0.0      0.0
                                      1966
                                      1961
  MONTH TO DATE    0.0                       0.0    0.0      0.0
  SINCE MAR 1      4.6                      11.5   -6.9      4.3
  SINCE JUL 1     30.3                      45.7  -15.4     31.1
  SNOW DEPTH       0

DEGREE DAYS
 HEATING
  YESTERDAY       15                        11      4       20
  MONTH TO DATE   98                       122    -24       85
  SINCE MAR 1   1520                      1843   -323     1637
  SINCE JUL 1   6971                      8289  -1318     7895

 COOLING
  YESTERDAY        0                         1     -1        0
  MONTH TO DATE    8                         2      6        0
  SINCE MAR 1     13                         4      9        0
  SINCE JAN 1     13                         4      9        0
..................................................................


WIND (MPH)
  HIGHEST WIND SPEED    17   HIGHEST WIND DIRECTION     E (110)
  HIGHEST GUST SPEED    24   HIGHEST GUST DIRECTION     E (110)
  AVERAGE WIND SPEED     8.5


SKY COVER
  POSSIBLE SUNSHINE  MM
  AVERAGE SKY COVER 1.0


WEATHER CONDITIONS
 THE FOLLOWING WEATHER WAS RECORDED YESTERDAY.
  RAIN
  LIGHT RAIN
  FOG


RELATIVE HUMIDITY (PERCENT)
 HIGHEST   100           800 AM
 LOWEST     86          1100 PM
 AVERAGE    93

..........................................................


THE ST CLOUD MN CLIMATE NORMALS FOR TODAY
                         NORMAL    RECORD    YEAR
 MAXIMUM TEMPERATURE (F)   68        90      1911
                                             1900
 MINIMUM TEMPERATURE (F)   43        19      1946


SUNRISE AND SUNSET
MAY 11 2016...........SUNRISE   550 AM CDT   SUNSET   836 PM CDT
MAY 12 2016...........SUNRISE   548 AM CDT   SUNSET   837 PM CDT


-  INDICATES NEGATIVE NUMBERS.
R  INDICATES RECORD WAS SET OR TIED.
MM INDICATES DATA IS MISSING.
T  INDICATES TRACE AMOUNT.




$$
