000
CDUS43 KMPX 250629
CLISTC


CLIMATE REPORT
NATIONAL WEATHER SERVICE CHANHASSEN MN
126 AM CDT SUN SEP 25 2016


...................................

...THE ST CLOUD MN CLIMATE SUMMARY FOR SEPTEMBER 24 2016...

CLIMATE NORMAL PERIOD 1981 TO 2010
CLIMATE RECORD PERIOD 1893 TO 2016


WEATHER ITEM   OBSERVED TIME   RECORD YEAR NORMAL DEPARTURE LAST
                VALUE   (LST)  VALUE       VALUE  FROM      YEAR
                                                  NORMAL
..................................................................
TEMPERATURE (F)
 YESTERDAY
  MAXIMUM         71    338 PM  90    1935  67      4       72
  MINIMUM         62    927 AM  24    2000  43     19       56
  AVERAGE         67                        55     12       64

PRECIPITATION (IN)
  YESTERDAY        0.03          1.72 1934   0.11  -0.08     0.04
  MONTH TO DATE    2.77                      2.89  -0.12     2.24
  SINCE SEP 1      2.77                      2.89  -0.12     2.24
  SINCE JAN 1     27.59                     22.47   5.12    25.85

SNOWFALL (IN)
  YESTERDAY        0.0           T    1985   0.0    0.0      0.0
                                      1942
  MONTH TO DATE    0.0                       0.0    0.0      0.0
  SINCE SEP 1      0.0                       0.0    0.0      0.0
  SINCE JUL 1      0.0                       0.0    0.0      0.0
  SNOW DEPTH       0

DEGREE DAYS
 HEATING
  YESTERDAY        0                        11    -11        1
  MONTH TO DATE   63                       158    -95       71
  SINCE SEP 1     63                       158    -95       71
  SINCE JUL 1     85                       216   -131      123

 COOLING
  YESTERDAY        2                         0      2        0
  MONTH TO DATE   28                        31     -3       99
  SINCE SEP 1     28                        31     -3       99
  SINCE JAN 1    506                       460     46      485
..................................................................


WIND (MPH)
  HIGHEST WIND SPEED    17   HIGHEST WIND DIRECTION    SW (230)
  HIGHEST GUST SPEED    24   HIGHEST GUST DIRECTION    SE (130)
  AVERAGE WIND SPEED    10.4


SKY COVER
  POSSIBLE SUNSHINE  MM
  AVERAGE SKY COVER 1.0


WEATHER CONDITIONS
 THE FOLLOWING WEATHER WAS RECORDED YESTERDAY.
  LIGHT RAIN
  FOG


RELATIVE HUMIDITY (PERCENT)
 HIGHEST   100          1200 AM
 LOWEST     87           300 PM
 AVERAGE    94

..........................................................


THE ST CLOUD MN CLIMATE NORMALS FOR TODAY
                         NORMAL    RECORD    YEAR
 MAXIMUM TEMPERATURE (F)   66        86      1933
 MINIMUM TEMPERATURE (F)   43        24      1947


SUNRISE AND SUNSET
SEPTEMBER 25 2016.....SUNRISE   708 AM CDT   SUNSET   707 PM CDT
SEPTEMBER 26 2016.....SUNRISE   709 AM CDT   SUNSET   705 PM CDT


-  INDICATES NEGATIVE NUMBERS.
R  INDICATES RECORD WAS SET OR TIED.
MM INDICATES DATA IS MISSING.
T  INDICATES TRACE AMOUNT.




$$
