000
CDUS43 KMPX 290653
CLISTC


CLIMATE REPORT
NATIONAL WEATHER SERVICE CHANHASSEN MN
1252 AM CST THU JAN 29 2015


...................................

...THE ST CLOUD MN CLIMATE SUMMARY FOR JANUARY 28 2015...

CLIMATE NORMAL PERIOD 1981 TO 2010
CLIMATE RECORD PERIOD 1893 TO 2015


WEATHER ITEM   OBSERVED TIME   RECORD YEAR NORMAL DEPARTURE LAST
                VALUE   (LST)  VALUE       VALUE  FROM      YEAR
                                                  NORMAL
..................................................................
TEMPERATURE (F)
 YESTERDAY
  MAXIMUM         31    312 AM  46    1906  22      9       -1
  MINIMUM         29   1123 PM -31    1966   2     27      -23
                                      1951
  AVERAGE         30                        12     18      -12

PRECIPITATION (IN)
  YESTERDAY        0.00          0.46 1909   0.02  -0.02     0.00
  MONTH TO DATE    0.24                      0.60  -0.36     1.14
  SINCE DEC 1      0.99                      1.42  -0.43     2.91
  SINCE JAN 1      0.24                      0.60  -0.36     1.14

SNOWFALL (IN)
  YESTERDAY        0.0           3.7  1975   0.2   -0.2      0.0
  MONTH TO DATE    2.5                       7.9   -5.4     15.4
  SINCE DEC 1      5.0                      17.3  -12.3     35.8
  SINCE JUL 1     22.6                      26.5   -3.9     39.4
  SNOW DEPTH       T

DEGREE DAYS
 HEATING
  YESTERDAY       35                        53    -18       77
  MONTH TO DATE 1362                      1499   -137     1679
  SINCE DEC 1   2624                      3021   -397     3494
  SINCE JUL 1   4556                      4946   -390     5367

 COOLING
  YESTERDAY        0                         0      0        0
  MONTH TO DATE    0                         0      0        0
  SINCE DEC 1      0                         0      0        0
  SINCE JAN 1      0                         0      0        0
..................................................................


WIND (MPH)
  HIGHEST WIND SPEED    22   HIGHEST WIND DIRECTION    SE (150)
  HIGHEST GUST SPEED    26   HIGHEST GUST DIRECTION    SE (150)
  AVERAGE WIND SPEED    11.2


SKY COVER
  POSSIBLE SUNSHINE  MM
  AVERAGE SKY COVER 1.0


WEATHER CONDITIONS
 THE FOLLOWING WEATHER WAS RECORDED YESTERDAY.
  FOG


RELATIVE HUMIDITY (PERCENT)
 HIGHEST   100           600 PM
 LOWEST     85          1200 AM
 AVERAGE    93

..........................................................


THE ST CLOUD MN CLIMATE NORMALS FOR TODAY
                         NORMAL    RECORD    YEAR
 MAXIMUM TEMPERATURE (F)   22        50      1931
 MINIMUM TEMPERATURE (F)    2       -35      1951


SUNRISE AND SUNSET
JANUARY 29 2015.......SUNRISE   741 AM CST   SUNSET   518 PM CST
JANUARY 30 2015.......SUNRISE   740 AM CST   SUNSET   520 PM CST


-  INDICATES NEGATIVE NUMBERS.
R  INDICATES RECORD WAS SET OR TIED.
MM INDICATES DATA IS MISSING.
T  INDICATES TRACE AMOUNT.




$$
