000
CDUS43 KMPX 212317
CLISTC


CLIMATE REPORT
NATIONAL WEATHER SERVICE CHANHASSEN MN
517 PM CST MON NOV 21 2016


...................................

...THE ST CLOUD MN CLIMATE SUMMARY FOR NOVEMBER 21 2016...
VALID AS OF 0500 PM LOCAL TIME.

CLIMATE NORMAL PERIOD 1981 TO 2010
CLIMATE RECORD PERIOD 1893 TO 2016


WEATHER ITEM   OBSERVED TIME   RECORD YEAR NORMAL DEPARTURE LAST
                VALUE   (LST)  VALUE       VALUE  FROM      YEAR
                                                  NORMAL
..................................................................
TEMPERATURE (F)
 TODAY
  MAXIMUM         35    333 PM  63    1990  35      0       27
  MINIMUM         19    750 AM  -7    2014  19      0       11
  AVERAGE         27                        27      0       19

PRECIPITATION (IN)
  TODAY            0.00          1.40 1898   0.05  -0.05      T
  MONTH TO DATE    0.67                      1.02  -0.35     2.73
  SINCE SEP 1      6.43                      6.97  -0.54     8.11
  SINCE JAN 1     31.25                     26.55   4.70    31.72

SNOWFALL (IN)
  TODAY            0.0          12.0  1898   0.4   -0.4       T
  MONTH TO DATE    4.1                       5.2   -1.1      0.5
  SINCE SEP 1      4.1                       6.0   -1.9      0.7
  SINCE JUL 1      4.1                       6.0   -1.9      0.7
  SNOW DEPTH       1

DEGREE DAYS
 HEATING
  TODAY           38                        38      0       46
  MONTH TO DATE  465                       672   -207      466
  SINCE SEP 1   1075                      1499   -424     1073
  SINCE JUL 1   1097                      1557   -460     1125

 COOLING
  TODAY            0                         0      0        0
  MONTH TO DATE    0                         0      0        0
  SINCE SEP 1     28                        36     -8      106
  SINCE JAN 1    506                       465     41      492
..................................................................


WIND (MPH)
  HIGHEST WIND SPEED    15   HIGHEST WIND DIRECTION    SE (150)
  HIGHEST GUST SPEED    18   HIGHEST GUST DIRECTION    SE (150)
  AVERAGE WIND SPEED     7.3


SKY COVER
  POSSIBLE SUNSHINE  MM
  AVERAGE SKY COVER 0.1


WEATHER CONDITIONS
 THE FOLLOWING WEATHER WAS RECORDED TODAY.
  NO SIGNIFICANT WEATHER WAS OBSERVED.


RELATIVE HUMIDITY (PERCENT)
 HIGHEST    91           300 AM
 LOWEST     61           200 PM
 AVERAGE    76

..........................................................


THE ST CLOUD MN CLIMATE NORMALS FOR TOMORROW
                         NORMAL    RECORD    YEAR
 MAXIMUM TEMPERATURE (F)   35        56      1980
 MINIMUM TEMPERATURE (F)   18       -13      1896


SUNRISE AND SUNSET
NOVEMBER 21 2016......SUNRISE   724 AM CST   SUNSET   440 PM CST
NOVEMBER 22 2016......SUNRISE   726 AM CST   SUNSET   439 PM CST


-  INDICATES NEGATIVE NUMBERS.
R  INDICATES RECORD WAS SET OR TIED.
MM INDICATES DATA IS MISSING.
T  INDICATES TRACE AMOUNT.




$$
