000
CDUS43 KMPX 210829
CLISTC


CLIMATE REPORT
NATIONAL WEATHER SERVICE CHANHASSEN MN
328 AM CDT SUN JUN 21 2015


...................................

...THE ST CLOUD MN CLIMATE SUMMARY FOR JUNE 20 2015...

CLIMATE NORMAL PERIOD 1981 TO 2010
CLIMATE RECORD PERIOD 1893 TO 2015


WEATHER ITEM   OBSERVED TIME   RECORD YEAR NORMAL DEPARTURE LAST
                VALUE   (LST)  VALUE       VALUE  FROM      YEAR
                                                  NORMAL
..................................................................
TEMPERATURE (F)
 YESTERDAY
  MAXIMUM         82    442 PM  98    1933  79      3       83
  MINIMUM         60   1156 PM  33    1992  55      5       66
  AVERAGE         71                        67      4       75

PRECIPITATION (IN)
  YESTERDAY        1.55R         1.30 1926   0.14   1.41     0.00
  MONTH TO DATE    4.34                      2.78   1.56     5.24
  SINCE JUN 1      4.34                      2.78   1.56     5.24
  SINCE JAN 1     13.01                     11.09   1.92    21.59

SNOWFALL (IN)
  YESTERDAY        0.0           0.0    MM   0.0    0.0      0.0
  MONTH TO DATE    0.0                       0.0    0.0      0.0
  SINCE JUN 1      0.0                       0.0    0.0      0.0
  SINCE JUL 1     31.1                      45.7  -14.6     75.5
  SNOW DEPTH       0

DEGREE DAYS
 HEATING
  YESTERDAY        0                         2     -2        0
  MONTH TO DATE   28                        66    -38       22
  SINCE JUN 1     28                        66    -38       22
  SINCE JUL 1   8143                      8520   -377     9520

 COOLING
  YESTERDAY        6                         4      2       10
  MONTH TO DATE   32                        49    -17       62
  SINCE JUN 1     32                        49    -17       62
  SINCE JAN 1     37                        74    -37      106
..................................................................


WIND (MPH)
  HIGHEST WIND SPEED    21   HIGHEST WIND DIRECTION    SE (120)
  HIGHEST GUST SPEED    32   HIGHEST GUST DIRECTION    SE (120)
  AVERAGE WIND SPEED     7.2


SKY COVER
  POSSIBLE SUNSHINE  MM
  AVERAGE SKY COVER 0.5


WEATHER CONDITIONS
 THE FOLLOWING WEATHER WAS RECORDED YESTERDAY.
  THUNDERSTORM
  HEAVY RAIN
  RAIN
  LIGHT RAIN
  FOG


RELATIVE HUMIDITY (PERCENT)
 HIGHEST   100           300 AM
 LOWEST     51           400 PM
 AVERAGE    76

..........................................................


THE ST CLOUD MN CLIMATE NORMALS FOR TODAY
                         NORMAL    RECORD    YEAR
 MAXIMUM TEMPERATURE (F)   79        95      1910
                                             1900
 MINIMUM TEMPERATURE (F)   55        34      1992


SUNRISE AND SUNSET
JUNE 21 2015..........SUNRISE   527 AM CDT   SUNSET   909 PM CDT
JUNE 22 2015..........SUNRISE   527 AM CDT   SUNSET   909 PM CDT


-  INDICATES NEGATIVE NUMBERS.
R  INDICATES RECORD WAS SET OR TIED.
MM INDICATES DATA IS MISSING.
T  INDICATES TRACE AMOUNT.




$$
