017
CDUS43 KMPX 282135
CLISTC


CLIMATE REPORT
NATIONAL WEATHER SERVICE CHANHASSEN MN
435 PM CDT WED SEP 28 2016


...................................

...THE ST CLOUD MN CLIMATE SUMMARY FOR SEPTEMBER 28 2016...
VALID AS OF 0400 PM LOCAL TIME.

CLIMATE NORMAL PERIOD 1981 TO 2010
CLIMATE RECORD PERIOD 1893 TO 2016


WEATHER ITEM   OBSERVED TIME   RECORD YEAR NORMAL DEPARTURE LAST
                VALUE   (LST)  VALUE       VALUE  FROM      YEAR
                                                  NORMAL
..................................................................
TEMPERATURE (F)
 TODAY
  MAXIMUM         63    157 PM  85    2014  65     -2       72
                                      1905
  MINIMUM         47    651 AM  18    1942  41      6       52
  AVERAGE         55                        53      2       62

PRECIPITATION (IN)
  TODAY            0.00          1.02 1911   0.09  -0.09      T
  MONTH TO DATE    3.08                      3.28  -0.20     2.24
  SINCE SEP 1      3.08                      3.28  -0.20     2.24
  SINCE JAN 1     27.90                     22.86   5.04    25.85

SNOWFALL (IN)
  TODAY            0.0           T    1908   0.0    0.0      0.0
  MONTH TO DATE    0.0                       0.0    0.0      0.0
  SINCE SEP 1      0.0                       0.0    0.0      0.0
  SINCE JUL 1      0.0                       0.0    0.0      0.0
  SNOW DEPTH       0

DEGREE DAYS
 HEATING
  TODAY           10                        12     -2        3
  MONTH TO DATE  102                       204   -102       74
  SINCE SEP 1    102                       204   -102       74
  SINCE JUL 1    124                       262   -138      126

 COOLING
  TODAY            0                         0      0        0
  MONTH TO DATE   28                        31     -3      106
  SINCE SEP 1     28                        31     -3      106
  SINCE JAN 1    506                       460     46      492
..................................................................


WIND (MPH)
  HIGHEST WIND SPEED    16   HIGHEST WIND DIRECTION     N (360)
  HIGHEST GUST SPEED    22   HIGHEST GUST DIRECTION     N (360)
  AVERAGE WIND SPEED     9.3


SKY COVER
  POSSIBLE SUNSHINE  MM
  AVERAGE SKY COVER 0.8


WEATHER CONDITIONS
 THE FOLLOWING WEATHER WAS RECORDED TODAY.
  NO SIGNIFICANT WEATHER WAS OBSERVED.


RELATIVE HUMIDITY (PERCENT)
 HIGHEST    93          1200 AM
 LOWEST     60           200 PM
 AVERAGE    77

..........................................................


THE ST CLOUD MN CLIMATE NORMALS FOR TOMORROW
                         NORMAL    RECORD    YEAR
 MAXIMUM TEMPERATURE (F)   65        84      2012
                                             1933
 MINIMUM TEMPERATURE (F)   41        22      1992


SUNRISE AND SUNSET
SEPTEMBER 28 2016.....SUNRISE   711 AM CDT   SUNSET   701 PM CDT
SEPTEMBER 29 2016.....SUNRISE   713 AM CDT   SUNSET   659 PM CDT


-  INDICATES NEGATIVE NUMBERS.
R  INDICATES RECORD WAS SET OR TIED.
MM INDICATES DATA IS MISSING.
T  INDICATES TRACE AMOUNT.




$$
