000
CDUS43 KMPX 290047
CLISTC


CLIMATE REPORT
NATIONAL WEATHER SERVICE CHANHASSEN MN
747 PM CDT MON JUL 28 2014


...................................

...THE ST CLOUD MN CLIMATE SUMMARY FOR JULY 28 2014...
VALID TODAY AS OF 0700 PM LOCAL TIME.

CLIMATE NORMAL PERIOD 1981 TO 2010
CLIMATE RECORD PERIOD 1893 TO 2014


WEATHER ITEM   OBSERVED TIME   RECORD YEAR NORMAL DEPARTURE LAST
                VALUE   (LST)  VALUE       VALUE  FROM      YEAR
                                                  NORMAL
..................................................................
TEMPERATURE (F)
 TODAY
  MAXIMUM         79    339 PM 100    1917  82     -3       74
  MINIMUM         63    602 AM  43    2013  58      5       43
  AVERAGE         71                        70      1       59

PRECIPITATION (IN)
  TODAY            0.00          1.17 1942   0.09  -0.09     0.00
  MONTH TO DATE    1.25                      2.99  -1.74     1.36
  SINCE JUN 1      7.43                      7.16   0.27     7.12
  SINCE JAN 1     23.78                     15.47   8.31    19.41

SNOWFALL (IN)
  TODAY            0.0           0.0    MM   0.0    0.0      0.0
  MONTH TO DATE    0.0                       0.0    0.0      0.0
  SINCE JUN 1      0.0                       0.0    0.0      0.0
  SINCE JUL 1      0.0                       0.0    0.0      0.0
  SNOW DEPTH       0

DEGREE DAYS
 HEATING
  TODAY            0                         1     -1        6
  MONTH TO DATE    7                        14     -7       22
  SINCE JUN 1     33                        92    -59      109
  SINCE JUL 1      7                        14     -7       22

 COOLING
  TODAY            6                         6      0        0
  MONTH TO DATE  161                       167     -6      215
  SINCE JUN 1    294                       262     32      314
  SINCE JAN 1    338                       287     51      325
..................................................................


WIND (MPH)
  HIGHEST WIND SPEED    14   HIGHEST WIND DIRECTION     N (350)
  HIGHEST GUST SPEED    20   HIGHEST GUST DIRECTION     W (290)
  AVERAGE WIND SPEED     7.1


SKY COVER
  POSSIBLE SUNSHINE  MM
  AVERAGE SKY COVER 0.8


WEATHER CONDITIONS
 THE FOLLOWING WEATHER WAS RECORDED TODAY.
  NO SIGNIFICANT WEATHER WAS OBSERVED.


RELATIVE HUMIDITY (PERCENT)
 HIGHEST    84           300 AM
 LOWEST     37           400 PM
 AVERAGE    61

..........................................................


THE ST CLOUD MN CLIMATE NORMALS FOR TOMORROW
                         NORMAL    RECORD    YEAR
 MAXIMUM TEMPERATURE (F)   82        99      1935
 MINIMUM TEMPERATURE (F)   58        43      1992


SUNRISE AND SUNSET
JULY 28 2014..........SUNRISE   555 AM CDT   SUNSET   849 PM CDT
JULY 29 2014..........SUNRISE   557 AM CDT   SUNSET   848 PM CDT


-  INDICATES NEGATIVE NUMBERS.
R  INDICATES RECORD WAS SET OR TIED.
MM INDICATES DATA IS MISSING.
T  INDICATES TRACE AMOUNT.




$$
