000
CDUS43 KMPX 210653
CLISTC


CLIMATE REPORT
NATIONAL WEATHER SERVICE CHANHASSEN MN
152 AM CDT MON AUG 21 2017


...................................

...THE ST CLOUD MN CLIMATE SUMMARY FOR AUGUST 20 2017...

CLIMATE NORMAL PERIOD 1981 TO 2010
CLIMATE RECORD PERIOD 1893 TO 2017


WEATHER ITEM   OBSERVED TIME   RECORD YEAR NORMAL DEPARTURE LAST
                VALUE   (LST)  VALUE       VALUE  FROM      YEAR
                                                  NORMAL
..................................................................
TEMPERATURE (F)
 YESTERDAY
  MAXIMUM         78   1217 PM  97    1901  79     -1       68
  MINIMUM         57   1159 PM  34    1950  56      1       57
  AVERAGE         68                        67      1       63

PRECIPITATION (IN)
  YESTERDAY        0.00          2.36 1975   0.12  -0.12     0.22
  MONTH TO DATE    4.10                      2.34   1.76     4.17
  SINCE JUN 1     10.06                      9.82   0.24    14.28
  SINCE JAN 1     19.76                     18.13   1.63    20.63

SNOWFALL (IN)
  YESTERDAY        0.0           0.0    MM   0.0    0.0      0.0
  MONTH TO DATE    0.0                       0.0    0.0      0.0
  SINCE JUN 1      0.0                       0.0    0.0      0.0
  SINCE JUL 1      0.0                       0.0    0.0      0.0
  SNOW DEPTH       0

DEGREE DAYS
 HEATING
  YESTERDAY        0                         1     -1        2
  MONTH TO DATE   18                        20     -2        2
  SINCE JUN 1     63                       115    -52       42
  SINCE JUL 1     22                        37    -15        9

 COOLING
  YESTERDAY        3                         4     -1        0
  MONTH TO DATE   23                        93    -70      121
  SINCE JUN 1    279                       370    -91      411
  SINCE JAN 1    282                       395   -113      442
..................................................................


WIND (MPH)
  HIGHEST WIND SPEED    13   HIGHEST WIND DIRECTION    NW (320)
  HIGHEST GUST SPEED    15   HIGHEST GUST DIRECTION    NW (310)
  AVERAGE WIND SPEED     5.2


SKY COVER
  POSSIBLE SUNSHINE  MM
  AVERAGE SKY COVER 0.0


WEATHER CONDITIONS
 THE FOLLOWING WEATHER WAS RECORDED YESTERDAY.
  FOG


RELATIVE HUMIDITY (PERCENT)
 HIGHEST   100          1200 AM
 LOWEST     60           500 PM
 AVERAGE    80

..........................................................


THE ST CLOUD MN CLIMATE NORMALS FOR TODAY
                         NORMAL    RECORD    YEAR
 MAXIMUM TEMPERATURE (F)   79        98      1901
 MINIMUM TEMPERATURE (F)   56        33      2004


SUNRISE AND SUNSET
AUGUST 21 2017........SUNRISE   624 AM CDT   SUNSET   813 PM CDT
AUGUST 22 2017........SUNRISE   626 AM CDT   SUNSET   811 PM CDT


-  INDICATES NEGATIVE NUMBERS.
R  INDICATES RECORD WAS SET OR TIED.
MM INDICATES DATA IS MISSING.
T  INDICATES TRACE AMOUNT.




$$
