000
CDUS43 KMPX 040635
CLISTC


CLIMATE REPORT
NATIONAL WEATHER SERVICE CHANHASSEN MN
1235 AM CST WED MAR 4 2015


...................................

...THE ST CLOUD MN CLIMATE SUMMARY FOR MARCH 3 2015...

CLIMATE NORMAL PERIOD 1981 TO 2010
CLIMATE RECORD PERIOD 1893 TO 2015


WEATHER ITEM   OBSERVED TIME   RECORD YEAR NORMAL DEPARTURE LAST
                VALUE   (LST)  VALUE       VALUE  FROM      YEAR
                                                  NORMAL
..................................................................
TEMPERATURE (F)
 YESTERDAY
  MAXIMUM         25   1215 PM  61    1905  33     -8        8
  MINIMUM          2   1159 PM -19    2014  14    -12      -19
  AVERAGE         14                        24    -10       -5

PRECIPITATION (IN)
  YESTERDAY        0.14          0.86 1966   0.04   0.10      T
  MONTH TO DATE    0.14                      0.11   0.03      T
  SINCE MAR 1      0.14                      0.11   0.03      T
  SINCE JAN 1      0.73                      1.35  -0.62     2.51

SNOWFALL (IN)
  YESTERDAY        2.3           8.7  1985   0.3    2.0       T
  MONTH TO DATE    2.3                       1.0    1.3       T
  SINCE MAR 1      2.3                       1.0    1.3       T
  SINCE JUL 1     29.1                      35.2   -6.1     54.3
  SNOW DEPTH       1

DEGREE DAYS
 HEATING
  YESTERDAY       51                        42      9       70
  MONTH TO DATE  149                       126     23      213
  SINCE MAR 1    149                       126     23      213
  SINCE JUL 1   6407                      6572   -165     7422

 COOLING
  YESTERDAY        0                         0      0        0
  MONTH TO DATE    0                         0      0        0
  SINCE MAR 1      0                         0      0        0
  SINCE JAN 1      0                         0      0        0
..................................................................


WIND (MPH)
  HIGHEST WIND SPEED    32   HIGHEST WIND DIRECTION    NW (300)
  HIGHEST GUST SPEED    37   HIGHEST GUST DIRECTION    NW (300)
  AVERAGE WIND SPEED    14.8


SKY COVER
  POSSIBLE SUNSHINE  MM
  AVERAGE SKY COVER 0.6


WEATHER CONDITIONS
 THE FOLLOWING WEATHER WAS RECORDED YESTERDAY.
  SNOW
  LIGHT SNOW
  FOG
  FOG W/VISIBILITY <= 1/4 MILE
  HAZE


RELATIVE HUMIDITY (PERCENT)
 HIGHEST    91           700 AM
 LOWEST     59           500 PM
 AVERAGE    75

..........................................................


THE ST CLOUD MN CLIMATE NORMALS FOR TODAY
                         NORMAL    RECORD    YEAR
 MAXIMUM TEMPERATURE (F)   33        59      1905
 MINIMUM TEMPERATURE (F)   15       -19      1917


SUNRISE AND SUNSET
MARCH  4 2015.........SUNRISE   650 AM CST   SUNSET   607 PM CST
MARCH  5 2015.........SUNRISE   648 AM CST   SUNSET   608 PM CST


-  INDICATES NEGATIVE NUMBERS.
R  INDICATES RECORD WAS SET OR TIED.
MM INDICATES DATA IS MISSING.
T  INDICATES TRACE AMOUNT.




$$
