000
CDUS43 KMPX 050901
CLISTC


CLIMATE REPORT
NATIONAL WEATHER SERVICE CHANHASSEN MN
300 AM CST MON DEC 5 2016


...................................

...THE ST CLOUD MN CLIMATE SUMMARY FOR DECEMBER 4 2016...

CLIMATE NORMAL PERIOD 1981 TO 2010
CLIMATE RECORD PERIOD 1893 TO 2016


WEATHER ITEM   OBSERVED TIME   RECORD YEAR NORMAL DEPARTURE LAST
                VALUE   (LST)  VALUE       VALUE  FROM      YEAR
                                                  NORMAL
..................................................................
TEMPERATURE (F)
 YESTERDAY
  MAXIMUM         35    309 PM  52    1941  28      7       40
  MINIMUM         29   1153 PM -16    1991  12     17       14
  AVERAGE         32                        20     12       27

PRECIPITATION (IN)
  YESTERDAY        0.08          0.53 2013   0.03   0.05     0.00
  MONTH TO DATE    0.09                      0.13  -0.04     0.23
  SINCE DEC 1      0.09                      0.13  -0.04     0.23
  SINCE JAN 1     32.36                     27.04   5.32    32.32

SNOWFALL (IN)
  YESTERDAY        0.5           5.0  2013   0.4    0.1      0.0
                                      1926
  MONTH TO DATE    0.8                       1.3   -0.5      2.0
  SINCE DEC 1      0.8                       1.3   -0.5      2.0
  SINCE JUL 1      8.1                      10.5   -2.4      7.7
  SNOW DEPTH       T

DEGREE DAYS
 HEATING
  YESTERDAY       33                        45    -12       38
  MONTH TO DATE  137                       178    -41      152
  SINCE DEC 1    137                       178    -41      152
  SINCE JUL 1   1511                      2103   -592     1611

 COOLING
  YESTERDAY        0                         0      0        0
  MONTH TO DATE    0                         0      0        0
  SINCE DEC 1      0                         0      0        0
  SINCE JAN 1    506                       465     41      492
..................................................................


WIND (MPH)
  HIGHEST WIND SPEED    18   HIGHEST WIND DIRECTION    SW (210)
  HIGHEST GUST SPEED    26   HIGHEST GUST DIRECTION    SW (220)
  AVERAGE WIND SPEED     9.1


SKY COVER
  POSSIBLE SUNSHINE  MM
  AVERAGE SKY COVER 1.0


WEATHER CONDITIONS
 THE FOLLOWING WEATHER WAS RECORDED YESTERDAY.
  LIGHT RAIN
  LIGHT SNOW
  FOG


RELATIVE HUMIDITY (PERCENT)
 HIGHEST   100           300 AM
 LOWEST     89           800 PM
 AVERAGE    95

..........................................................


THE ST CLOUD MN CLIMATE NORMALS FOR TODAY
                         NORMAL    RECORD    YEAR
 MAXIMUM TEMPERATURE (F)   28        52      1979
 MINIMUM TEMPERATURE (F)   11       -16      1940


SUNRISE AND SUNSET
DECEMBER  5 2016......SUNRISE   741 AM CST   SUNSET   433 PM CST
DECEMBER  6 2016......SUNRISE   742 AM CST   SUNSET   433 PM CST


-  INDICATES NEGATIVE NUMBERS.
R  INDICATES RECORD WAS SET OR TIED.
MM INDICATES DATA IS MISSING.
T  INDICATES TRACE AMOUNT.




$$
