000
CDUS43 KMPX 230625
CLISTC


CLIMATE REPORT
NATIONAL WEATHER SERVICE CHANHASSEN MN
125 AM CDT WED JUL 23 2014


...................................

...THE ST CLOUD MN CLIMATE SUMMARY FOR JULY 22 2014...

CLIMATE NORMAL PERIOD 1981 TO 2010
CLIMATE RECORD PERIOD 1893 TO 2014


WEATHER ITEM   OBSERVED TIME   RECORD YEAR NORMAL DEPARTURE LAST
                VALUE   (LST)  VALUE       VALUE  FROM      YEAR
                                                  NORMAL
..................................................................
TEMPERATURE (F)
 YESTERDAY
  MAXIMUM         85    221 PM 107    1934  83      2       85
  MINIMUM         62   1153 PM  42    1947  59      3       61
  AVERAGE         74                        70      4       73

PRECIPITATION (IN)
  YESTERDAY        0.00          2.29 1972   0.11  -0.11     0.00
  MONTH TO DATE    0.83                      2.39  -1.56     1.14
  SINCE JUN 1      7.01                      6.56   0.45     6.90
  SINCE JAN 1     23.36                     14.87   8.49    19.19

SNOWFALL (IN)
  YESTERDAY        0.0           0.0    MM   0.0    0.0      0.0
  MONTH TO DATE    0.0                       0.0    0.0      0.0
  SINCE JUN 1      0.0                       0.0    0.0      0.0
  SINCE JUL 1      0.0                       0.0    0.0      0.0
  SNOW DEPTH       0

DEGREE DAYS
 HEATING
  YESTERDAY        0                         0      0        0
  MONTH TO DATE    7                        13     -6        0
  SINCE JUN 1     33                        91    -58       87
  SINCE JUL 1      7                        13     -6        0

 COOLING
  YESTERDAY        9                         6      3        8
  MONTH TO DATE  123                       131     -8      207
  SINCE JUN 1    256                       226     30      306
  SINCE JAN 1    300                       251     49      317
..................................................................


WIND (MPH)
  HIGHEST WIND SPEED    21   HIGHEST WIND DIRECTION    NW (320)
  HIGHEST GUST SPEED    26   HIGHEST GUST DIRECTION    NW (320)
  AVERAGE WIND SPEED    10.1


SKY COVER
  POSSIBLE SUNSHINE  MM
  AVERAGE SKY COVER 0.2


WEATHER CONDITIONS
 THE FOLLOWING WEATHER WAS RECORDED YESTERDAY.
  NO SIGNIFICANT WEATHER WAS OBSERVED.


RELATIVE HUMIDITY (PERCENT)
 HIGHEST    84           100 AM
 LOWEST     34           300 PM
 AVERAGE    59

..........................................................


THE ST CLOUD MN CLIMATE NORMALS FOR TODAY
                         NORMAL    RECORD    YEAR
 MAXIMUM TEMPERATURE (F)   83       107      1934
 MINIMUM TEMPERATURE (F)   59        45      1978


SUNRISE AND SUNSET
JULY 23 2014..........SUNRISE   550 AM CDT   SUNSET   855 PM CDT
JULY 24 2014..........SUNRISE   551 AM CDT   SUNSET   854 PM CDT


-  INDICATES NEGATIVE NUMBERS.
R  INDICATES RECORD WAS SET OR TIED.
MM INDICATES DATA IS MISSING.
T  INDICATES TRACE AMOUNT.




$$
