000
CDUS43 KMPX 060648
CLISTC


CLIMATE REPORT
NATIONAL WEATHER SERVICE CHANHASSEN MN
1247 AM CST FRI MAR 6 2015


...................................

...THE ST CLOUD MN CLIMATE SUMMARY FOR MARCH 5 2015...

CLIMATE NORMAL PERIOD 1981 TO 2010
CLIMATE RECORD PERIOD 1893 TO 2015


WEATHER ITEM   OBSERVED TIME   RECORD YEAR NORMAL DEPARTURE LAST
                VALUE   (LST)  VALUE       VALUE  FROM      YEAR
                                                  NORMAL
..................................................................
TEMPERATURE (F)
 YESTERDAY
  MAXIMUM         13    527 PM  66    2000  34    -21       24
  MINIMUM        -16    725 AM -17    2003  15    -31        7
  AVERAGE         -1                        24    -25       16

PRECIPITATION (IN)
  YESTERDAY        0.00          0.56 1896   0.04  -0.04     0.00
  MONTH TO DATE    0.14                      0.18  -0.04      T
  SINCE MAR 1      0.14                      0.18  -0.04      T
  SINCE JAN 1      0.73                      1.42  -0.69     2.51

SNOWFALL (IN)
  YESTERDAY        0.0           6.0  1908   0.3   -0.3      0.0
                                      1900
  MONTH TO DATE    2.3                       1.7    0.6      0.1
  SINCE MAR 1      2.3                       1.7    0.6      0.1
  SINCE JUL 1     29.1                      35.9   -6.8     54.4
  SNOW DEPTH       3

DEGREE DAYS
 HEATING
  YESTERDAY       66                        41     25       49
  MONTH TO DATE  281                       208     73      315
  SINCE MAR 1    281                       208     73      315
  SINCE JUL 1   6539                      6654   -115     7524

 COOLING
  YESTERDAY        0                         0      0        0
  MONTH TO DATE    0                         0      0        0
  SINCE MAR 1      0                         0      0        0
  SINCE JAN 1      0                         0      0        0
..................................................................


WIND (MPH)
  HIGHEST WIND SPEED    15   HIGHEST WIND DIRECTION     S (180)
  HIGHEST GUST SPEED    20   HIGHEST GUST DIRECTION     S (180)
  AVERAGE WIND SPEED     6.8


SKY COVER
  POSSIBLE SUNSHINE  MM
  AVERAGE SKY COVER 0.0


WEATHER CONDITIONS
 THE FOLLOWING WEATHER WAS RECORDED YESTERDAY.
  NO SIGNIFICANT WEATHER WAS OBSERVED.


RELATIVE HUMIDITY (PERCENT)
 HIGHEST    79           300 AM
 LOWEST     58           100 PM
 AVERAGE    69

..........................................................


THE ST CLOUD MN CLIMATE NORMALS FOR TODAY
                         NORMAL    RECORD    YEAR
 MAXIMUM TEMPERATURE (F)   34        71      1987
 MINIMUM TEMPERATURE (F)   16       -17      1945


SUNRISE AND SUNSET
MARCH  6 2015.........SUNRISE   646 AM CST   SUNSET   610 PM CST
MARCH  7 2015.........SUNRISE   644 AM CST   SUNSET   611 PM CST


-  INDICATES NEGATIVE NUMBERS.
R  INDICATES RECORD WAS SET OR TIED.
MM INDICATES DATA IS MISSING.
T  INDICATES TRACE AMOUNT.




$$
