000
CDUS43 KMPX 240751
CLISTC


CLIMATE REPORT
NATIONAL WEATHER SERVICE CHANHASSEN MN
250 AM CDT SUN MAY 24 2015


...................................

...THE ST CLOUD MN CLIMATE SUMMARY FOR MAY 23 2015...

CLIMATE NORMAL PERIOD 1981 TO 2010
CLIMATE RECORD PERIOD 1893 TO 2015


WEATHER ITEM   OBSERVED TIME   RECORD YEAR NORMAL DEPARTURE LAST
                VALUE   (LST)  VALUE       VALUE  FROM      YEAR
                                                  NORMAL
..................................................................
TEMPERATURE (F)
 YESTERDAY
  MAXIMUM         68    421 PM  94    1926  71     -3       78
  MINIMUM         41    413 AM  28    1963  46     -5       46
  AVERAGE         55                        59     -4       62

PRECIPITATION (IN)
  YESTERDAY        T             1.43 2004   0.09  -0.09     0.00
  MONTH TO DATE    5.19                      2.15   3.04     4.15
  SINCE MAR 1      7.24                      6.27   0.97    11.25
  SINCE JAN 1      7.83                      7.51   0.32    13.76

SNOWFALL (IN)
  YESTERDAY        0.0           0.2  1925   0.0    0.0      0.0
  MONTH TO DATE    0.0                       0.0    0.0      0.0
  SINCE MAR 1      4.3                      11.5   -7.2     21.2
  SINCE JUL 1     31.1                      45.7  -14.6     75.5
  SNOW DEPTH       0

DEGREE DAYS
 HEATING
  YESTERDAY       10                         7      3        3
  MONTH TO DATE  256                       237     19      266
  SINCE MAR 1   1808                      1958   -150     2289
  SINCE JUL 1   8066                      8404   -338     9498

 COOLING
  YESTERDAY        0                         1     -1        0
  MONTH TO DATE    0                        15    -15        2
  SINCE MAR 1      0                        17    -17        2
  SINCE JAN 1      0                        17    -17        2
..................................................................


WIND (MPH)
  HIGHEST WIND SPEED    13   HIGHEST WIND DIRECTION     S (190)
  HIGHEST GUST SPEED    16   HIGHEST GUST DIRECTION    SW (210)
  AVERAGE WIND SPEED     2.9


SKY COVER
  POSSIBLE SUNSHINE  MM
  AVERAGE SKY COVER 0.7


WEATHER CONDITIONS
 THE FOLLOWING WEATHER WAS RECORDED YESTERDAY.
  NO SIGNIFICANT WEATHER WAS OBSERVED.


RELATIVE HUMIDITY (PERCENT)
 HIGHEST   100           400 AM
 LOWEST     45           500 PM
 AVERAGE    73

..........................................................


THE ST CLOUD MN CLIMATE NORMALS FOR TODAY
                         NORMAL    RECORD    YEAR
 MAXIMUM TEMPERATURE (F)   71        94      2010
 MINIMUM TEMPERATURE (F)   47        30      1949


SUNRISE AND SUNSET
MAY 24 2015...........SUNRISE   537 AM CDT   SUNSET   850 PM CDT
MAY 25 2015...........SUNRISE   536 AM CDT   SUNSET   851 PM CDT


-  INDICATES NEGATIVE NUMBERS.
R  INDICATES RECORD WAS SET OR TIED.
MM INDICATES DATA IS MISSING.
T  INDICATES TRACE AMOUNT.




$$
