403
CDUS43 KMPX 150723
CLISTC


CLIMATE REPORT
NATIONAL WEATHER SERVICE CHANHASSEN MN
222 AM CDT TUE AUG 15 2017


...................................

...THE ST CLOUD MN CLIMATE SUMMARY FOR AUGUST 14 2017...

CLIMATE NORMAL PERIOD 1981 TO 2010
CLIMATE RECORD PERIOD 1893 TO 2017


WEATHER ITEM   OBSERVED TIME   RECORD YEAR NORMAL DEPARTURE LAST
                VALUE   (LST)  VALUE       VALUE  FROM      YEAR
                                                  NORMAL
..................................................................
TEMPERATURE (F)
 YESTERDAY
  MAXIMUM         76    234 PM  94    1970  80     -4       81
                                      1938
                                      1922
  MINIMUM         56   1159 PM  38    1992  57     -1       57
  AVERAGE         66                        68     -2       69

PRECIPITATION (IN)
  YESTERDAY        0.00          1.34 1928   0.12  -0.12     0.00
  MONTH TO DATE    2.48                      1.61   0.87     3.24
  SINCE JUN 1      8.44                      9.09  -0.65    13.35
  SINCE JAN 1     18.14                     17.40   0.74    19.70

SNOWFALL (IN)
  YESTERDAY        0.0           0.0    MM   0.0    0.0      0.0
  MONTH TO DATE    0.0                       0.0    0.0      0.0
  SINCE JUN 1      0.0                       0.0    0.0      0.0
  SINCE JUL 1      0.0                       0.0    0.0      0.0
  SNOW DEPTH       0

DEGREE DAYS
 HEATING
  YESTERDAY        0                         1     -1        0
  MONTH TO DATE   16                        14      2        0
  SINCE JUN 1     61                       109    -48       40
  SINCE JUL 1     20                        31    -11        7

 COOLING
  YESTERDAY        1                         4     -3        4
  MONTH TO DATE   18                        69    -51      100
  SINCE JUN 1    274                       346    -72      390
  SINCE JAN 1    277                       371    -94      421
..................................................................


WIND (MPH)
  HIGHEST WIND SPEED     8   HIGHEST WIND DIRECTION     N (10)
  HIGHEST GUST SPEED    11   HIGHEST GUST DIRECTION    NE (50)
  AVERAGE WIND SPEED     3.8


SKY COVER
  POSSIBLE SUNSHINE  MM
  AVERAGE SKY COVER 0.7


WEATHER CONDITIONS
 THE FOLLOWING WEATHER WAS RECORDED YESTERDAY.
  FOG


RELATIVE HUMIDITY (PERCENT)
 HIGHEST   100          1200 AM
 LOWEST     64           500 PM
 AVERAGE    82

..........................................................


THE ST CLOUD MN CLIMATE NORMALS FOR TODAY
                         NORMAL    RECORD    YEAR
 MAXIMUM TEMPERATURE (F)   80       105      1936
 MINIMUM TEMPERATURE (F)   56        39      1979


SUNRISE AND SUNSET
AUGUST 15 2017........SUNRISE   617 AM CDT   SUNSET   823 PM CDT
AUGUST 16 2017........SUNRISE   618 AM CDT   SUNSET   822 PM CDT


-  INDICATES NEGATIVE NUMBERS.
R  INDICATES RECORD WAS SET OR TIED.
MM INDICATES DATA IS MISSING.
T  INDICATES TRACE AMOUNT.




$$
