000
CDUS43 KMPX 312149
CLISTC


CLIMATE REPORT
NATIONAL WEATHER SERVICE CHANHASSEN MN
449 PM CDT FRI JUL 31 2015


...................................

...THE ST CLOUD MN CLIMATE SUMMARY FOR JULY 31 2015...
VALID AS OF 0400 PM LOCAL TIME.

CLIMATE NORMAL PERIOD 1981 TO 2010
CLIMATE RECORD PERIOD 1893 TO 2015


WEATHER ITEM   OBSERVED TIME   RECORD YEAR NORMAL DEPARTURE LAST
                VALUE   (LST)  VALUE       VALUE  FROM      YEAR
                                                  NORMAL
..................................................................
TEMPERATURE (F)
 TODAY
  MAXIMUM         82    139 PM 102    1988  82      0       86
  MINIMUM         61    511 AM  44    1992  58      3       54
  AVERAGE         72                        70      2       70

PRECIPITATION (IN)
  TODAY            0.00          1.22 1911   0.11  -0.11     0.00
  MONTH TO DATE    7.18                      3.31   3.87     1.25
  SINCE JUN 1     11.84                      7.48   4.36     7.43
  SINCE JAN 1     20.51                     15.79   4.72    23.78

SNOWFALL (IN)
  TODAY            0.0           0.0    MM   0.0    0.0      0.0
  MONTH TO DATE    0.0                       0.0    0.0      0.0
  SINCE JUN 1      0.0                       0.0    0.0      0.0
  SINCE JUL 1      0.0                       0.0    0.0      0.0
  SNOW DEPTH       0

DEGREE DAYS
 HEATING
  TODAY            0                         1     -1        0
  MONTH TO DATE   12                        17     -5        7
  SINCE JUN 1     40                        95    -55       33
  SINCE JUL 1     12                        17     -5        7

 COOLING
  TODAY            7                         5      2        5
  MONTH TO DATE  197                       182     15      175
  SINCE JUN 1    269                       277     -8      308
  SINCE JAN 1    274                       302    -28      352
..................................................................


WIND (MPH)
  HIGHEST WIND SPEED    24   HIGHEST WIND DIRECTION    NW (300)
  HIGHEST GUST SPEED    32   HIGHEST GUST DIRECTION    NW (310)
  AVERAGE WIND SPEED    12.2


SKY COVER
  POSSIBLE SUNSHINE  MM
  AVERAGE SKY COVER 0.0


WEATHER CONDITIONS
 THE FOLLOWING WEATHER WAS RECORDED TODAY.
  NO SIGNIFICANT WEATHER WAS OBSERVED.


RELATIVE HUMIDITY (PERCENT)
 HIGHEST    78          1200 AM
 LOWEST     30           200 PM
 AVERAGE    54

..........................................................


THE ST CLOUD MN CLIMATE NORMALS FOR TOMORROW
                         NORMAL    RECORD    YEAR
 MAXIMUM TEMPERATURE (F)   82        99      1988
                                             1964
 MINIMUM TEMPERATURE (F)   58        45      1905


SUNRISE AND SUNSET
JULY 31 2015..........SUNRISE   559 AM CDT   SUNSET   846 PM CDT
AUGUST  1 2015........SUNRISE   600 AM CDT   SUNSET   845 PM CDT


-  INDICATES NEGATIVE NUMBERS.
R  INDICATES RECORD WAS SET OR TIED.
MM INDICATES DATA IS MISSING.
T  INDICATES TRACE AMOUNT.




$$
