762
CDUS43 KMPX 252147
CLISTC


CLIMATE REPORT
NATIONAL WEATHER SERVICE CHANHASSEN MN
447 PM CDT TUE JUL 25 2017


...................................

...THE ST CLOUD MN CLIMATE SUMMARY FOR JULY 25 2017...
VALID TODAY AS OF 0400 PM LOCAL TIME.

CLIMATE NORMAL PERIOD 1981 TO 2010
CLIMATE RECORD PERIOD 1893 TO 2017


WEATHER ITEM   OBSERVED TIME   RECORD YEAR NORMAL DEPARTURE LAST
                VALUE   (LST)  VALUE       VALUE  FROM      YEAR
                                                  NORMAL
..................................................................
TEMPERATURE (F)
 TODAY
  MAXIMUM         81    257 PM 102    1931  82     -1       85
  MINIMUM         65    519 AM  46    2004  58      7       58
  AVERAGE         73                        70      3       72

PRECIPITATION (IN)
  TODAY            0.02          1.50 1997   0.11  -0.09     0.00
  MONTH TO DATE    2.32                      2.70  -0.38     6.66
  SINCE JUN 1      5.90                      6.87  -0.97    10.03
  SINCE JAN 1     15.60                     15.18   0.42    16.38

SNOWFALL (IN)
  TODAY            0.0           0.0    MM   0.0    0.0      0.0
  MONTH TO DATE    0.0                       0.0    0.0      0.0
  SINCE JUN 1      0.0                       0.0    0.0      0.0
  SINCE JUL 1      0.0                       0.0    0.0      0.0
  SNOW DEPTH       0

DEGREE DAYS
 HEATING
  TODAY            0                         0      0        0
  MONTH TO DATE    4                        13     -9        7
  SINCE JUN 1     45                        91    -46       40
  SINCE JUL 1      4                        13     -9        7

 COOLING
  TODAY            8                         6      2        7
  MONTH TO DATE  131                       149    -18      154
  SINCE JUN 1    215                       244    -29      262
  SINCE JAN 1    218                       269    -51      293
..................................................................


WIND (MPH)
  HIGHEST WIND SPEED    20   HIGHEST WIND DIRECTION     S (160)
  HIGHEST GUST SPEED    26   HIGHEST GUST DIRECTION     S (170)
  AVERAGE WIND SPEED    11.1


SKY COVER
  POSSIBLE SUNSHINE  MM
  AVERAGE SKY COVER 0.7


WEATHER CONDITIONS
 THE FOLLOWING WEATHER WAS RECORDED TODAY.
  THUNDERSTORM
  LIGHT RAIN


RELATIVE HUMIDITY (PERCENT)
 HIGHEST   100           500 AM
 LOWEST     74           200 PM
 AVERAGE    87

..........................................................


THE ST CLOUD MN CLIMATE NORMALS FOR TOMORROW
                         NORMAL    RECORD    YEAR
 MAXIMUM TEMPERATURE (F)   82       103      1931
 MINIMUM TEMPERATURE (F)   58        46      1991


SUNRISE AND SUNSET
JULY 25 2017..........SUNRISE   552 AM CDT   SUNSET   852 PM CDT
JULY 26 2017..........SUNRISE   554 AM CDT   SUNSET   851 PM CDT


-  INDICATES NEGATIVE NUMBERS.
R  INDICATES RECORD WAS SET OR TIED.
MM INDICATES DATA IS MISSING.
T  INDICATES TRACE AMOUNT.




$$
