000
CDUS43 KMPX 182230
CLISTC


CLIMATE REPORT
NATIONAL WEATHER SERVICE CHANHASSEN MN
430 PM CST THU JAN 18 2018


...................................

...THE ST CLOUD MN CLIMATE SUMMARY FOR JANUARY 18 2018...
VALID TODAY AS OF 0400 PM LOCAL TIME.

CLIMATE NORMAL PERIOD 1981 TO 2010
CLIMATE RECORD PERIOD 1893 TO 2018


WEATHER ITEM   OBSERVED TIME   RECORD YEAR NORMAL DEPARTURE LAST
                VALUE   (LST)  VALUE       VALUE  FROM      YEAR
                                                  NORMAL
..................................................................
TEMPERATURE (F)
 TODAY
  MAXIMUM         39    302 PM  48    1981  21     18       38
  MINIMUM         13    557 AM -34    1994   1     12       19
  AVERAGE         26                        11     15       29

PRECIPITATION (IN)
  TODAY            0.00          0.70 1922   0.02  -0.02     0.00
  MONTH TO DATE    0.17                      0.41  -0.24     0.37
  SINCE DEC 1      0.61                      1.23  -0.62     1.92
  SINCE JAN 1      0.17                      0.41  -0.24     0.37

SNOWFALL (IN)
  TODAY            0.0           5.7  2014   0.3   -0.3      0.0
  MONTH TO DATE    3.9                       5.3   -1.4      9.0
  SINCE DEC 1      8.6                      14.7   -6.1     17.8
  SINCE JUL 1     15.7                      23.9   -8.2     25.1
  SNOW DEPTH       4

DEGREE DAYS
 HEATING
  TODAY           39                        54    -15       36
  MONTH TO DATE 1048                       965     83     1014
  SINCE DEC 1   2591                      2487    104     2478
  SINCE JUL 1   4357                      4412    -55     3852

 COOLING
  TODAY            0                         0      0        0
  MONTH TO DATE    0                         0      0        0
  SINCE DEC 1      0                         0      0        0
  SINCE JAN 1      0                         0      0        0
..................................................................


WIND (MPH)
  HIGHEST WIND SPEED    13   HIGHEST WIND DIRECTION     W (260)
  HIGHEST GUST SPEED    17   HIGHEST GUST DIRECTION     W (280)
  AVERAGE WIND SPEED     7.0


SKY COVER
  POSSIBLE SUNSHINE  MM
  AVERAGE SKY COVER 0.0


WEATHER CONDITIONS
 THE FOLLOWING WEATHER WAS RECORDED TODAY.
  NO SIGNIFICANT WEATHER WAS OBSERVED.


RELATIVE HUMIDITY (PERCENT)
 HIGHEST    92           600 AM
 LOWEST     54           100 PM
 AVERAGE    73

..........................................................


THE ST CLOUD MN CLIMATE NORMALS FOR TOMORROW
                         NORMAL    RECORD    YEAR
 MAXIMUM TEMPERATURE (F)   21        50      1900
 MINIMUM TEMPERATURE (F)    1       -40      1994


SUNRISE AND SUNSET
JANUARY 18 2018.......SUNRISE   751 AM CST   SUNSET   503 PM CST
JANUARY 19 2018.......SUNRISE   750 AM CST   SUNSET   505 PM CST


-  INDICATES NEGATIVE NUMBERS.
R  INDICATES RECORD WAS SET OR TIED.
MM INDICATES DATA IS MISSING.
T  INDICATES TRACE AMOUNT.




$$
