008
CDUS43 KMPX 180646
CLISTC


CLIMATE REPORT
NATIONAL WEATHER SERVICE CHANHASSEN MN
1241 AM CST SAT NOV 18 2017


...................................

...THE ST CLOUD MN CLIMATE SUMMARY FOR NOVEMBER 17 2017...

CLIMATE NORMAL PERIOD 1981 TO 2010
CLIMATE RECORD PERIOD 1893 TO 2017


WEATHER ITEM   OBSERVED TIME   RECORD YEAR NORMAL DEPARTURE LAST
                VALUE   (LST)  VALUE       VALUE  FROM      YEAR
                                                  NORMAL
..................................................................
TEMPERATURE (F)
 YESTERDAY
  MAXIMUM         40    258 PM  69    1953  38      2       50
  MINIMUM         32   1159 PM  -6    1959  21     11       40
  AVERAGE         36                        30      6       45

PRECIPITATION (IN)
  YESTERDAY        0.01          1.04 2015   0.05  -0.04     0.06
  MONTH TO DATE    0.82                      0.84  -0.02     0.06
  SINCE SEP 1      8.83                      6.79   2.04     5.82
  SINCE JAN 1     29.76                     26.37   3.39    30.64

SNOWFALL (IN)
  YESTERDAY        0.0           6.0  1911   0.3   -0.3      0.0
  MONTH TO DATE    5.7                       3.8    1.9      0.0
  SINCE SEP 1      7.1                       4.6    2.5      0.0
  SINCE JUL 1      7.1                       4.6    2.5      0.0
  SNOW DEPTH       0

DEGREE DAYS
 HEATING
  YESTERDAY       29                        36     -7       20
  MONTH TO DATE  613                       524     89      311
  SINCE SEP 1   1295                      1351    -56      921
  SINCE JUL 1   1335                      1409    -74      943

 COOLING
  YESTERDAY        0                         0      0        0
  MONTH TO DATE    0                         0      0        0
  SINCE SEP 1     71                        36     35       28
  SINCE JAN 1    361                       465   -104      506
..................................................................


WIND (MPH)
  HIGHEST WIND SPEED    25   HIGHEST WIND DIRECTION    SE (150)
  HIGHEST GUST SPEED    31   HIGHEST GUST DIRECTION    SE (140)
  AVERAGE WIND SPEED     7.2


SKY COVER
  POSSIBLE SUNSHINE  MM
  AVERAGE SKY COVER 0.7


WEATHER CONDITIONS
 THE FOLLOWING WEATHER WAS RECORDED YESTERDAY.
  LIGHT RAIN
  FOG


RELATIVE HUMIDITY (PERCENT)
 HIGHEST   100           600 PM
 LOWEST     75           300 AM
 AVERAGE    88

..........................................................


THE ST CLOUD MN CLIMATE NORMALS FOR TODAY
                         NORMAL    RECORD    YEAR
 MAXIMUM TEMPERATURE (F)   37        65      1904
 MINIMUM TEMPERATURE (F)   20        -7      1932


SUNRISE AND SUNSET
NOVEMBER 18 2017......SUNRISE   720 AM CST   SUNSET   443 PM CST
NOVEMBER 19 2017......SUNRISE   721 AM CST   SUNSET   442 PM CST


-  INDICATES NEGATIVE NUMBERS.
R  INDICATES RECORD WAS SET OR TIED.
MM INDICATES DATA IS MISSING.
T  INDICATES TRACE AMOUNT.




$$
