000
CDUS43 KMPX 020805
CLISTC


CLIMATE REPORT
NATIONAL WEATHER SERVICE CHANHASSEN MN
303 AM CDT MON MAY 2 2016


...................................

...THE ST CLOUD MN CLIMATE SUMMARY FOR MAY 1 2016...

CLIMATE NORMAL PERIOD 1981 TO 2010
CLIMATE RECORD PERIOD 1893 TO 2016


WEATHER ITEM   OBSERVED TIME   RECORD YEAR NORMAL DEPARTURE LAST
                VALUE   (LST)  VALUE       VALUE  FROM      YEAR
                                                  NORMAL
..................................................................
TEMPERATURE (F)
 YESTERDAY
  MAXIMUM         62    457 PM  94    1959  64     -2       69
  MINIMUM         34    521 AM  22    1966  39     -5       46
  AVERAGE         48                        52     -4       58

PRECIPITATION (IN)
  YESTERDAY        0.00          1.80 1894   0.10  -0.10     0.02
  MONTH TO DATE    0.00                      0.10  -0.10     0.02
  SINCE MAR 1      3.24                      4.22  -0.98     2.07
  SINCE JAN 1      4.18                      5.46  -1.28     2.66

SNOWFALL (IN)
  YESTERDAY        0.0           2.8  1935   0.0    0.0      0.0
  MONTH TO DATE    0.0                       0.0    0.0      0.0
  SINCE MAR 1      4.6                      11.5   -6.9      4.3
  SINCE JUL 1     30.3                      45.7  -15.4     31.1
  SNOW DEPTH       0

DEGREE DAYS
 HEATING
  YESTERDAY       17                        14      3        7
  MONTH TO DATE   17                        14      3        7
  SINCE MAR 1   1439                      1735   -296     1559
  SINCE JUL 1   6890                      8181  -1291     7817

 COOLING
  YESTERDAY        0                         0      0        0
  MONTH TO DATE    0                         0      0        0
  SINCE MAR 1      5                         2      3        0
  SINCE JAN 1      5                         2      3        0
..................................................................


WIND (MPH)
  HIGHEST WIND SPEED    17   HIGHEST WIND DIRECTION    NE (40)
  HIGHEST GUST SPEED    23   HIGHEST GUST DIRECTION    NE (40)
  AVERAGE WIND SPEED     6.7


SKY COVER
  POSSIBLE SUNSHINE  MM
  AVERAGE SKY COVER 0.1


WEATHER CONDITIONS
 THE FOLLOWING WEATHER WAS RECORDED YESTERDAY.
  NO SIGNIFICANT WEATHER WAS OBSERVED.


RELATIVE HUMIDITY (PERCENT)
 HIGHEST    82           500 AM
 LOWEST     30           500 PM
 AVERAGE    56

..........................................................


THE ST CLOUD MN CLIMATE NORMALS FOR TODAY
                         NORMAL    RECORD    YEAR
 MAXIMUM TEMPERATURE (F)   65        94      1959
 MINIMUM TEMPERATURE (F)   40        21      1990
                                             1967


SUNRISE AND SUNSET
MAY  2 2016...........SUNRISE   602 AM CDT   SUNSET   825 PM CDT
MAY  3 2016...........SUNRISE   601 AM CDT   SUNSET   826 PM CDT


-  INDICATES NEGATIVE NUMBERS.
R  INDICATES RECORD WAS SET OR TIED.
MM INDICATES DATA IS MISSING.
T  INDICATES TRACE AMOUNT.




$$
