000
CDUS43 KMPX 280655
CLISTC


CLIMATE REPORT
NATIONAL WEATHER SERVICE CHANHASSEN MN
154 AM CDT FRI AUG 28 2015


...................................

...THE ST CLOUD MN CLIMATE SUMMARY FOR AUGUST 27 2015...

CLIMATE NORMAL PERIOD 1981 TO 2010
CLIMATE RECORD PERIOD 1893 TO 2015


WEATHER ITEM   OBSERVED TIME   RECORD YEAR NORMAL DEPARTURE LAST
                VALUE   (LST)  VALUE       VALUE  FROM      YEAR
                                                  NORMAL
..................................................................
TEMPERATURE (F)
 YESTERDAY
  MAXIMUM         77   1213 PM  98    1921  77      0       77
  MINIMUM         54    432 AM  37    1982  54      0       57
  AVERAGE         66                        66      0       67

PRECIPITATION (IN)
  YESTERDAY        0.00          3.59 1960   0.13  -0.13      T
  MONTH TO DATE    3.10                      3.25  -0.15     2.75
  SINCE JUN 1     14.94                     10.73   4.21    10.18
  SINCE JAN 1     23.61                     19.04   4.57    26.53

SNOWFALL (IN)
  YESTERDAY        0.0           0.0    MM   0.0    0.0      0.0
  MONTH TO DATE    0.0                       0.0    0.0      0.0
  SINCE JUN 1      0.0                       0.0    0.0      0.0
  SINCE JUL 1      0.0                       0.0    0.0      0.0
  SNOW DEPTH       0

DEGREE DAYS
 HEATING
  YESTERDAY        0                         2     -2        0
  MONTH TO DATE   38                        32      6        2
  SINCE JUN 1     78                       127    -49       35
  SINCE JUL 1     50                        49      1        9

 COOLING
  YESTERDAY        1                         3     -2        2
  MONTH TO DATE   96                       115    -19      180
  SINCE JUN 1    365                       392    -27      488
  SINCE JAN 1    370                       417    -47      532
..................................................................


WIND (MPH)
  HIGHEST WIND SPEED    18   HIGHEST WIND DIRECTION     S (160)
  HIGHEST GUST SPEED    23   HIGHEST GUST DIRECTION     S (160)
  AVERAGE WIND SPEED     8.6


SKY COVER
  POSSIBLE SUNSHINE  MM
  AVERAGE SKY COVER 0.3


WEATHER CONDITIONS
 THE FOLLOWING WEATHER WAS RECORDED YESTERDAY.
  NO SIGNIFICANT WEATHER WAS OBSERVED.


RELATIVE HUMIDITY (PERCENT)
 HIGHEST   100          1000 PM
 LOWEST     60          1200 PM
 AVERAGE    80

..........................................................


THE ST CLOUD MN CLIMATE NORMALS FOR TODAY
                         NORMAL    RECORD    YEAR
 MAXIMUM TEMPERATURE (F)   77        94      1984
                                             1969
                                             1937
 MINIMUM TEMPERATURE (F)   54        36      1974


SUNRISE AND SUNSET
AUGUST 28 2015........SUNRISE   632 AM CDT   SUNSET   802 PM CDT
AUGUST 29 2015........SUNRISE   634 AM CDT   SUNSET   800 PM CDT


-  INDICATES NEGATIVE NUMBERS.
R  INDICATES RECORD WAS SET OR TIED.
MM INDICATES DATA IS MISSING.
T  INDICATES TRACE AMOUNT.




$$
