000
CDUS43 KMPX 200010
CLISTC


CLIMATE REPORT
NATIONAL WEATHER SERVICE CHANHASSEN MN
710 PM CDT SUN MAR 19 2017


...................................

...THE ST CLOUD MN CLIMATE SUMMARY FOR MARCH 19 2017...
VALID TODAY AS OF 0700 PM LOCAL TIME.

CLIMATE NORMAL PERIOD 1981 TO 2010
CLIMATE RECORD PERIOD 1893 TO 2017


WEATHER ITEM   OBSERVED TIME   RECORD YEAR NORMAL DEPARTURE LAST
                VALUE   (LST)  VALUE       VALUE  FROM      YEAR
                                                  NORMAL
..................................................................
TEMPERATURE (F)
 TODAY
  MAXIMUM         54        MM  78    2012  40     14       37
  MINIMUM         29        MM -12    1965  21      8       24
  AVERAGE         42                        31     11       31

PRECIPITATION (IN)
  TODAY            0.00          2.00 1897   0.06  -0.06     0.05
  MONTH TO DATE    0.50                      0.84  -0.34     0.57
  SINCE MAR 1      0.50                      0.84  -0.34     0.57
  SINCE JAN 1      1.82                      2.08  -0.26     1.51

SNOWFALL (IN)
  TODAY            0.0           6.4  1964   0.2   -0.2      0.9
  MONTH TO DATE    2.0                       6.0   -4.0      2.7
  SINCE MAR 1      2.0                       6.0   -4.0      2.7
  SINCE JUL 1     30.9                      40.2   -9.3     28.4
  SNOW DEPTH       0

DEGREE DAYS
 HEATING
  TODAY           23                        34    -11       34
  MONTH TO DATE  747                       730     17      505
  SINCE MAR 1    747                       730     17      505
  SINCE JUL 1   6103                      7176  -1073     5956

 COOLING
  TODAY            0                         0      0        0
  MONTH TO DATE    0                         0      0        0
  SINCE MAR 1      0                         0      0        0
  SINCE JAN 1      0                         0      0        0
..................................................................


WIND (MPH)
  HIGHEST WIND SPEED    22   HIGHEST WIND DIRECTION     S (190)
  HIGHEST GUST SPEED    32   HIGHEST GUST DIRECTION     S (170)
  AVERAGE WIND SPEED    13.7


SKY COVER
  POSSIBLE SUNSHINE  MM
  AVERAGE SKY COVER 0.2


WEATHER CONDITIONS
 THE FOLLOWING WEATHER WAS RECORDED TODAY.
  NO SIGNIFICANT WEATHER WAS OBSERVED.


RELATIVE HUMIDITY (PERCENT)
 HIGHEST    92           600 AM
 LOWEST     54           300 PM
 AVERAGE    73

..........................................................


THE ST CLOUD MN CLIMATE NORMALS FOR TOMORROW
                         NORMAL    RECORD    YEAR
 MAXIMUM TEMPERATURE (F)   41        65      1911
                                             1910
 MINIMUM TEMPERATURE (F)   22       -15      1965


SUNRISE AND SUNSET
MARCH 19 2017.........SUNRISE   721 AM CDT   SUNSET   728 PM CDT
MARCH 20 2017.........SUNRISE   719 AM CDT   SUNSET   729 PM CDT


-  INDICATES NEGATIVE NUMBERS.
R  INDICATES RECORD WAS SET OR TIED.
MM INDICATES DATA IS MISSING.
T  INDICATES TRACE AMOUNT.




$$
