000
CDUS43 KMPX 170124
CLISTC


CLIMATE REPORT
NATIONAL WEATHER SERVICE CHANHASSEN MN
824 PM CDT TUE SEP 16 2014


...................................

...THE ST CLOUD MN CLIMATE SUMMARY FOR SEPTEMBER 16 2014...
VALID TODAY AS OF 0800 PM LOCAL TIME.

CLIMATE NORMAL PERIOD 1981 TO 2010
CLIMATE RECORD PERIOD 1893 TO 2014


WEATHER ITEM   OBSERVED TIME   RECORD YEAR NORMAL DEPARTURE LAST
                VALUE   (LST)  VALUE       VALUE  FROM      YEAR
                                                  NORMAL
..................................................................
TEMPERATURE (F)
 TODAY
  MAXIMUM         70        MM  94    1948  70      0       65
  MINIMUM         38        MM  29    1943  47     -9       36
  AVERAGE         54                        58     -4       51

PRECIPITATION (IN)
  TODAY            0.00          3.02 1907   0.11  -0.11     0.00
  MONTH TO DATE    3.73                      1.99   1.74     1.36
  SINCE SEP 1      3.73                      1.99   1.74     1.36
  SINCE JAN 1     33.10                     21.57  11.53    21.69

SNOWFALL (IN)
  TODAY            0.0           T    1956   0.0    0.0      0.0
  MONTH TO DATE    0.0                       0.0    0.0      0.0
  SINCE SEP 1      0.0                       0.0    0.0      0.0
  SINCE JUL 1      0.0                       0.0    0.0      0.0
  SNOW DEPTH       0

DEGREE DAYS
 HEATING
  TODAY           11                         8      3       14
  MONTH TO DATE  104                        84     20       64
  SINCE SEP 1    104                        84     20       64
  SINCE JUL 1    113                       142    -29      113

 COOLING
  TODAY            0                         1     -1        0
  MONTH TO DATE   20                        26     -6       60
  SINCE SEP 1     20                        26     -6       60
  SINCE JAN 1    574                       455    119      564
..................................................................


WIND (MPH)
  HIGHEST WIND SPEED    12   HIGHEST WIND DIRECTION     W (260)
  HIGHEST GUST SPEED    17   HIGHEST GUST DIRECTION     S (200)
  AVERAGE WIND SPEED     5.1


SKY COVER
  POSSIBLE SUNSHINE  MM
  AVERAGE SKY COVER 0.1


WEATHER CONDITIONS
 THE FOLLOWING WEATHER WAS RECORDED TODAY.
  NO SIGNIFICANT WEATHER WAS OBSERVED.


RELATIVE HUMIDITY (PERCENT)
 HIGHEST    92           300 AM
 LOWEST     33           200 PM
 AVERAGE    63

..........................................................


THE ST CLOUD MN CLIMATE NORMALS FOR TOMORROW
                         NORMAL    RECORD    YEAR
 MAXIMUM TEMPERATURE (F)   70        92      1955
 MINIMUM TEMPERATURE (F)   46        27      1943


SUNRISE AND SUNSET
SEPTEMBER 16 2014.....SUNRISE   656 AM CDT   SUNSET   725 PM CDT
SEPTEMBER 17 2014.....SUNRISE   657 AM CDT   SUNSET   723 PM CDT


-  INDICATES NEGATIVE NUMBERS.
R  INDICATES RECORD WAS SET OR TIED.
MM INDICATES DATA IS MISSING.
T  INDICATES TRACE AMOUNT.




$$
