000
CDUS43 KMPX 250639
CLISTC


CLIMATE REPORT
NATIONAL WEATHER SERVICE CHANHASSEN MN
1238 AM CST WED FEB 25 2015


...................................

...THE ST CLOUD MN CLIMATE SUMMARY FOR FEBRUARY 24 2015...

CLIMATE NORMAL PERIOD 1981 TO 2010
CLIMATE RECORD PERIOD 1893 TO 2015


WEATHER ITEM   OBSERVED TIME   RECORD YEAR NORMAL DEPARTURE LAST
                VALUE   (LST)  VALUE       VALUE  FROM      YEAR
                                                  NORMAL
..................................................................
TEMPERATURE (F)
 YESTERDAY
  MAXIMUM         29    339 AM  55    1998  30     -1       11
  MINIMUM          9   1159 PM -22    1950  11     -2       -5
  AVERAGE         19                        20     -1        3

PRECIPITATION (IN)
  YESTERDAY        0.02          1.00 2007   0.02   0.00     0.01
  MONTH TO DATE    0.35                      0.47  -0.12     1.17
  SINCE DEC 1      1.34                      1.94  -0.60     4.28
  SINCE JAN 1      0.59                      1.12  -0.53     2.51

SNOWFALL (IN)
  YESTERDAY        T             7.6  2007   0.2   -0.2      0.1
  MONTH TO DATE    4.0                       5.8   -1.8     13.5
  SINCE DEC 1      9.0                      23.8  -14.8     50.7
  SINCE JUL 1     26.6                      33.0   -6.4     54.3
  SNOW DEPTH       2

DEGREE DAYS
 HEATING
  YESTERDAY       46                        45      1       62
  MONTH TO DATE 1330                      1169    161     1392
  SINCE DEC 1   4087                      4346   -259     5069
  SINCE JUL 1   6019                      6271   -252     6942

 COOLING
  YESTERDAY        0                         0      0        0
  MONTH TO DATE    0                         0      0        0
  SINCE DEC 1      0                         0      0        0
  SINCE JAN 1      0                         0      0        0
..................................................................


WIND (MPH)
  HIGHEST WIND SPEED    32   HIGHEST WIND DIRECTION    NW (310)
  HIGHEST GUST SPEED    42   HIGHEST GUST DIRECTION    NW (310)
  AVERAGE WIND SPEED    15.3


SKY COVER
  POSSIBLE SUNSHINE  MM
  AVERAGE SKY COVER 0.4


WEATHER CONDITIONS
 THE FOLLOWING WEATHER WAS RECORDED YESTERDAY.
  SNOW
  LIGHT SNOW
  FOG
  FOG W/VISIBILITY <= 1/4 MILE
  HAZE


RELATIVE HUMIDITY (PERCENT)
 HIGHEST    75           500 AM
 LOWEST     37          1200 PM
 AVERAGE    56

..........................................................


THE ST CLOUD MN CLIMATE NORMALS FOR TODAY
                         NORMAL    RECORD    YEAR
 MAXIMUM TEMPERATURE (F)   30        54      1958
 MINIMUM TEMPERATURE (F)   12       -30      1940


SUNRISE AND SUNSET
FEBRUARY 25 2015......SUNRISE   702 AM CST   SUNSET   557 PM CST
FEBRUARY 26 2015......SUNRISE   700 AM CST   SUNSET   559 PM CST


-  INDICATES NEGATIVE NUMBERS.
R  INDICATES RECORD WAS SET OR TIED.
MM INDICATES DATA IS MISSING.
T  INDICATES TRACE AMOUNT.




$$
