000
CDUS43 KMPX 050636
CLISTC


CLIMATE REPORT
NATIONAL WEATHER SERVICE CHANHASSEN MN
136 AM CDT SUN JUL 5 2015


...................................

...THE ST CLOUD MN CLIMATE SUMMARY FOR JULY 4 2015...

CLIMATE NORMAL PERIOD 1981 TO 2010
CLIMATE RECORD PERIOD 1893 TO 2015


WEATHER ITEM   OBSERVED TIME   RECORD YEAR NORMAL DEPARTURE LAST
                VALUE   (LST)  VALUE       VALUE  FROM      YEAR
                                                  NORMAL
..................................................................
TEMPERATURE (F)
 YESTERDAY
  MAXIMUM         85    423 PM  97    2012  82      3       80
  MINIMUM         57    500 AM  43    1972  58     -1       51
  AVERAGE         71                        70      1       66

PRECIPITATION (IN)
  YESTERDAY        0.00          1.77 1935   0.12  -0.12     0.04
  MONTH TO DATE    0.00                      0.47  -0.47     0.05
  SINCE JUN 1      4.66                      4.64   0.02     6.23
  SINCE JAN 1     13.33                     12.95   0.38    22.58

SNOWFALL (IN)
  YESTERDAY        0.0           0.0    MM   0.0    0.0      0.0
  MONTH TO DATE    0.0                       0.0    0.0      0.0
  SINCE JUN 1      0.0                       0.0    0.0      0.0
  SINCE JUL 1      0.0                       0.0    0.0      0.0
  SNOW DEPTH       0

DEGREE DAYS
 HEATING
  YESTERDAY        0                         1     -1        0
  MONTH TO DATE    2                         4     -2        0
  SINCE JUN 1     30                        82    -52       26
  SINCE JUL 1      2                         4     -2        0

 COOLING
  YESTERDAY        6                         6      0        1
  MONTH TO DATE    7                        23    -16        5
  SINCE JUN 1     79                       118    -39      138
  SINCE JAN 1     84                       143    -59      182
..................................................................


WIND (MPH)
  HIGHEST WIND SPEED    13   HIGHEST WIND DIRECTION     S (180)
  HIGHEST GUST SPEED    17   HIGHEST GUST DIRECTION     S (190)
  AVERAGE WIND SPEED     5.3


SKY COVER
  POSSIBLE SUNSHINE  MM
  AVERAGE SKY COVER 0.5


WEATHER CONDITIONS
 THE FOLLOWING WEATHER WAS RECORDED YESTERDAY.
  FOG
  FOG W/VISIBILITY <= 1/4 MILE
  HAZE


RELATIVE HUMIDITY (PERCENT)
 HIGHEST   100           100 AM
 LOWEST     51           100 PM
 AVERAGE    76

..........................................................


THE ST CLOUD MN CLIMATE NORMALS FOR TODAY
                         NORMAL    RECORD    YEAR
 MAXIMUM TEMPERATURE (F)   82        98      1988
 MINIMUM TEMPERATURE (F)   58        43      1972
                                             1967


SUNRISE AND SUNSET
JULY  5 2015..........SUNRISE   534 AM CDT   SUNSET   908 PM CDT
JULY  6 2015..........SUNRISE   534 AM CDT   SUNSET   907 PM CDT


-  INDICATES NEGATIVE NUMBERS.
R  INDICATES RECORD WAS SET OR TIED.
MM INDICATES DATA IS MISSING.
T  INDICATES TRACE AMOUNT.




$$
