000
CDUS43 KMPX 260629
CLISTC


CLIMATE REPORT
NATIONAL WEATHER SERVICE CHANHASSEN MN
128 AM CDT SUN MAR 26 2017


...................................

...THE ST CLOUD MN CLIMATE SUMMARY FOR MARCH 25 2017...

CLIMATE NORMAL PERIOD 1981 TO 2010
CLIMATE RECORD PERIOD 1893 TO 2017


WEATHER ITEM   OBSERVED TIME   RECORD YEAR NORMAL DEPARTURE LAST
                VALUE   (LST)  VALUE       VALUE  FROM      YEAR
                                                  NORMAL
..................................................................
TEMPERATURE (F)
 YESTERDAY
  MAXIMUM         43    658 PM  76    1939  44     -1       49
  MINIMUM         34    726 AM  -8    1940  24     10       25
  AVERAGE         39                        34      5       37

PRECIPITATION (IN)
  YESTERDAY        0.00          0.93 1954   0.06  -0.06     0.07
  MONTH TO DATE    0.64                      1.18  -0.54     0.64
  SINCE MAR 1      0.64                      1.18  -0.54     0.64
  SINCE JAN 1      1.96                      2.42  -0.46     1.58

SNOWFALL (IN)
  YESTERDAY        0.0           7.0  1954   0.2   -0.2      0.0
  MONTH TO DATE    2.0                       7.4   -5.4      2.7
  SINCE MAR 1      2.0                       7.4   -5.4      2.7
  SINCE JUL 1     30.9                      41.6  -10.7     28.4
  SNOW DEPTH       0

DEGREE DAYS
 HEATING
  YESTERDAY       26                        31     -5       28
  MONTH TO DATE  923                       925     -2      683
  SINCE MAR 1    923                       925     -2      683
  SINCE JUL 1   6279                      7371  -1092     6134

 COOLING
  YESTERDAY        0                         0      0        0
  MONTH TO DATE    0                         0      0        0
  SINCE MAR 1      0                         0      0        0
  SINCE JAN 1      0                         0      0        0
..................................................................


WIND (MPH)
  HIGHEST WIND SPEED    14   HIGHEST WIND DIRECTION     E (80)
  HIGHEST GUST SPEED    20   HIGHEST GUST DIRECTION     E (70)
  AVERAGE WIND SPEED     8.5


SKY COVER
  POSSIBLE SUNSHINE  MM
  AVERAGE SKY COVER 1.0


WEATHER CONDITIONS
 THE FOLLOWING WEATHER WAS RECORDED YESTERDAY.
  NO SIGNIFICANT WEATHER WAS OBSERVED.


RELATIVE HUMIDITY (PERCENT)
 HIGHEST    89          1200 AM
 LOWEST     70           400 PM
 AVERAGE    80

..........................................................


THE ST CLOUD MN CLIMATE NORMALS FOR TODAY
                         NORMAL    RECORD    YEAR
 MAXIMUM TEMPERATURE (F)   44        79      2007
 MINIMUM TEMPERATURE (F)   24       -14      1996
                                             1965


SUNRISE AND SUNSET
MARCH 26 2017.........SUNRISE   707 AM CDT   SUNSET   737 PM CDT
MARCH 27 2017.........SUNRISE   705 AM CDT   SUNSET   738 PM CDT


-  INDICATES NEGATIVE NUMBERS.
R  INDICATES RECORD WAS SET OR TIED.
MM INDICATES DATA IS MISSING.
T  INDICATES TRACE AMOUNT.




$$
