000
CDUS43 KMPX 140708
CLISTC


CLIMATE REPORT
NATIONAL WEATHER SERVICE CHANHASSEN MN
208 AM CDT THU SEP 14 2017


...................................

...THE ST CLOUD MN CLIMATE SUMMARY FOR SEPTEMBER 13 2017...

CLIMATE NORMAL PERIOD 1981 TO 2010
CLIMATE RECORD PERIOD 1893 TO 2017


WEATHER ITEM   OBSERVED TIME   RECORD YEAR NORMAL DEPARTURE LAST
                VALUE   (LST)  VALUE       VALUE  FROM      YEAR
                                                  NORMAL
..................................................................
TEMPERATURE (F)
 YESTERDAY
  MAXIMUM         85    154 PM  91    1998  72     13       62
                                      1939
                                      1927
  MINIMUM         60    552 AM  30    1975  48     12       43
                                      1906
  AVERAGE         73                        60     13       53

PRECIPITATION (IN)
  YESTERDAY        0.00          2.15 1921   0.12  -0.12     0.00
  MONTH TO DATE    0.18                      1.65  -1.47     0.85
  SINCE SEP 1      0.18                      1.65  -1.47     0.85
  SINCE JAN 1     21.11                     21.23  -0.12    25.67

SNOWFALL (IN)
  YESTERDAY        0.0           0.0    MM   0.0    0.0      0.0
  MONTH TO DATE    0.0                       0.0    0.0      0.0
  SINCE SEP 1      0.0                       0.0    0.0      0.0
  SINCE JUL 1      0.0                       0.0    0.0      0.0
  SNOW DEPTH       0

DEGREE DAYS
 HEATING
  YESTERDAY        0                         7     -7       12
  MONTH TO DATE   46                        62    -16       19
  SINCE SEP 1     46                        62    -16       19
  SINCE JUL 1     86                       120    -34       41

 COOLING
  YESTERDAY        8                         1      7        0
  MONTH TO DATE   27                        23      4       26
  SINCE SEP 1     27                        23      4       26
  SINCE JAN 1    317                       452   -135      504
..................................................................


WIND (MPH)
  HIGHEST WIND SPEED    14   HIGHEST WIND DIRECTION     S (190)
  HIGHEST GUST SPEED    18   HIGHEST GUST DIRECTION    SW (210)
  AVERAGE WIND SPEED     5.4


SKY COVER
  POSSIBLE SUNSHINE  MM
  AVERAGE SKY COVER 0.0


WEATHER CONDITIONS
 THE FOLLOWING WEATHER WAS RECORDED YESTERDAY.
  FOG


RELATIVE HUMIDITY (PERCENT)
 HIGHEST   100          1200 AM
 LOWEST     55           200 PM
 AVERAGE    78

..........................................................


THE ST CLOUD MN CLIMATE NORMALS FOR TODAY
                         NORMAL    RECORD    YEAR
 MAXIMUM TEMPERATURE (F)   71        95      1939
 MINIMUM TEMPERATURE (F)   48        31      1996


SUNRISE AND SUNSET
SEPTEMBER 14 2017.....SUNRISE   654 AM CDT   SUNSET   729 PM CDT
SEPTEMBER 15 2017.....SUNRISE   655 AM CDT   SUNSET   727 PM CDT


-  INDICATES NEGATIVE NUMBERS.
R  INDICATES RECORD WAS SET OR TIED.
MM INDICATES DATA IS MISSING.
T  INDICATES TRACE AMOUNT.




$$
