000
CDUS43 KMPX 300637
CLISTC


CLIMATE REPORT
NATIONAL WEATHER SERVICE CHANHASSEN MN
137 AM CDT SAT AUG 30 2014


...................................

...THE ST CLOUD MN CLIMATE SUMMARY FOR AUGUST 29 2014...

CLIMATE NORMAL PERIOD 1981 TO 2010
CLIMATE RECORD PERIOD 1893 TO 2014


WEATHER ITEM   OBSERVED TIME   RECORD YEAR NORMAL DEPARTURE LAST
                VALUE   (LST)  VALUE       VALUE  FROM      YEAR
                                                  NORMAL
..................................................................
TEMPERATURE (F)
 YESTERDAY
  MAXIMUM         74    539 PM  94    1969  77     -3       92
                                      1961
  MINIMUM         67    554 AM  36    1946  54     13       70
  AVERAGE         71                        65      6       81

PRECIPITATION (IN)
  YESTERDAY        2.03R         2.02 1964   0.14   1.89     0.00
  MONTH TO DATE    4.80                      3.52   1.28     0.67
  SINCE JUN 1     12.23                     11.00   1.23     7.86
  SINCE JAN 1     28.58                     19.31   9.27    20.15

SNOWFALL (IN)
  YESTERDAY        0.0           0.0    MM   0.0    0.0      0.0
  MONTH TO DATE    0.0                       0.0    0.0      0.0
  SINCE JUN 1      0.0                       0.0    0.0      0.0
  SINCE JUL 1      0.0                       0.0    0.0      0.0
  SNOW DEPTH       0

DEGREE DAYS
 HEATING
  YESTERDAY        0                         2     -2        0
  MONTH TO DATE    2                        36    -34       23
  SINCE JUN 1     35                       131    -96      136
  SINCE JUL 1      9                        53    -44       49

 COOLING
  YESTERDAY        6                         3      3       16
  MONTH TO DATE  194                       121     73      159
  SINCE JUN 1    502                       398    104      475
  SINCE JAN 1    546                       423    123      486
..................................................................


WIND (MPH)
  HIGHEST WIND SPEED    17   HIGHEST WIND DIRECTION    SE (140)
  HIGHEST GUST SPEED    22   HIGHEST GUST DIRECTION     W (270)
  AVERAGE WIND SPEED     3.6


SKY COVER
  POSSIBLE SUNSHINE  MM
  AVERAGE SKY COVER 0.8


WEATHER CONDITIONS
 THE FOLLOWING WEATHER WAS RECORDED YESTERDAY.
  THUNDERSTORM
  HEAVY RAIN
  RAIN
  LIGHT RAIN
  FOG


RELATIVE HUMIDITY (PERCENT)
 HIGHEST    97           100 PM
 LOWEST     79           300 PM
 AVERAGE    88

..........................................................


THE ST CLOUD MN CLIMATE NORMALS FOR TODAY
                         NORMAL    RECORD    YEAR
 MAXIMUM TEMPERATURE (F)   77        98      1921
 MINIMUM TEMPERATURE (F)   53        38      1974


SUNRISE AND SUNSET
AUGUST 30 2014........SUNRISE   635 AM CDT   SUNSET   758 PM CDT
AUGUST 31 2014........SUNRISE   636 AM CDT   SUNSET   756 PM CDT


-  INDICATES NEGATIVE NUMBERS.
R  INDICATES RECORD WAS SET OR TIED.
MM INDICATES DATA IS MISSING.
T  INDICATES TRACE AMOUNT.




$$
