000
CDUS43 KMPX 220718
CLISTC


CLIMATE REPORT
NATIONAL WEATHER SERVICE CHANHASSEN MN
217 AM CDT MON MAY 22 2017


...................................

...THE ST CLOUD MN CLIMATE SUMMARY FOR MAY 21 2017...

CLIMATE NORMAL PERIOD 1981 TO 2010
CLIMATE RECORD PERIOD 1893 TO 2017


WEATHER ITEM   OBSERVED TIME   RECORD YEAR NORMAL DEPARTURE LAST
                VALUE   (LST)  VALUE       VALUE  FROM      YEAR
                                                  NORMAL
..................................................................
TEMPERATURE (F)
 YESTERDAY
  MAXIMUM         48    249 PM  95    1964  70    -22       80
  MINIMUM         44   1159 PM  30    1986  46     -2       42
                                      1979
  AVERAGE         46                        58    -12       61

PRECIPITATION (IN)
  YESTERDAY        0.34          2.00 1916   0.09   0.25     0.00
  MONTH TO DATE    4.31                      1.96   2.35     0.75
  SINCE MAR 1      8.25                      6.08   2.17     3.99
  SINCE JAN 1      9.57                      7.32   2.25     4.93

SNOWFALL (IN)
  YESTERDAY        0.0           0.0    MM   0.0    0.0      0.0
  MONTH TO DATE    1.0                       0.0    1.0      0.0
  SINCE MAR 1      3.0                      11.5   -8.5      4.6
  SINCE JUL 1     31.9                      45.7  -13.8     30.3
  SNOW DEPTH       0

DEGREE DAYS
 HEATING
  YESTERDAY       19                         8     11        4
  MONTH TO DATE  225                       222      3      255
  SINCE MAR 1   1848                      1943    -95     1677
  SINCE JUL 1   7204                      8389  -1185     7128

 COOLING
  YESTERDAY        0                         1     -1        0
  MONTH TO DATE    3                        13    -10        8
  SINCE MAR 1      3                        15    -12       13
  SINCE JAN 1      3                        15    -12       13
..................................................................


WIND (MPH)
  HIGHEST WIND SPEED    21   HIGHEST WIND DIRECTION     W (280)
  HIGHEST GUST SPEED    27   HIGHEST GUST DIRECTION     W (290)
  AVERAGE WIND SPEED    10.1


SKY COVER
  POSSIBLE SUNSHINE  MM
  AVERAGE SKY COVER 1.0


WEATHER CONDITIONS
 THE FOLLOWING WEATHER WAS RECORDED YESTERDAY.
  RAIN
  LIGHT RAIN
  FOG


RELATIVE HUMIDITY (PERCENT)
 HIGHEST   100          1200 AM
 LOWEST     82           600 PM
 AVERAGE    91

..........................................................


THE ST CLOUD MN CLIMATE NORMALS FOR TODAY
                         NORMAL    RECORD    YEAR
 MAXIMUM TEMPERATURE (F)   71        94      1964
 MINIMUM TEMPERATURE (F)   46        28      1963


SUNRISE AND SUNSET
MAY 22 2017...........SUNRISE   538 AM CDT   SUNSET   849 PM CDT
MAY 23 2017...........SUNRISE   537 AM CDT   SUNSET   850 PM CDT


-  INDICATES NEGATIVE NUMBERS.
R  INDICATES RECORD WAS SET OR TIED.
MM INDICATES DATA IS MISSING.
T  INDICATES TRACE AMOUNT.




$$
