000
CDUS43 KMPX 051021
CLISTC


CLIMATE REPORT
NATIONAL WEATHER SERVICE CHANHASSEN MN
418 AM CST FRI FEB 5 2016


...................................

...THE ST CLOUD MN CLIMATE SUMMARY FOR FEBRUARY 4 2016...

CLIMATE NORMAL PERIOD 1981 TO 2010
CLIMATE RECORD PERIOD 1893 TO 2016


WEATHER ITEM   OBSERVED TIME   RECORD YEAR NORMAL DEPARTURE LAST
                VALUE   (LST)  VALUE       VALUE  FROM      YEAR
                                                  NORMAL
..................................................................
TEMPERATURE (F)
 YESTERDAY
  MAXIMUM         26    306 PM  48    2005  24      2       12
                                      1991
  MINIMUM          5   1159 PM -34    1996   3      2       -7
  AVERAGE         16                        14      2        3

PRECIPITATION (IN)
  YESTERDAY        0.04          0.29 1955   0.02   0.02      T
  MONTH TO DATE    0.13                      0.07   0.06     0.06
  SINCE DEC 1      1.46                      1.54  -0.08     1.05
  SINCE JAN 1      0.44                      0.72  -0.28     0.30

SNOWFALL (IN)
  YESTERDAY        0.9           4.4  1980   0.2    0.7       T
  MONTH TO DATE    3.1                       0.9    2.2      1.7
  SINCE DEC 1     15.9                      18.9   -3.0      6.7
  SINCE JUL 1     21.6                      28.1   -6.5     24.3
  SNOW DEPTH       4

DEGREE DAYS
 HEATING
  YESTERDAY       49                        51     -2       62
  MONTH TO DATE  180                       207    -27      234
  SINCE DEC 1   2943                      3384   -441     2991
  SINCE JUL 1   4402                      5309   -907     4923

 COOLING
  YESTERDAY        0                         0      0        0
  MONTH TO DATE    0                         0      0        0
  SINCE DEC 1      0                         0      0        0
  SINCE JAN 1      0                         0      0        0
..................................................................


WIND (MPH)
  HIGHEST WIND SPEED    16   HIGHEST WIND DIRECTION    NW (300)
  HIGHEST GUST SPEED    19   HIGHEST GUST DIRECTION    NW (300)
  AVERAGE WIND SPEED     6.6


SKY COVER
  POSSIBLE SUNSHINE  MM
  AVERAGE SKY COVER 0.5


WEATHER CONDITIONS
 THE FOLLOWING WEATHER WAS RECORDED YESTERDAY.
  LIGHT SNOW
  FOG
  HAZE


RELATIVE HUMIDITY (PERCENT)
 HIGHEST    92           400 AM
 LOWEST     55           300 PM
 AVERAGE    74

..........................................................


THE ST CLOUD MN CLIMATE NORMALS FOR TODAY
                         NORMAL    RECORD    YEAR
 MAXIMUM TEMPERATURE (F)   24        49      2005
 MINIMUM TEMPERATURE (F)    4       -31      1979


SUNRISE AND SUNSET
FEBRUARY  5 2016......SUNRISE   733 AM CST   SUNSET   528 PM CST
FEBRUARY  6 2016......SUNRISE   732 AM CST   SUNSET   530 PM CST


-  INDICATES NEGATIVE NUMBERS.
R  INDICATES RECORD WAS SET OR TIED.
MM INDICATES DATA IS MISSING.
T  INDICATES TRACE AMOUNT.




$$
