000
CDUS43 KMPX 080053
CLISTC


CLIMATE REPORT
NATIONAL WEATHER SERVICE CHANHASSEN MN
753 PM CDT MON JUL 7 2014


...................................

...THE ST CLOUD MN CLIMATE SUMMARY FOR JULY 7 2014...
VALID TODAY AS OF 0700 PM LOCAL TIME.

CLIMATE NORMAL PERIOD 1981 TO 2010
CLIMATE RECORD PERIOD 1893 TO 2014


WEATHER ITEM   OBSERVED TIME   RECORD YEAR NORMAL DEPARTURE LAST
                VALUE   (LST)  VALUE       VALUE  FROM      YEAR
                                                  NORMAL
..................................................................
TEMPERATURE (F)
 TODAY
  MAXIMUM         86    217 PM 102    1936  82      4       92
  MINIMUM         62    452 AM  40    1972  58      4       67
  AVERAGE         74                        70      4       80

PRECIPITATION (IN)
  TODAY            0.12          2.40 1903   0.11   0.01     0.02
  MONTH TO DATE    0.35                      0.81  -0.46     0.06
  SINCE JUN 1      6.53                      4.98   1.55     5.82
  SINCE JAN 1     22.88                     13.29   9.59    18.11

SNOWFALL (IN)
  TODAY            0.0           0.0    MM   0.0    0.0      0.0
  MONTH TO DATE    0.0                       0.0    0.0      0.0
  SINCE JUN 1      0.0                       0.0    0.0      0.0
  SINCE JUL 1      0.0                       0.0    0.0      0.0
  SNOW DEPTH       0

DEGREE DAYS
 HEATING
  TODAY            0                         1     -1        0
  MONTH TO DATE    0                         7     -7        0
  SINCE JUN 1     26                        85    -59       87
  SINCE JUL 1      0                         7     -7        0

 COOLING
  TODAY            9                         6      3       15
  MONTH TO DATE   40                        41     -1       59
  SINCE JUN 1    173                       136     37      158
  SINCE JAN 1    217                       161     56      169
..................................................................


WIND (MPH)
  HIGHEST WIND SPEED    21   HIGHEST WIND DIRECTION    NW (320)
  HIGHEST GUST SPEED    28   HIGHEST GUST DIRECTION    NW (320)
  AVERAGE WIND SPEED     5.1


SKY COVER
  POSSIBLE SUNSHINE  MM
  AVERAGE SKY COVER 0.4


WEATHER CONDITIONS
 THE FOLLOWING WEATHER WAS RECORDED TODAY.
  THUNDERSTORM
  RAIN
  LIGHT RAIN


RELATIVE HUMIDITY (PERCENT)
 HIGHEST    90           200 AM
 LOWEST     47          1000 AM
 AVERAGE    69

..........................................................


THE ST CLOUD MN CLIMATE NORMALS FOR TOMORROW
                         NORMAL    RECORD    YEAR
 MAXIMUM TEMPERATURE (F)   82       101      1936
 MINIMUM TEMPERATURE (F)   59        42      1958


SUNRISE AND SUNSET
JULY  7 2014..........SUNRISE   535 AM CDT   SUNSET   907 PM CDT
JULY  8 2014..........SUNRISE   536 AM CDT   SUNSET   906 PM CDT


-  INDICATES NEGATIVE NUMBERS.
R  INDICATES RECORD WAS SET OR TIED.
MM INDICATES DATA IS MISSING.
T  INDICATES TRACE AMOUNT.




$$
