000
CDUS43 KMPX 210632
CLISTC


CLIMATE REPORT
NATIONAL WEATHER SERVICE CHANHASSEN MN
131 AM CDT WED JUN 21 2017


...................................

...THE ST CLOUD MN CLIMATE SUMMARY FOR JUNE 20 2017...

CLIMATE NORMAL PERIOD 1981 TO 2010
CLIMATE RECORD PERIOD 1893 TO 2017


WEATHER ITEM   OBSERVED TIME   RECORD YEAR NORMAL DEPARTURE LAST
                VALUE   (LST)  VALUE       VALUE  FROM      YEAR
                                                  NORMAL
..................................................................
TEMPERATURE (F)
 YESTERDAY
  MAXIMUM         75    437 PM  98    1933  79     -4       75
  MINIMUM         51   1159 PM  33    1992  55     -4       57
  AVERAGE         63                        67     -4       66

PRECIPITATION (IN)
  YESTERDAY        0.06          1.55 2015   0.14  -0.08     0.00
  MONTH TO DATE    1.09                      2.78  -1.69     2.92
  SINCE JUN 1      1.09                      2.78  -1.69     2.92
  SINCE JAN 1     10.79                     11.09  -0.30     9.27

SNOWFALL (IN)
  YESTERDAY        0.0           0.0    MM   0.0    0.0      0.0
  MONTH TO DATE    0.0                       0.0    0.0      0.0
  SINCE JUN 1      0.0                       0.0    0.0      0.0
  SINCE JUL 1     31.9                      45.7  -13.8     30.3
  SNOW DEPTH       0

DEGREE DAYS
 HEATING
  YESTERDAY        2                         2      0        0
  MONTH TO DATE   12                        66    -54       30
  SINCE JUN 1     12                        66    -54       30
  SINCE JUL 1   7298                      8520  -1222     7167

 COOLING
  YESTERDAY        0                         4     -4        1
  MONTH TO DATE   72                        49     23       74
  SINCE JUN 1     72                        49     23       74
  SINCE JAN 1     75                        74      1      105
..................................................................


WIND (MPH)
  HIGHEST WIND SPEED    15   HIGHEST WIND DIRECTION     N (340)
  HIGHEST GUST SPEED    20   HIGHEST GUST DIRECTION    NW (310)
  AVERAGE WIND SPEED     6.8


SKY COVER
  POSSIBLE SUNSHINE  MM
  AVERAGE SKY COVER 0.3


WEATHER CONDITIONS
 THE FOLLOWING WEATHER WAS RECORDED YESTERDAY.
  LIGHT RAIN
  FOG


RELATIVE HUMIDITY (PERCENT)
 HIGHEST    93          1100 PM
 LOWEST     38           400 PM
 AVERAGE    66

..........................................................


THE ST CLOUD MN CLIMATE NORMALS FOR TODAY
                         NORMAL    RECORD    YEAR
 MAXIMUM TEMPERATURE (F)   79        95      1910
                                             1900
 MINIMUM TEMPERATURE (F)   55        34      1992


SUNRISE AND SUNSET
JUNE 21 2017..........SUNRISE   527 AM CDT   SUNSET   909 PM CDT
JUNE 22 2017..........SUNRISE   528 AM CDT   SUNSET   909 PM CDT


-  INDICATES NEGATIVE NUMBERS.
R  INDICATES RECORD WAS SET OR TIED.
MM INDICATES DATA IS MISSING.
T  INDICATES TRACE AMOUNT.




$$
