000
CDUS43 KMPX 120651
CLISTC


CLIMATE REPORT
NATIONAL WEATHER SERVICE CHANHASSEN MN
1250 AM CST TUE DEC 12 2017


...................................

...THE ST CLOUD MN CLIMATE SUMMARY FOR DECEMBER 11 2017...

CLIMATE NORMAL PERIOD 1981 TO 2010
CLIMATE RECORD PERIOD 1893 TO 2017


WEATHER ITEM   OBSERVED TIME   RECORD YEAR NORMAL DEPARTURE LAST
                VALUE   (LST)  VALUE       VALUE  FROM      YEAR
                                                  NORMAL
..................................................................
TEMPERATURE (F)
 YESTERDAY
  MAXIMUM         35   1141 AM  53    1913  26      9       19
  MINIMUM          8   1159 PM -23    1936   8      0        4
  AVERAGE         22                        17      5       12

PRECIPITATION (IN)
  YESTERDAY        0.08          0.58 1965   0.03   0.05     0.24
  MONTH TO DATE    0.12                      0.32  -0.20     0.39
  SINCE DEC 1      0.12                      0.32  -0.20     0.39
  SINCE JAN 1     29.88                     27.23   2.65    32.66

SNOWFALL (IN)
  YESTERDAY        0.6           5.3  2010   0.4    0.2      3.0
  MONTH TO DATE    1.0                       3.5   -2.5      4.5
  SINCE DEC 1      1.0                       3.5   -2.5      4.5
  SINCE JUL 1      8.1                      12.7   -4.6     11.8
  SNOW DEPTH       1

DEGREE DAYS
 HEATING
  YESTERDAY       43                        48     -5       53
  MONTH TO DATE  436                       505    -69      477
  SINCE DEC 1    436                       505    -69      477
  SINCE JUL 1   2202                      2430   -228     1851

 COOLING
  YESTERDAY        0                         0      0        0
  MONTH TO DATE    0                         0      0        0
  SINCE DEC 1      0                         0      0        0
  SINCE JAN 1    361                       465   -104      506
..................................................................


WIND (MPH)
  HIGHEST WIND SPEED    26   HIGHEST WIND DIRECTION     N (350)
  HIGHEST GUST SPEED    37   HIGHEST GUST DIRECTION     N (350)
  AVERAGE WIND SPEED    11.5


SKY COVER
  POSSIBLE SUNSHINE  MM
  AVERAGE SKY COVER 0.7


WEATHER CONDITIONS
 THE FOLLOWING WEATHER WAS RECORDED YESTERDAY.
  LT FREEZING RAIN
  LIGHT SNOW
  FOG


RELATIVE HUMIDITY (PERCENT)
 HIGHEST   100           100 AM
 LOWEST     65           500 PM
 AVERAGE    83

..........................................................


THE ST CLOUD MN CLIMATE NORMALS FOR TODAY
                         NORMAL    RECORD    YEAR
 MAXIMUM TEMPERATURE (F)   25        52      1913
 MINIMUM TEMPERATURE (F)    8       -17      1942


SUNRISE AND SUNSET
DECEMBER 12 2017......SUNRISE   747 AM CST   SUNSET   433 PM CST
DECEMBER 13 2017......SUNRISE   748 AM CST   SUNSET   433 PM CST


-  INDICATES NEGATIVE NUMBERS.
R  INDICATES RECORD WAS SET OR TIED.
MM INDICATES DATA IS MISSING.
T  INDICATES TRACE AMOUNT.




$$
