000
CDUS43 KMPX 030858
CLISTC


CLIMATE REPORT
NATIONAL WEATHER SERVICE CHANHASSEN MN
257 AM CST SAT DEC 3 2016


...................................

...THE ST CLOUD MN CLIMATE SUMMARY FOR DECEMBER 2 2016...

CLIMATE NORMAL PERIOD 1981 TO 2010
CLIMATE RECORD PERIOD 1893 TO 2016


WEATHER ITEM   OBSERVED TIME   RECORD YEAR NORMAL DEPARTURE LAST
                VALUE   (LST)  VALUE       VALUE  FROM      YEAR
                                                  NORMAL
..................................................................
TEMPERATURE (F)
 YESTERDAY
  MAXIMUM         30    212 PM  60    1982  29      1       36
  MINIMUM         28   1159 PM -27    1940  13     15       20
  AVERAGE         29                        21      8       28

PRECIPITATION (IN)
  YESTERDAY        0.00          0.45 1909   0.03  -0.03     0.06
                                      1902
  MONTH TO DATE    T                         0.06  -0.06     0.23
  SINCE DEC 1      T                         0.06  -0.06     0.23
  SINCE JAN 1     32.27                     26.97   5.30    32.32

SNOWFALL (IN)
  YESTERDAY        0.0           4.0  1928   0.3   -0.3      0.7
                                      1902
  MONTH TO DATE    T                         0.6   -0.6      2.0
  SINCE DEC 1      T                         0.6   -0.6      2.0
  SINCE JUL 1      7.3                       9.8   -2.5      7.7
  SNOW DEPTH       0

DEGREE DAYS
 HEATING
  YESTERDAY       36                        44     -8       37
  MONTH TO DATE   67                        88    -21       71
  SINCE DEC 1     67                        88    -21       71
  SINCE JUL 1   1441                      2013   -572     1530

 COOLING
  YESTERDAY        0                         0      0        0
  MONTH TO DATE    0                         0      0        0
  SINCE DEC 1      0                         0      0        0
  SINCE JAN 1    506                       465     41      492
..................................................................


WIND (MPH)
  HIGHEST WIND SPEED    13   HIGHEST WIND DIRECTION    NW (310)
  HIGHEST GUST SPEED    16   HIGHEST GUST DIRECTION    NW (300)
  AVERAGE WIND SPEED     6.9


SKY COVER
  POSSIBLE SUNSHINE  MM
  AVERAGE SKY COVER 1.0


WEATHER CONDITIONS
 THE FOLLOWING WEATHER WAS RECORDED YESTERDAY.
  NO SIGNIFICANT WEATHER WAS OBSERVED.


RELATIVE HUMIDITY (PERCENT)
 HIGHEST    78          1200 AM
 LOWEST     72           100 AM
 AVERAGE    75

..........................................................


THE ST CLOUD MN CLIMATE NORMALS FOR TODAY
                         NORMAL    RECORD    YEAR
 MAXIMUM TEMPERATURE (F)   29        61      1998
 MINIMUM TEMPERATURE (F)   12       -28      1940


SUNRISE AND SUNSET
DECEMBER  3 2016......SUNRISE   739 AM CST   SUNSET   433 PM CST
DECEMBER  4 2016......SUNRISE   740 AM CST   SUNSET   433 PM CST


-  INDICATES NEGATIVE NUMBERS.
R  INDICATES RECORD WAS SET OR TIED.
MM INDICATES DATA IS MISSING.
T  INDICATES TRACE AMOUNT.




$$
