000
CDUS43 KMPX 250621
CLISTC


CLIMATE REPORT
NATIONAL WEATHER SERVICE CHANHASSEN MN
121 AM CDT TUE AUG 25 2015


...................................

...THE ST CLOUD MN CLIMATE SUMMARY FOR AUGUST 24 2015...

CLIMATE NORMAL PERIOD 1981 TO 2010
CLIMATE RECORD PERIOD 1893 TO 2015


WEATHER ITEM   OBSERVED TIME   RECORD YEAR NORMAL DEPARTURE LAST
                VALUE   (LST)  VALUE       VALUE  FROM      YEAR
                                                  NORMAL
..................................................................
TEMPERATURE (F)
 YESTERDAY
  MAXIMUM         67    530 PM  96    2003  78    -11       89
  MINIMUM         51    521 AM  37    1987  55     -4       66
  AVERAGE         59                        67     -8       78

PRECIPITATION (IN)
  YESTERDAY        0.00          2.35 2006   0.13  -0.13     0.01
  MONTH TO DATE    3.10                      2.85   0.25     2.74
  SINCE JUN 1     14.94                     10.33   4.61    10.17
  SINCE JAN 1     23.61                     18.64   4.97    26.52

SNOWFALL (IN)
  YESTERDAY        0.0           0.0    MM   0.0    0.0      0.0
  MONTH TO DATE    0.0                       0.0    0.0      0.0
  SINCE JUN 1      0.0                       0.0    0.0      0.0
  SINCE JUL 1      0.0                       0.0    0.0      0.0
  SNOW DEPTH       0

DEGREE DAYS
 HEATING
  YESTERDAY        6                         2      4        0
  MONTH TO DATE   26                        26      0        0
  SINCE JUN 1     66                       121    -55       33
  SINCE JUL 1     38                        43     -5        7

 COOLING
  YESTERDAY        0                         3     -3       13
  MONTH TO DATE   95                       106    -11      174
  SINCE JUN 1    364                       383    -19      482
  SINCE JAN 1    369                       408    -39      526
..................................................................


WIND (MPH)
  HIGHEST WIND SPEED    31   HIGHEST WIND DIRECTION    NW (300)
  HIGHEST GUST SPEED    39   HIGHEST GUST DIRECTION    NW (300)
  AVERAGE WIND SPEED    15.2


SKY COVER
  POSSIBLE SUNSHINE  MM
  AVERAGE SKY COVER 0.7


WEATHER CONDITIONS
 THE FOLLOWING WEATHER WAS RECORDED YESTERDAY.
  NO SIGNIFICANT WEATHER WAS OBSERVED.


RELATIVE HUMIDITY (PERCENT)
 HIGHEST    77           100 AM
 LOWEST     44          1200 PM
 AVERAGE    61

..........................................................


THE ST CLOUD MN CLIMATE NORMALS FOR TODAY
                         NORMAL    RECORD    YEAR
 MAXIMUM TEMPERATURE (F)   78        94      2013
 MINIMUM TEMPERATURE (F)   55        40      1945


SUNRISE AND SUNSET
AUGUST 25 2015........SUNRISE   629 AM CDT   SUNSET   807 PM CDT
AUGUST 26 2015........SUNRISE   630 AM CDT   SUNSET   805 PM CDT


-  INDICATES NEGATIVE NUMBERS.
R  INDICATES RECORD WAS SET OR TIED.
MM INDICATES DATA IS MISSING.
T  INDICATES TRACE AMOUNT.




$$
