000
CDUS43 KMPX 140738
CLISTC


CLIMATE REPORT
NATIONAL WEATHER SERVICE CHANHASSEN MN
237 AM CDT SAT OCT 14 2017


...................................

...THE ST CLOUD MN CLIMATE SUMMARY FOR OCTOBER 13 2017...

CLIMATE NORMAL PERIOD 1981 TO 2010
CLIMATE RECORD PERIOD 1893 TO 2017


WEATHER ITEM   OBSERVED TIME   RECORD YEAR NORMAL DEPARTURE LAST
                VALUE   (LST)  VALUE       VALUE  FROM      YEAR
                                                  NORMAL
..................................................................
TEMPERATURE (F)
 YESTERDAY
  MAXIMUM         59    411 PM  83    1956  58      1       54
  MINIMUM         35   1159 PM  10    1917  36     -1       29
  AVERAGE         47                        47      0       42

PRECIPITATION (IN)
  YESTERDAY        0.00          1.23 1981   0.09  -0.09     0.00
  MONTH TO DATE    3.63                      1.21   2.42     1.60
  SINCE SEP 1      6.56                      4.67   1.89     4.68
  SINCE JAN 1     27.49                     24.25   3.24    29.50

SNOWFALL (IN)
  YESTERDAY        0.0           0.3  1997   0.0    0.0      0.0
  MONTH TO DATE    0.0                       0.1   -0.1      0.0
  SINCE SEP 1      0.0                       0.1   -0.1      0.0
  SINCE JUL 1      0.0                       0.1   -0.1      0.0
  SNOW DEPTH       0

DEGREE DAYS
 HEATING
  YESTERDAY       18                        18      0       23
  MONTH TO DATE  186                       205    -19      177
  SINCE SEP 1    325                       433   -108      295
  SINCE JUL 1    365                       491   -126      317

 COOLING
  YESTERDAY        0                         0      0        0
  MONTH TO DATE    0                         0      0        0
  SINCE SEP 1     71                        34     37       28
  SINCE JAN 1    361                       463   -102      506
..................................................................


WIND (MPH)
  HIGHEST WIND SPEED    18   HIGHEST WIND DIRECTION    NW (300)
  HIGHEST GUST SPEED    22   HIGHEST GUST DIRECTION    NW (310)
  AVERAGE WIND SPEED     4.9


SKY COVER
  POSSIBLE SUNSHINE  MM
  AVERAGE SKY COVER 0.1


WEATHER CONDITIONS
 THE FOLLOWING WEATHER WAS RECORDED YESTERDAY.
  NO SIGNIFICANT WEATHER WAS OBSERVED.


RELATIVE HUMIDITY (PERCENT)
 HIGHEST    89          1200 AM
 LOWEST     31           300 PM
 AVERAGE    60

..........................................................


THE ST CLOUD MN CLIMATE NORMALS FOR TODAY
                         NORMAL    RECORD    YEAR
 MAXIMUM TEMPERATURE (F)   58        85      1947
 MINIMUM TEMPERATURE (F)   36        19      1937


SUNRISE AND SUNSET
OCTOBER 14 2017.......SUNRISE   732 AM CDT   SUNSET   632 PM CDT
OCTOBER 15 2017.......SUNRISE   733 AM CDT   SUNSET   630 PM CDT


-  INDICATES NEGATIVE NUMBERS.
R  INDICATES RECORD WAS SET OR TIED.
MM INDICATES DATA IS MISSING.
T  INDICATES TRACE AMOUNT.




$$
