000
CDUS43 KMPX 010126
CLISTC


CLIMATE REPORT
NATIONAL WEATHER SERVICE CHANHASSEN MN
826 PM CDT TUE JUN 30 2015


...................................

...THE ST CLOUD MN CLIMATE SUMMARY FOR JUNE 30 2015...
VALID TODAY AS OF 0800 PM LOCAL TIME.

CLIMATE NORMAL PERIOD 1981 TO 2010
CLIMATE RECORD PERIOD 1893 TO 2015


WEATHER ITEM   OBSERVED TIME   RECORD YEAR NORMAL DEPARTURE LAST
                VALUE   (LST)  VALUE       VALUE  FROM      YEAR
                                                  NORMAL
..................................................................
TEMPERATURE (F)
 TODAY
  MAXIMUM         77        MM 101    1931  81     -4       82
  MINIMUM         58        MM  42    1943  58      0       62
  AVERAGE         68                        69     -1       72

PRECIPITATION (IN)
  TODAY            0.00          1.68 1968   0.14  -0.14      T
  MONTH TO DATE    4.66                      4.17   0.49     6.18
  SINCE JUN 1      4.66                      4.17   0.49     6.18
  SINCE JAN 1     13.33                     12.48   0.85    22.53

SNOWFALL (IN)
  TODAY            0.0           0.0    MM   0.0    0.0      0.0
  MONTH TO DATE    0.0                       0.0    0.0      0.0
  SINCE JUN 1      0.0                       0.0    0.0      0.0
  SINCE JUL 1     31.1                      45.7  -14.6     75.5
  SNOW DEPTH       0

DEGREE DAYS
 HEATING
  TODAY            0                         1     -1        0
  MONTH TO DATE   28                        78    -50       26
  SINCE JUN 1     28                        78    -50       26
  SINCE JUL 1   8143                      8532   -389     9524

 COOLING
  TODAY            3                         5     -2        7
  MONTH TO DATE   72                        95    -23      133
  SINCE JUN 1     72                        95    -23      133
  SINCE JAN 1     77                       120    -43      177
..................................................................


WIND (MPH)
  HIGHEST WIND SPEED     5   HIGHEST WIND DIRECTION    SE (120)
  HIGHEST GUST SPEED    MM   HIGHEST GUST DIRECTION    MM
  AVERAGE WIND SPEED     3.6


SKY COVER
  POSSIBLE SUNSHINE  MM
  AVERAGE SKY COVER 0.1


WEATHER CONDITIONS
 THE FOLLOWING WEATHER WAS RECORDED TODAY.
  FOG


RELATIVE HUMIDITY (PERCENT)
 HIGHEST   100           500 AM
 LOWEST     50           200 PM
 AVERAGE    75

..........................................................


THE ST CLOUD MN CLIMATE NORMALS FOR TOMORROW
                         NORMAL    RECORD    YEAR
 MAXIMUM TEMPERATURE (F)   81        98      1921
 MINIMUM TEMPERATURE (F)   58        40      1969


SUNRISE AND SUNSET
JUNE 30 2015..........SUNRISE   531 AM CDT   SUNSET   909 PM CDT
JULY  1 2015..........SUNRISE   531 AM CDT   SUNSET   909 PM CDT


-  INDICATES NEGATIVE NUMBERS.
R  INDICATES RECORD WAS SET OR TIED.
MM INDICATES DATA IS MISSING.
T  INDICATES TRACE AMOUNT.




$$
