000
CDUS43 KMPX 100156
CLISTC


CLIMATE REPORT
NATIONAL WEATHER SERVICE CHANHASSEN MN
756 PM CST FRI DEC 9 2016


...................................

...THE ST CLOUD MN CLIMATE SUMMARY FOR DECEMBER 9 2016...
VALID TODAY AS OF 0700 PM LOCAL TIME.

CLIMATE NORMAL PERIOD 1981 TO 2010
CLIMATE RECORD PERIOD 1893 TO 2016


WEATHER ITEM   OBSERVED TIME   RECORD YEAR NORMAL DEPARTURE LAST
                VALUE   (LST)  VALUE       VALUE  FROM      YEAR
                                                  NORMAL
..................................................................
TEMPERATURE (F)
 TODAY
  MAXIMUM         14    130 PM  58    1939  26    -12       42
  MINIMUM          5    820 AM -20    1977   9     -4       25
  AVERAGE         10                        18     -8       34

PRECIPITATION (IN)
  TODAY            T             0.87 2012   0.03  -0.03     0.00
  MONTH TO DATE    0.16                      0.27  -0.11     0.23
  SINCE DEC 1      0.16                      0.27  -0.11     0.23
  SINCE JAN 1     32.43                     27.18   5.25    32.32

SNOWFALL (IN)
  TODAY            T            11.0  2012   0.3   -0.3      0.0
  MONTH TO DATE    0.9                       2.8   -1.9      2.0
  SINCE DEC 1      0.9                       2.8   -1.9      2.0
  SINCE JUL 1      8.2                      12.0   -3.8      7.7
  SNOW DEPTH       T

DEGREE DAYS
 HEATING
  TODAY           55                        47      8       31
  MONTH TO DATE  363                       409    -46      307
  SINCE DEC 1    363                       409    -46      307
  SINCE JUL 1   1737                      2334   -597     1766

 COOLING
  TODAY            0                         0      0        0
  MONTH TO DATE    0                         0      0        0
  SINCE DEC 1      0                         0      0        0
  SINCE JAN 1    506                       465     41      492
..................................................................


WIND (MPH)
  HIGHEST WIND SPEED    12   HIGHEST WIND DIRECTION     W (290)
  HIGHEST GUST SPEED    14   HIGHEST GUST DIRECTION    NW (310)
  AVERAGE WIND SPEED     7.4


SKY COVER
  POSSIBLE SUNSHINE  MM
  AVERAGE SKY COVER 0.8


WEATHER CONDITIONS
 THE FOLLOWING WEATHER WAS RECORDED TODAY.
  LIGHT SNOW


RELATIVE HUMIDITY (PERCENT)
 HIGHEST    92           100 AM
 LOWEST     66           600 PM
 AVERAGE    79

..........................................................


THE ST CLOUD MN CLIMATE NORMALS FOR TOMORROW
                         NORMAL    RECORD    YEAR
 MAXIMUM TEMPERATURE (F)   26        52      1939
 MINIMUM TEMPERATURE (F)    9       -26      1977


SUNRISE AND SUNSET
DECEMBER  9 2016......SUNRISE   745 AM CST   SUNSET   433 PM CST
DECEMBER 10 2016......SUNRISE   746 AM CST   SUNSET   433 PM CST


-  INDICATES NEGATIVE NUMBERS.
R  INDICATES RECORD WAS SET OR TIED.
MM INDICATES DATA IS MISSING.
T  INDICATES TRACE AMOUNT.




$$
