000
CDUS43 KMPX 190633
CLISTC


CLIMATE REPORT
NATIONAL WEATHER SERVICE CHANHASSEN MN
131 AM CDT THU OCT 19 2017


...................................

...THE ST CLOUD MN CLIMATE SUMMARY FOR OCTOBER 18 2017...

CLIMATE NORMAL PERIOD 1981 TO 2010
CLIMATE RECORD PERIOD 1893 TO 2017


WEATHER ITEM   OBSERVED TIME   RECORD YEAR NORMAL DEPARTURE LAST
                VALUE   (LST)  VALUE       VALUE  FROM      YEAR
                                                  NORMAL
..................................................................
TEMPERATURE (F)
 YESTERDAY
  MAXIMUM         70    152 PM  80    1945  56     14       64
  MINIMUM         43   1144 PM  14    1972  34      9       41
  AVERAGE         57                        45     12       53

PRECIPITATION (IN)
  YESTERDAY        0.00          1.58 1984   0.08  -0.08     0.07
  MONTH TO DATE    4.27                      1.64   2.63     1.76
  SINCE SEP 1      7.20                      5.10   2.10     4.84
  SINCE JAN 1     28.13                     24.68   3.45    29.66

SNOWFALL (IN)
  YESTERDAY        0.0           0.9  1976   0.0    0.0      0.0
  MONTH TO DATE    0.0                       0.2   -0.2      0.0
  SINCE SEP 1      0.0                       0.2   -0.2      0.0
  SINCE JUL 1      0.0                       0.2   -0.2      0.0
  SNOW DEPTH       0

DEGREE DAYS
 HEATING
  YESTERDAY        8                        20    -12       12
  MONTH TO DATE  263                       301    -38      234
  SINCE SEP 1    402                       529   -127      352
  SINCE JUL 1    442                       587   -145      374

 COOLING
  YESTERDAY        0                         0      0        0
  MONTH TO DATE    0                         0      0        0
  SINCE SEP 1     71                        34     37       28
  SINCE JAN 1    361                       463   -102      506
..................................................................


WIND (MPH)
  HIGHEST WIND SPEED    26   HIGHEST WIND DIRECTION     W (280)
  HIGHEST GUST SPEED    32   HIGHEST GUST DIRECTION     W (290)
  AVERAGE WIND SPEED    11.1


SKY COVER
  POSSIBLE SUNSHINE  MM
  AVERAGE SKY COVER 0.0


WEATHER CONDITIONS
 THE FOLLOWING WEATHER WAS RECORDED YESTERDAY.
  NO SIGNIFICANT WEATHER WAS OBSERVED.


RELATIVE HUMIDITY (PERCENT)
 HIGHEST    93           500 AM
 LOWEST     17           400 PM
 AVERAGE    55

..........................................................


THE ST CLOUD MN CLIMATE NORMALS FOR TODAY
                         NORMAL    RECORD    YEAR
 MAXIMUM TEMPERATURE (F)   55        85      2000
 MINIMUM TEMPERATURE (F)   34         9      1972


SUNRISE AND SUNSET
OCTOBER 19 2017.......SUNRISE   738 AM CDT   SUNSET   623 PM CDT
OCTOBER 20 2017.......SUNRISE   740 AM CDT   SUNSET   622 PM CDT


-  INDICATES NEGATIVE NUMBERS.
R  INDICATES RECORD WAS SET OR TIED.
MM INDICATES DATA IS MISSING.
T  INDICATES TRACE AMOUNT.




$$
