000
CDUS43 KMPX 200750
CLISTC


CLIMATE REPORT
NATIONAL WEATHER SERVICE CHANHASSEN MN
149 AM CST SAT DEC 20 2014


...................................

...THE ST CLOUD MN CLIMATE SUMMARY FOR DECEMBER 19 2014...

CLIMATE NORMAL PERIOD 1981 TO 2010
CLIMATE RECORD PERIOD 1893 TO 2014


WEATHER ITEM   OBSERVED TIME   RECORD YEAR NORMAL DEPARTURE LAST
                VALUE   (LST)  VALUE       VALUE  FROM      YEAR
                                                  NORMAL
..................................................................
TEMPERATURE (F)
 YESTERDAY
  MAXIMUM         32   1159 PM  50    1923  23      9       22
  MINIMUM         22    754 AM -41    1983   6     16       10
  AVERAGE         27                        14     13       16

PRECIPITATION (IN)
  YESTERDAY        0.02          0.40 1902   0.03  -0.01     0.16
  MONTH TO DATE    0.57                      0.52   0.05     1.41
  SINCE DEC 1      0.57                      0.52   0.05     1.41
  SINCE JAN 1     36.54                     27.43   9.11    28.48

SNOWFALL (IN)
  YESTERDAY        0.2           4.0  1968   0.3   -0.1      2.6
  MONTH TO DATE    1.4                       5.8   -4.4     15.0
  SINCE DEC 1      1.4                       5.8   -4.4     15.0
  SINCE JUL 1     19.0                      15.0    4.0     18.6
  SNOW DEPTH       1

DEGREE DAYS
 HEATING
  YESTERDAY       38                        50    -12       49
  MONTH TO DATE  774                       900   -126     1085
  SINCE DEC 1    774                       900   -126     1085
  SINCE JUL 1   2706                      2825   -119     2958

 COOLING
  YESTERDAY        0                         0      0        0
  MONTH TO DATE    0                         0      0        0
  SINCE DEC 1      0                         0      0        0
  SINCE JAN 1    597                       465    132      578
..................................................................


WIND (MPH)
  HIGHEST WIND SPEED    15   HIGHEST WIND DIRECTION    SE (140)
  HIGHEST GUST SPEED    18   HIGHEST GUST DIRECTION    SE (140)
  AVERAGE WIND SPEED     9.2


SKY COVER
  POSSIBLE SUNSHINE  MM
  AVERAGE SKY COVER 1.0


WEATHER CONDITIONS
 THE FOLLOWING WEATHER WAS RECORDED YESTERDAY.
  LIGHT SNOW
  FOG
  HAZE


RELATIVE HUMIDITY (PERCENT)
 HIGHEST    88          1000 AM
 LOWEST     77          1200 AM
 AVERAGE    83

..........................................................


THE ST CLOUD MN CLIMATE NORMALS FOR TODAY
                         NORMAL    RECORD    YEAR
 MAXIMUM TEMPERATURE (F)   23        47      1956
 MINIMUM TEMPERATURE (F)    5       -35      1983


SUNRISE AND SUNSET
DECEMBER 20 2014......SUNRISE   753 AM CST   SUNSET   435 PM CST
DECEMBER 21 2014......SUNRISE   753 AM CST   SUNSET   435 PM CST


-  INDICATES NEGATIVE NUMBERS.
R  INDICATES RECORD WAS SET OR TIED.
MM INDICATES DATA IS MISSING.
T  INDICATES TRACE AMOUNT.




$$
