000
CDUS43 KMPX 200736
CLISTC


CLIMATE REPORT
NATIONAL WEATHER SERVICE CHANHASSEN MN
235 AM CDT SAT SEP 20 2014


...................................

...THE ST CLOUD MN CLIMATE SUMMARY FOR SEPTEMBER 19 2014...

CLIMATE NORMAL PERIOD 1981 TO 2010
CLIMATE RECORD PERIOD 1893 TO 2014


WEATHER ITEM   OBSERVED TIME   RECORD YEAR NORMAL DEPARTURE LAST
                VALUE   (LST)  VALUE       VALUE  FROM      YEAR
                                                  NORMAL
..................................................................
TEMPERATURE (F)
 YESTERDAY
  MAXIMUM         70    602 PM  94    1984  69      1       73
                                      1895
  MINIMUM         57   1106 PM  28    1991  45     12       58
  AVERAGE         64                        57      7       66

PRECIPITATION (IN)
  YESTERDAY        T             1.63 1907   0.11  -0.11     0.23
  MONTH TO DATE    3.73                      2.33   1.40     1.66
  SINCE SEP 1      3.73                      2.33   1.40     1.66
  SINCE JAN 1     33.10                     21.91  11.19    21.99

SNOWFALL (IN)
  YESTERDAY        0.0           0.0    MM   0.0    0.0      0.0
  MONTH TO DATE    0.0                       0.0    0.0      0.0
  SINCE SEP 1      0.0                       0.0    0.0      0.0
  SINCE JUL 1      0.0                       0.0    0.0      0.0
  SNOW DEPTH       0

DEGREE DAYS
 HEATING
  YESTERDAY        1                         9     -8        0
  MONTH TO DATE  112                       109      3       74
  SINCE SEP 1    112                       109      3       74
  SINCE JUL 1    121                       167    -46      123

 COOLING
  YESTERDAY        0                         1     -1        1
  MONTH TO DATE   20                        29     -9       62
  SINCE SEP 1     20                        29     -9       62
  SINCE JAN 1    574                       458    116      566
..................................................................


WIND (MPH)
  HIGHEST WIND SPEED    26   HIGHEST WIND DIRECTION     S (160)
  HIGHEST GUST SPEED    30   HIGHEST GUST DIRECTION    SE (150)
  AVERAGE WIND SPEED     8.9


SKY COVER
  POSSIBLE SUNSHINE  MM
  AVERAGE SKY COVER 0.7


WEATHER CONDITIONS
 THE FOLLOWING WEATHER WAS RECORDED YESTERDAY.
  LIGHT RAIN
  FOG
  FOG W/VISIBILITY <= 1/4 MILE
  HAZE


RELATIVE HUMIDITY (PERCENT)
 HIGHEST    97           900 PM
 LOWEST     67          1200 AM
 AVERAGE    82

..........................................................


THE ST CLOUD MN CLIMATE NORMALS FOR TODAY
                         NORMAL    RECORD    YEAR
 MAXIMUM TEMPERATURE (F)   69        91      1908
 MINIMUM TEMPERATURE (F)   45        26      1991


SUNRISE AND SUNSET
SEPTEMBER 20 2014.....SUNRISE   701 AM CDT   SUNSET   718 PM CDT
SEPTEMBER 21 2014.....SUNRISE   702 AM CDT   SUNSET   716 PM CDT


-  INDICATES NEGATIVE NUMBERS.
R  INDICATES RECORD WAS SET OR TIED.
MM INDICATES DATA IS MISSING.
T  INDICATES TRACE AMOUNT.




$$
