000
CDUS43 KMPX 210904
CLISTC


CLIMATE REPORT
NATIONAL WEATHER SERVICE CHANHASSEN MN
303 AM CST SAT JAN 21 2017


...................................

...THE ST CLOUD MN CLIMATE SUMMARY FOR JANUARY 20 2017...

CLIMATE NORMAL PERIOD 1981 TO 2010
CLIMATE RECORD PERIOD 1893 TO 2017


WEATHER ITEM   OBSERVED TIME   RECORD YEAR NORMAL DEPARTURE LAST
                VALUE   (LST)  VALUE       VALUE  FROM      YEAR
                                                  NORMAL
..................................................................
TEMPERATURE (F)
 YESTERDAY
  MAXIMUM         35    648 PM  52    1944  21     14       20
  MINIMUM         34   1159 PM -29    1984   1     33        7
  AVERAGE         35                        11     24       14

PRECIPITATION (IN)
  YESTERDAY        0.07          0.46 1937   0.02   0.05      T
  MONTH TO DATE    0.50                      0.45   0.05     0.21
  SINCE DEC 1      2.05                      1.27   0.78     1.23
  SINCE JAN 1      0.50                      0.45   0.05     0.21

SNOWFALL (IN)
  YESTERDAY        0.0           7.0  1937   0.3   -0.3      0.1
  MONTH TO DATE    9.0                       5.9    3.1      3.2
  SINCE DEC 1     17.8                      15.3    2.5     11.4
  SINCE JUL 1     25.1                      24.5    0.6     17.1
  SNOW DEPTH       3

DEGREE DAYS
 HEATING
  YESTERDAY       30                        54    -24       51
  MONTH TO DATE 1077                      1073      4     1117
  SINCE DEC 1   2541                      2595    -54     2300
  SINCE JUL 1   3915                      4520   -605     3759

 COOLING
  YESTERDAY        0                         0      0        0
  MONTH TO DATE    0                         0      0        0
  SINCE DEC 1      0                         0      0        0
  SINCE JAN 1      0                         0      0        0
..................................................................


WIND (MPH)
  HIGHEST WIND SPEED    10   HIGHEST WIND DIRECTION    SE (140)
  HIGHEST GUST SPEED    13   HIGHEST GUST DIRECTION    SE (140)
  AVERAGE WIND SPEED     6.4


SKY COVER
  POSSIBLE SUNSHINE  MM
  AVERAGE SKY COVER 1.0


WEATHER CONDITIONS
 THE FOLLOWING WEATHER WAS RECORDED YESTERDAY.
  LIGHT RAIN
  FOG
  FOG W/VISIBILITY <= 1/4 MILE


RELATIVE HUMIDITY (PERCENT)
 HIGHEST   100          1200 AM
 LOWEST    100          1200 AM
 AVERAGE   100

..........................................................


THE ST CLOUD MN CLIMATE NORMALS FOR TODAY
                         NORMAL    RECORD    YEAR
 MAXIMUM TEMPERATURE (F)   21        48      1981
 MINIMUM TEMPERATURE (F)    1       -37      1936


SUNRISE AND SUNSET
JANUARY 21 2017.......SUNRISE   748 AM CST   SUNSET   508 PM CST
JANUARY 22 2017.......SUNRISE   747 AM CST   SUNSET   509 PM CST


-  INDICATES NEGATIVE NUMBERS.
R  INDICATES RECORD WAS SET OR TIED.
MM INDICATES DATA IS MISSING.
T  INDICATES TRACE AMOUNT.




$$
