000
CDUS43 KMPX 260725
CLISTC


CLIMATE REPORT
NATIONAL WEATHER SERVICE CHANHASSEN MN
224 AM CDT TUE MAY 26 2015


...................................

...THE ST CLOUD MN CLIMATE SUMMARY FOR MAY 25 2015...

CLIMATE NORMAL PERIOD 1981 TO 2010
CLIMATE RECORD PERIOD 1893 TO 2015


WEATHER ITEM   OBSERVED TIME   RECORD YEAR NORMAL DEPARTURE LAST
                VALUE   (LST)  VALUE       VALUE  FROM      YEAR
                                                  NORMAL
..................................................................
TEMPERATURE (F)
 YESTERDAY
  MAXIMUM         69    449 PM  93    1978  71     -2       80
  MINIMUM         54   1053 PM  31    1913  47      7       56
  AVERAGE         62                        59      3       68

PRECIPITATION (IN)
  YESTERDAY        0.15          2.30 1907   0.10   0.05     0.00
  MONTH TO DATE    5.85                      2.35   3.50     4.15
  SINCE MAR 1      7.90                      6.47   1.43    11.25
  SINCE JAN 1      8.49                      7.71   0.78    13.76

SNOWFALL (IN)
  YESTERDAY        0.0           0.0    MM   0.0    0.0      0.0
  MONTH TO DATE    0.0                       0.0    0.0      0.0
  SINCE MAR 1      4.3                      11.5   -7.2     21.2
  SINCE JUL 1     31.1                      45.7  -14.6     75.5
  SNOW DEPTH       0

DEGREE DAYS
 HEATING
  YESTERDAY        3                         7     -4        0
  MONTH TO DATE  264                       251     13      266
  SINCE MAR 1   1816                      1972   -156     2289
  SINCE JUL 1   8074                      8418   -344     9498

 COOLING
  YESTERDAY        0                         1     -1        3
  MONTH TO DATE    0                        17    -17       12
  SINCE MAR 1      0                        19    -19       12
  SINCE JAN 1      0                        19    -19       12
..................................................................


WIND (MPH)
  HIGHEST WIND SPEED    20   HIGHEST WIND DIRECTION    SW (220)
  HIGHEST GUST SPEED    25   HIGHEST GUST DIRECTION    SW (220)
  AVERAGE WIND SPEED     8.8


SKY COVER
  POSSIBLE SUNSHINE  MM
  AVERAGE SKY COVER 0.8


WEATHER CONDITIONS
 THE FOLLOWING WEATHER WAS RECORDED YESTERDAY.
  LIGHT RAIN
  FOG


RELATIVE HUMIDITY (PERCENT)
 HIGHEST   100           800 AM
 LOWEST     68           500 PM
 AVERAGE    84

..........................................................


THE ST CLOUD MN CLIMATE NORMALS FOR TODAY
                         NORMAL    RECORD    YEAR
 MAXIMUM TEMPERATURE (F)   72        93      1914
 MINIMUM TEMPERATURE (F)   47        30      1992


SUNRISE AND SUNSET
MAY 26 2015...........SUNRISE   535 AM CDT   SUNSET   852 PM CDT
MAY 27 2015...........SUNRISE   534 AM CDT   SUNSET   853 PM CDT


-  INDICATES NEGATIVE NUMBERS.
R  INDICATES RECORD WAS SET OR TIED.
MM INDICATES DATA IS MISSING.
T  INDICATES TRACE AMOUNT.




$$
