000
CDUS43 KMPX 140734
CLISTC


CLIMATE REPORT
NATIONAL WEATHER SERVICE CHANHASSEN MN
233 AM CDT FRI JUL 14 2017


...................................

...THE ST CLOUD MN CLIMATE SUMMARY FOR JULY 13 2017...

CLIMATE NORMAL PERIOD 1981 TO 2010
CLIMATE RECORD PERIOD 1893 TO 2017


WEATHER ITEM   OBSERVED TIME   RECORD YEAR NORMAL DEPARTURE LAST
                VALUE   (LST)  VALUE       VALUE  FROM      YEAR
                                                  NORMAL
..................................................................
TEMPERATURE (F)
 YESTERDAY
  MAXIMUM         66    247 PM 107    1936  83    -17       80
  MINIMUM         55    450 AM  44    1990  59     -4       65
  AVERAGE         61                        71    -10       73

PRECIPITATION (IN)
  YESTERDAY        T             1.69 1933   0.11  -0.11      T
  MONTH TO DATE    0.80                      1.45  -0.65     4.15
  SINCE JUN 1      4.38                      5.62  -1.24     7.52
  SINCE JAN 1     14.08                     13.93   0.15    13.87

SNOWFALL (IN)
  YESTERDAY        0.0           0.0    MM   0.0    0.0      0.0
  MONTH TO DATE    0.0                       0.0    0.0      0.0
  SINCE JUN 1      0.0                       0.0    0.0      0.0
  SINCE JUL 1      0.0                       0.0    0.0      0.0
  SNOW DEPTH       0

DEGREE DAYS
 HEATING
  YESTERDAY        4                         1      3        0
  MONTH TO DATE    4                        13     -9        6
  SINCE JUN 1     45                        91    -46       39
  SINCE JUL 1      4                        13     -9        6

 COOLING
  YESTERDAY        0                         6     -6        8
  MONTH TO DATE   68                        77     -9       65
  SINCE JUN 1    152                       172    -20      173
  SINCE JAN 1    155                       197    -42      204
..................................................................


WIND (MPH)
  HIGHEST WIND SPEED    12   HIGHEST WIND DIRECTION     N (10)
  HIGHEST GUST SPEED    17   HIGHEST GUST DIRECTION     N (10)
  AVERAGE WIND SPEED     5.1


SKY COVER
  POSSIBLE SUNSHINE  MM
  AVERAGE SKY COVER 1.0


WEATHER CONDITIONS
 THE FOLLOWING WEATHER WAS RECORDED YESTERDAY.
  FOG


RELATIVE HUMIDITY (PERCENT)
 HIGHEST   100           200 AM
 LOWEST     72          1000 AM
 AVERAGE    86

..........................................................


THE ST CLOUD MN CLIMATE NORMALS FOR TODAY
                         NORMAL    RECORD    YEAR
 MAXIMUM TEMPERATURE (F)   83       105      1936
 MINIMUM TEMPERATURE (F)   59        46      1987


SUNRISE AND SUNSET
JULY 14 2017..........SUNRISE   541 AM CDT   SUNSET   903 PM CDT
JULY 15 2017..........SUNRISE   542 AM CDT   SUNSET   902 PM CDT


-  INDICATES NEGATIVE NUMBERS.
R  INDICATES RECORD WAS SET OR TIED.
MM INDICATES DATA IS MISSING.
T  INDICATES TRACE AMOUNT.




$$
