000
CDUS43 KMPX 142127
CLISTC


CLIMATE REPORT
NATIONAL WEATHER SERVICE CHANHASSEN MN
427 PM CDT MON APR 14 2014


...................................

...THE ST CLOUD MN CLIMATE SUMMARY FOR APRIL 14 2014...
VALID AS OF 0400 PM LOCAL TIME.

CLIMATE NORMAL PERIOD 1981 TO 2010
CLIMATE RECORD PERIOD 1893 TO 2014


WEATHER ITEM   OBSERVED TIME   RECORD YEAR NORMAL DEPARTURE LAST
                VALUE   (LST)  VALUE       VALUE  FROM      YEAR
                                                  NORMAL
..................................................................
TEMPERATURE (F)
 TODAY
  MAXIMUM         37    213 PM  89    2003  56    -19       33
  MINIMUM         25    742 AM  15    2008  32     -7       19
                                      1935
  AVERAGE         31                        44    -13       26

PRECIPITATION (IN)
  TODAY            0.00          1.50 1986   0.09  -0.09     0.35
  MONTH TO DATE    0.57                      1.06  -0.49     1.43
  SINCE MAR 1      1.77                      2.61  -0.84     4.06
  SINCE JAN 1      4.28                      3.85   0.43     5.84

SNOWFALL (IN)
  TODAY            0.0           4.7  1993   0.2   -0.2      0.4
  MONTH TO DATE    3.5                       1.9    1.6     10.9
  SINCE MAR 1     12.7                      10.4    2.3     27.5
  SINCE JUL 1     67.0                      44.6   22.4     65.0
  SNOW DEPTH       0

DEGREE DAYS
 HEATING
  TODAY           34                        21     13       39
  MONTH TO DATE  349                       343      6      466
  SINCE MAR 1   1656                      1447    209     1794
  SINCE JUL 1   8865                      7893    972     8064

 COOLING
  TODAY            0                         0      0        0
  MONTH TO DATE    0                         0      0        0
  SINCE MAR 1      0                         0      0        0
  SINCE JAN 1      0                         0      0        0
..................................................................


WIND (MPH)
  HIGHEST WIND SPEED    28   HIGHEST WIND DIRECTION     N (350)
  HIGHEST GUST SPEED    36   HIGHEST GUST DIRECTION     N (350)
  AVERAGE WIND SPEED    17.4


SKY COVER
  POSSIBLE SUNSHINE  MM
  AVERAGE SKY COVER 0.3


WEATHER CONDITIONS
 THE FOLLOWING WEATHER WAS RECORDED TODAY.
  NO SIGNIFICANT WEATHER WAS OBSERVED.


RELATIVE HUMIDITY (PERCENT)
 HIGHEST    63           400 AM
 LOWEST     29          1200 PM
 AVERAGE    46

..........................................................


THE ST CLOUD MN CLIMATE NORMALS FOR TOMORROW
                         NORMAL    RECORD    YEAR
 MAXIMUM TEMPERATURE (F)   56        84      2002
 MINIMUM TEMPERATURE (F)   33        17      1943


SUNRISE AND SUNSET
APRIL 14 2014.........SUNRISE   633 AM CDT   SUNSET   801 PM CDT
APRIL 15 2014.........SUNRISE   631 AM CDT   SUNSET   803 PM CDT


-  INDICATES NEGATIVE NUMBERS.
R  INDICATES RECORD WAS SET OR TIED.
MM INDICATES DATA IS MISSING.
T  INDICATES TRACE AMOUNT.




$$
