000
CDUS43 KMPX 100710
CLISTC


CLIMATE REPORT
NATIONAL WEATHER SERVICE CHANHASSEN MN
109 AM CST SUN DEC 10 2017


...................................

...THE ST CLOUD MN CLIMATE SUMMARY FOR DECEMBER 9 2017...

CLIMATE NORMAL PERIOD 1981 TO 2010
CLIMATE RECORD PERIOD 1893 TO 2017


WEATHER ITEM   OBSERVED TIME   RECORD YEAR NORMAL DEPARTURE LAST
                VALUE   (LST)  VALUE       VALUE  FROM      YEAR
                                                  NORMAL
..................................................................
TEMPERATURE (F)
 YESTERDAY
  MAXIMUM         25   1226 AM  58    1939  26     -1       14
  MINIMUM         18   1121 PM -20    1977   9      9        3
  AVERAGE         22                        18      4        9

PRECIPITATION (IN)
  YESTERDAY        T             0.87 2012   0.03  -0.03      T
  MONTH TO DATE    0.03                      0.27  -0.24     0.11
  SINCE DEC 1      0.03                      0.27  -0.24     0.11
  SINCE JAN 1     29.79                     27.18   2.61    32.38

SNOWFALL (IN)
  YESTERDAY        T            11.0  2012   0.3   -0.3       T
  MONTH TO DATE    0.4                       2.8   -2.4      0.9
  SINCE DEC 1      0.4                       2.8   -2.4      0.9
  SINCE JUL 1      7.5                      12.0   -4.5      8.2
  SNOW DEPTH       T

DEGREE DAYS
 HEATING
  YESTERDAY       43                        47     -4       56
  MONTH TO DATE  351                       409    -58      364
  SINCE DEC 1    351                       409    -58      364
  SINCE JUL 1   2117                      2334   -217     1738

 COOLING
  YESTERDAY        0                         0      0        0
  MONTH TO DATE    0                         0      0        0
  SINCE DEC 1      0                         0      0        0
  SINCE JAN 1    361                       465   -104      506
..................................................................


WIND (MPH)
  HIGHEST WIND SPEED    21   HIGHEST WIND DIRECTION     N (350)
  HIGHEST GUST SPEED    27   HIGHEST GUST DIRECTION     N (350)
  AVERAGE WIND SPEED     9.7


SKY COVER
  POSSIBLE SUNSHINE  MM
  AVERAGE SKY COVER 0.7


WEATHER CONDITIONS
 THE FOLLOWING WEATHER WAS RECORDED YESTERDAY.
  LIGHT SNOW


RELATIVE HUMIDITY (PERCENT)
 HIGHEST    77           900 PM
 LOWEST     62           100 PM
 AVERAGE    70

..........................................................


THE ST CLOUD MN CLIMATE NORMALS FOR TODAY
                         NORMAL    RECORD    YEAR
 MAXIMUM TEMPERATURE (F)   26        52      1939
 MINIMUM TEMPERATURE (F)    9       -26      1977


SUNRISE AND SUNSET
DECEMBER 10 2017......SUNRISE   746 AM CST   SUNSET   433 PM CST
DECEMBER 11 2017......SUNRISE   747 AM CST   SUNSET   433 PM CST


-  INDICATES NEGATIVE NUMBERS.
R  INDICATES RECORD WAS SET OR TIED.
MM INDICATES DATA IS MISSING.
T  INDICATES TRACE AMOUNT.




$$
