000
CDUS43 KMPX 240640
CLISTC


CLIMATE REPORT
NATIONAL WEATHER SERVICE CHANHASSEN MN
1240 AM CST WED DEC 24 2014


...................................

...THE ST CLOUD MN CLIMATE SUMMARY FOR DECEMBER 23 2014...

CLIMATE NORMAL PERIOD 1981 TO 2010
CLIMATE RECORD PERIOD 1893 TO 2014


WEATHER ITEM   OBSERVED TIME   RECORD YEAR NORMAL DEPARTURE LAST
                VALUE   (LST)  VALUE       VALUE  FROM      YEAR
                                                  NORMAL
..................................................................
TEMPERATURE (F)
 YESTERDAY
  MAXIMUM         39    257 PM  52    1899  23     16        1
  MINIMUM         36   1159 PM -30    1983   5     31      -19
  AVERAGE         38                        14     24       -9

PRECIPITATION (IN)
  YESTERDAY        T             0.80 1900   0.02  -0.02     0.01
  MONTH TO DATE    0.68                      0.61   0.07     1.49
  SINCE DEC 1      0.68                      0.61   0.07     1.49
  SINCE JAN 1     36.65                     27.52   9.13    28.56

SNOWFALL (IN)
  YESTERDAY        0.0           8.0  1900   0.3   -0.3      0.1
  MONTH TO DATE    1.4                       6.9   -5.5     17.3
  SINCE DEC 1      1.4                       6.9   -5.5     17.3
  SINCE JUL 1     19.0                      16.1    2.9     20.9
  SNOW DEPTH       0

DEGREE DAYS
 HEATING
  YESTERDAY       27                        51    -24       74
  MONTH TO DATE  891                      1104   -213     1331
  SINCE DEC 1    891                      1104   -213     1331
  SINCE JUL 1   2823                      3029   -206     3204

 COOLING
  YESTERDAY        0                         0      0        0
  MONTH TO DATE    0                         0      0        0
  SINCE DEC 1      0                         0      0        0
  SINCE JAN 1    597                       465    132      578
..................................................................


WIND (MPH)
  HIGHEST WIND SPEED    17   HIGHEST WIND DIRECTION     N (350)
  HIGHEST GUST SPEED    24   HIGHEST GUST DIRECTION    NW (330)
  AVERAGE WIND SPEED    10.7


SKY COVER
  POSSIBLE SUNSHINE  MM
  AVERAGE SKY COVER 1.0


WEATHER CONDITIONS
 THE FOLLOWING WEATHER WAS RECORDED YESTERDAY.
  FOG
  HAZE


RELATIVE HUMIDITY (PERCENT)
 HIGHEST    89           200 AM
 LOWEST     76           900 AM
 AVERAGE    83

..........................................................


THE ST CLOUD MN CLIMATE NORMALS FOR TODAY
                         NORMAL    RECORD    YEAR
 MAXIMUM TEMPERATURE (F)   22        43      1994
 MINIMUM TEMPERATURE (F)    4       -28      1983


SUNRISE AND SUNSET
DECEMBER 24 2014......SUNRISE   755 AM CST   SUNSET   437 PM CST
DECEMBER 25 2014......SUNRISE   755 AM CST   SUNSET   438 PM CST


-  INDICATES NEGATIVE NUMBERS.
R  INDICATES RECORD WAS SET OR TIED.
MM INDICATES DATA IS MISSING.
T  INDICATES TRACE AMOUNT.




$$
