000
CDUS43 KMPX 040657
CLISTC


CLIMATE REPORT
NATIONAL WEATHER SERVICE CHANHASSEN MN
1257 AM CST SUN DEC 4 2016


...................................

...THE ST CLOUD MN CLIMATE SUMMARY FOR DECEMBER 3 2016...

CLIMATE NORMAL PERIOD 1981 TO 2010
CLIMATE RECORD PERIOD 1893 TO 2016


WEATHER ITEM   OBSERVED TIME   RECORD YEAR NORMAL DEPARTURE LAST
                VALUE   (LST)  VALUE       VALUE  FROM      YEAR
                                                  NORMAL
..................................................................
TEMPERATURE (F)
 YESTERDAY
  MAXIMUM         30   1159 PM  61    1998  29      1       32
  MINIMUM         26   1105 AM -28    1940  12     14       11
  AVERAGE         28                        20      8       22

PRECIPITATION (IN)
  YESTERDAY        0.01          0.57 1953   0.04  -0.03     0.00
  MONTH TO DATE    0.01                      0.10  -0.09     0.23
  SINCE DEC 1      0.01                      0.10  -0.09     0.23
  SINCE JAN 1     32.28                     27.01   5.27    32.32

SNOWFALL (IN)
  YESTERDAY        0.3           6.4  1978   0.3    0.0      0.0
  MONTH TO DATE    0.3                       0.9   -0.6      2.0
  SINCE DEC 1      0.3                       0.9   -0.6      2.0
  SINCE JUL 1      7.6                      10.1   -2.5      7.7
  SNOW DEPTH       0

DEGREE DAYS
 HEATING
  YESTERDAY       37                        45     -8       43
  MONTH TO DATE  104                       133    -29      114
  SINCE DEC 1    104                       133    -29      114
  SINCE JUL 1   1478                      2058   -580     1573

 COOLING
  YESTERDAY        0                         0      0        0
  MONTH TO DATE    0                         0      0        0
  SINCE DEC 1      0                         0      0        0
  SINCE JAN 1    506                       465     41      492
..................................................................


WIND (MPH)
  HIGHEST WIND SPEED    14   HIGHEST WIND DIRECTION    SE (140)
  HIGHEST GUST SPEED    17   HIGHEST GUST DIRECTION    SE (140)
  AVERAGE WIND SPEED     7.6


SKY COVER
  POSSIBLE SUNSHINE  MM
  AVERAGE SKY COVER 0.9


WEATHER CONDITIONS
 THE FOLLOWING WEATHER WAS RECORDED YESTERDAY.
  LIGHT SNOW
  FOG


RELATIVE HUMIDITY (PERCENT)
 HIGHEST    85           200 AM
 LOWEST     69           100 PM
 AVERAGE    77

..........................................................


THE ST CLOUD MN CLIMATE NORMALS FOR TODAY
                         NORMAL    RECORD    YEAR
 MAXIMUM TEMPERATURE (F)   28        52      1941
 MINIMUM TEMPERATURE (F)   12       -16      1991


SUNRISE AND SUNSET
DECEMBER  4 2016......SUNRISE   740 AM CST   SUNSET   433 PM CST
DECEMBER  5 2016......SUNRISE   741 AM CST   SUNSET   433 PM CST


-  INDICATES NEGATIVE NUMBERS.
R  INDICATES RECORD WAS SET OR TIED.
MM INDICATES DATA IS MISSING.
T  INDICATES TRACE AMOUNT.




$$
