000
CDUS43 KMPX 270028
CLISTC


CLIMATE REPORT
NATIONAL WEATHER SERVICE CHANHASSEN MN
728 PM CDT SUN MAR 26 2017


...................................

...THE ST CLOUD MN CLIMATE SUMMARY FOR MARCH 26 2017...
VALID TODAY AS OF 0700 PM LOCAL TIME.

CLIMATE NORMAL PERIOD 1981 TO 2010
CLIMATE RECORD PERIOD 1893 TO 2017


WEATHER ITEM   OBSERVED TIME   RECORD YEAR NORMAL DEPARTURE LAST
                VALUE   (LST)  VALUE       VALUE  FROM      YEAR
                                                  NORMAL
..................................................................
TEMPERATURE (F)
 TODAY
  MAXIMUM         41    424 PM  79    2007  44     -3       39
  MINIMUM         33    756 AM -14    1996  24      9       32
                                      1965
  AVERAGE         37                        34      3       36

PRECIPITATION (IN)
  TODAY            0.03          0.80 1921   0.06  -0.03     0.26
  MONTH TO DATE    0.67                      1.24  -0.57     0.90
  SINCE MAR 1      0.67                      1.24  -0.57     0.90
  SINCE JAN 1      1.99                      2.48  -0.49     1.84

SNOWFALL (IN)
  TODAY            0.0           6.2  1936   0.2   -0.2      0.3
  MONTH TO DATE    2.0                       7.6   -5.6      3.0
  SINCE MAR 1      2.0                       7.6   -5.6      3.0
  SINCE JUL 1     30.9                      41.8  -10.9     28.7
  SNOW DEPTH       0

DEGREE DAYS
 HEATING
  TODAY           28                        31     -3       29
  MONTH TO DATE  951                       956     -5      712
  SINCE MAR 1    951                       956     -5      712
  SINCE JUL 1   6307                      7402  -1095     6163

 COOLING
  TODAY            0                         0      0        0
  MONTH TO DATE    0                         0      0        0
  SINCE MAR 1      0                         0      0        0
  SINCE JAN 1      0                         0      0        0
..................................................................


WIND (MPH)
  HIGHEST WIND SPEED    10   HIGHEST WIND DIRECTION     N (350)
  HIGHEST GUST SPEED    14   HIGHEST GUST DIRECTION    NE (60)
  AVERAGE WIND SPEED     5.8


SKY COVER
  POSSIBLE SUNSHINE  MM
  AVERAGE SKY COVER 1.0


WEATHER CONDITIONS
 THE FOLLOWING WEATHER WAS RECORDED TODAY.
  LIGHT RAIN
  FOG


RELATIVE HUMIDITY (PERCENT)
 HIGHEST   100           700 AM
 LOWEST     82          1200 AM
 AVERAGE    91

..........................................................


THE ST CLOUD MN CLIMATE NORMALS FOR TOMORROW
                         NORMAL    RECORD    YEAR
 MAXIMUM TEMPERATURE (F)   45        76      1946
 MINIMUM TEMPERATURE (F)   24        -2      1923


SUNRISE AND SUNSET
MARCH 26 2017.........SUNRISE   707 AM CDT   SUNSET   737 PM CDT
MARCH 27 2017.........SUNRISE   705 AM CDT   SUNSET   738 PM CDT


-  INDICATES NEGATIVE NUMBERS.
R  INDICATES RECORD WAS SET OR TIED.
MM INDICATES DATA IS MISSING.
T  INDICATES TRACE AMOUNT.




$$
