000
CDUS43 KMPX 150727
CLISTC


CLIMATE REPORT
NATIONAL WEATHER SERVICE CHANHASSEN MN
227 AM CDT MON MAY 15 2017


...................................

...THE ST CLOUD MN CLIMATE SUMMARY FOR MAY 14 2017...

CLIMATE NORMAL PERIOD 1981 TO 2010
CLIMATE RECORD PERIOD 1893 TO 2017


WEATHER ITEM   OBSERVED TIME   RECORD YEAR NORMAL DEPARTURE LAST
                VALUE   (LST)  VALUE       VALUE  FROM      YEAR
                                                  NORMAL
..................................................................
TEMPERATURE (F)
 YESTERDAY
  MAXIMUM         81    402 PM  95    2013  68     13       50
  MINIMUM         50    517 AM  29    2016  44      6       29
                                      1921
  AVERAGE         66                        56     10       40

PRECIPITATION (IN)
  YESTERDAY        0.00          1.40 1957   0.09  -0.09     0.00
  MONTH TO DATE    0.72                      1.32  -0.60     0.75
  SINCE MAR 1      4.66                      5.44  -0.78     3.99
  SINCE JAN 1      5.98                      6.68  -0.70     4.93

SNOWFALL (IN)
  YESTERDAY        0.0           T    1959   0.0    0.0      0.0
                                      1942
                                      1940
  MONTH TO DATE    1.0                       0.0    1.0      0.0
  SINCE MAR 1      3.0                      11.5   -8.5      4.6
  SINCE JUL 1     31.9                      45.7  -13.8     30.3
  SNOW DEPTH       0

DEGREE DAYS
 HEATING
  YESTERDAY        0                        10    -10       25
  MONTH TO DATE  138                       162    -24      175
  SINCE MAR 1   1761                      1883   -122     1597
  SINCE JUL 1   7117                      8329  -1212     7048

 COOLING
  YESTERDAY        1                         1      0        0
  MONTH TO DATE    1                         6     -5        8
  SINCE MAR 1      1                         8     -7       13
  SINCE JAN 1      1                         8     -7       13
..................................................................


WIND (MPH)
  HIGHEST WIND SPEED    16   HIGHEST WIND DIRECTION     E (100)
  HIGHEST GUST SPEED    21   HIGHEST GUST DIRECTION     E (100)
  AVERAGE WIND SPEED     9.1


SKY COVER
  POSSIBLE SUNSHINE  MM
  AVERAGE SKY COVER 0.0


WEATHER CONDITIONS
 THE FOLLOWING WEATHER WAS RECORDED YESTERDAY.
  NO SIGNIFICANT WEATHER WAS OBSERVED.


RELATIVE HUMIDITY (PERCENT)
 HIGHEST    61           500 AM
 LOWEST     39           300 PM
 AVERAGE    50

..........................................................


THE ST CLOUD MN CLIMATE NORMALS FOR TODAY
                         NORMAL    RECORD    YEAR
 MAXIMUM TEMPERATURE (F)   69        97      2001
 MINIMUM TEMPERATURE (F)   44        26      2004


SUNRISE AND SUNSET
MAY 15 2017...........SUNRISE   545 AM CDT   SUNSET   841 PM CDT
MAY 16 2017...........SUNRISE   544 AM CDT   SUNSET   842 PM CDT


-  INDICATES NEGATIVE NUMBERS.
R  INDICATES RECORD WAS SET OR TIED.
MM INDICATES DATA IS MISSING.
T  INDICATES TRACE AMOUNT.




$$
