000
CDUS43 KMPX 230642
CLISTC


CLIMATE REPORT
NATIONAL WEATHER SERVICE CHANHASSEN MN
1241 AM CST SUN NOV 23 2014


...................................

...THE ST CLOUD MN CLIMATE SUMMARY FOR NOVEMBER 22 2014...

CLIMATE NORMAL PERIOD 1981 TO 2010
CLIMATE RECORD PERIOD 1893 TO 2014


WEATHER ITEM   OBSERVED TIME   RECORD YEAR NORMAL DEPARTURE LAST
                VALUE   (LST)  VALUE       VALUE  FROM      YEAR
                                                  NORMAL
..................................................................
TEMPERATURE (F)
 YESTERDAY
  MAXIMUM         37   1159 PM  56    1980  35      2       31
  MINIMUM         23    815 AM -13    1896  18      5        6
  AVERAGE         30                        26      4       19

PRECIPITATION (IN)
  YESTERDAY        0.00          0.55 1963   0.04  -0.04      T
  MONTH TO DATE    1.63                      1.06   0.57     0.53
  SINCE SEP 1      6.34                      7.01  -0.67     6.74
  SINCE JAN 1     35.71                     26.59   9.12    27.07

SNOWFALL (IN)
  YESTERDAY        0.0           6.0  1982   0.3   -0.3       T
  MONTH TO DATE   15.7                       5.5   10.2      2.8
  SINCE SEP 1     15.7                       6.3    9.4      3.6
  SINCE JUL 1     15.7                       6.3    9.4      3.6
  SNOW DEPTH       6

DEGREE DAYS
 HEATING
  YESTERDAY       35                        39     -4       46
  MONTH TO DATE  880                       711    169      708
  SINCE SEP 1   1547                      1538      9     1451
  SINCE JUL 1   1556                      1596    -40     1500

 COOLING
  YESTERDAY        0                         0      0        0
  MONTH TO DATE    0                         0      0        0
  SINCE SEP 1     43                        36      7       74
  SINCE JAN 1    597                       465    132      578
..................................................................


WIND (MPH)
  HIGHEST WIND SPEED    18   HIGHEST WIND DIRECTION     S (160)
  HIGHEST GUST SPEED    22   HIGHEST GUST DIRECTION    SE (150)
  AVERAGE WIND SPEED     9.3


SKY COVER
  POSSIBLE SUNSHINE  MM
  AVERAGE SKY COVER 0.6


WEATHER CONDITIONS
 THE FOLLOWING WEATHER WAS RECORDED YESTERDAY.
  FOG
  FOG W/VISIBILITY <= 1/4 MILE
  HAZE


RELATIVE HUMIDITY (PERCENT)
 HIGHEST   100           700 PM
 LOWEST     78          1200 AM
 AVERAGE    89

..........................................................


THE ST CLOUD MN CLIMATE NORMALS FOR TODAY
                         NORMAL    RECORD    YEAR
 MAXIMUM TEMPERATURE (F)   34        53      2006
 MINIMUM TEMPERATURE (F)   18       -10      1989


SUNRISE AND SUNSET
NOVEMBER 23 2014......SUNRISE   726 AM CST   SUNSET   439 PM CST
NOVEMBER 24 2014......SUNRISE   728 AM CST   SUNSET   438 PM CST


-  INDICATES NEGATIVE NUMBERS.
R  INDICATES RECORD WAS SET OR TIED.
MM INDICATES DATA IS MISSING.
T  INDICATES TRACE AMOUNT.




$$
