000
CDUS43 KMPX 150724
CLISTC


CLIMATE REPORT
NATIONAL WEATHER SERVICE CHANHASSEN MN
124 AM CST THU FEB 15 2018


...................................

...THE ST CLOUD MN CLIMATE SUMMARY FOR FEBRUARY 14 2018...

CLIMATE NORMAL PERIOD 1981 TO 2010
CLIMATE RECORD PERIOD 1893 TO 2018


WEATHER ITEM   OBSERVED TIME   RECORD YEAR NORMAL DEPARTURE LAST
                VALUE   (LST)  VALUE       VALUE  FROM      YEAR
                                                  NORMAL
..................................................................
TEMPERATURE (F)
 YESTERDAY
  MAXIMUM         40    218 PM  52    1921  26     14       40
  MINIMUM          5    504 AM -28    1936   7     -2       23
  AVERAGE         23                        16      7       32

PRECIPITATION (IN)
  YESTERDAY        0.00          0.67 1919   0.01  -0.01     0.00
  MONTH TO DATE    0.19                      0.24  -0.05     0.10
  SINCE DEC 1      0.81                      1.71  -0.90     2.19
  SINCE JAN 1      0.37                      0.89  -0.52     0.64

SNOWFALL (IN)
  YESTERDAY        0.0           4.7  1919   0.2   -0.2      0.0
  MONTH TO DATE    2.9                       3.2   -0.3      0.3
  SINCE DEC 1     12.2                      21.2   -9.0     19.1
  SINCE JUL 1     19.3                      30.4  -11.1     26.4
  SNOW DEPTH       2

DEGREE DAYS
 HEATING
  YESTERDAY       42                        48     -6       33
  MONTH TO DATE  866                       705    161      617
  SINCE DEC 1   4004                      3882    122     3559
  SINCE JUL 1   5770                      5807    -37     4933

 COOLING
  YESTERDAY        0                         0      0        0
  MONTH TO DATE    0                         0      0        0
  SINCE DEC 1      0                         0      0        0
  SINCE JAN 1      0                         0      0        0
..................................................................


WIND (MPH)
  HIGHEST WIND SPEED    17   HIGHEST WIND DIRECTION     S (190)
  HIGHEST GUST SPEED    20   HIGHEST GUST DIRECTION     S (190)
  AVERAGE WIND SPEED     7.6


SKY COVER
  POSSIBLE SUNSHINE  MM
  AVERAGE SKY COVER 0.0


WEATHER CONDITIONS
 THE FOLLOWING WEATHER WAS RECORDED YESTERDAY.
  FOG
  HAZE


RELATIVE HUMIDITY (PERCENT)
 HIGHEST   100          1200 AM
 LOWEST     64           100 PM
 AVERAGE    82

..........................................................


THE ST CLOUD MN CLIMATE NORMALS FOR TODAY
                         NORMAL    RECORD    YEAR
 MAXIMUM TEMPERATURE (F)   27        55      1921
 MINIMUM TEMPERATURE (F)    7       -34      1936


SUNRISE AND SUNSET
FEBRUARY 15 2018......SUNRISE   718 AM CST   SUNSET   543 PM CST
FEBRUARY 16 2018......SUNRISE   716 AM CST   SUNSET   545 PM CST


-  INDICATES NEGATIVE NUMBERS.
R  INDICATES RECORD WAS SET OR TIED.
MM INDICATES DATA IS MISSING.
T  INDICATES TRACE AMOUNT.




$$
