000
CDUS43 KMPX 250641
CLISTC


CLIMATE REPORT
NATIONAL WEATHER SERVICE CHANHASSEN MN
140 AM CDT MON APR 25 2016


...................................

...THE ST CLOUD MN CLIMATE SUMMARY FOR APRIL 24 2016...

CLIMATE NORMAL PERIOD 1981 TO 2010
CLIMATE RECORD PERIOD 1893 TO 2016


WEATHER ITEM   OBSERVED TIME   RECORD YEAR NORMAL DEPARTURE LAST
                VALUE   (LST)  VALUE       VALUE  FROM      YEAR
                                                  NORMAL
..................................................................
TEMPERATURE (F)
 YESTERDAY
  MAXIMUM         57    158 AM  87    1962  61     -4       46
  MINIMUM         44   1133 PM  18    1956  36      8       40
  AVERAGE         51                        49      2       43

PRECIPITATION (IN)
  YESTERDAY        0.85          1.35 1908   0.11   0.74     0.48
  MONTH TO DATE    1.26                      1.96  -0.70     1.67
  SINCE MAR 1      2.76                      3.51  -0.75     2.05
  SINCE JAN 1      3.70                      4.75  -1.05     2.64

SNOWFALL (IN)
  YESTERDAY        0.0           T    2013   0.0    0.0      0.0
                                      1950
                                      2000
  MONTH TO DATE    1.6                       2.7   -1.1      1.0
  SINCE MAR 1      4.6                      11.2   -6.6      4.3
  SINCE JUL 1     30.3                      45.4  -15.1     31.1
  SNOW DEPTH       0

DEGREE DAYS
 HEATING
  YESTERDAY       14                        16     -2       22
  MONTH TO DATE  477                       528    -51      463
  SINCE MAR 1   1294                      1632   -338     1464
  SINCE JUL 1   6745                      8078  -1333     7722

 COOLING
  YESTERDAY        0                         0      0        0
  MONTH TO DATE    5                         0      5        0
  SINCE MAR 1      5                         0      5        0
  SINCE JAN 1      5                         0      5        0
..................................................................


WIND (MPH)
  HIGHEST WIND SPEED    18   HIGHEST WIND DIRECTION     E (70)
  HIGHEST GUST SPEED    29   HIGHEST GUST DIRECTION    NE (60)
  AVERAGE WIND SPEED    11.1


SKY COVER
  POSSIBLE SUNSHINE  MM
  AVERAGE SKY COVER 0.9


WEATHER CONDITIONS
 THE FOLLOWING WEATHER WAS RECORDED YESTERDAY.
  THUNDERSTORM
  HEAVY RAIN
  RAIN
  LIGHT RAIN
  FOG


RELATIVE HUMIDITY (PERCENT)
 HIGHEST   100           700 PM
 LOWEST     72           200 AM
 AVERAGE    86

..........................................................


THE ST CLOUD MN CLIMATE NORMALS FOR TODAY
                         NORMAL    RECORD    YEAR
 MAXIMUM TEMPERATURE (F)   62        88      1962
 MINIMUM TEMPERATURE (F)   37        21      1907


SUNRISE AND SUNSET
APRIL 25 2016.........SUNRISE   613 AM CDT   SUNSET   816 PM CDT
APRIL 26 2016.........SUNRISE   611 AM CDT   SUNSET   817 PM CDT


-  INDICATES NEGATIVE NUMBERS.
R  INDICATES RECORD WAS SET OR TIED.
MM INDICATES DATA IS MISSING.
T  INDICATES TRACE AMOUNT.




$$
