537
CDUS43 KMPX 230810
CLISTC


CLIMATE REPORT
NATIONAL WEATHER SERVICE CHANHASSEN MN
310 AM CDT TUE AUG 23 2016


...................................

...THE ST CLOUD MN CLIMATE SUMMARY FOR AUGUST 22 2016...

CLIMATE NORMAL PERIOD 1981 TO 2010
CLIMATE RECORD PERIOD 1893 TO 2016


WEATHER ITEM   OBSERVED TIME   RECORD YEAR NORMAL DEPARTURE LAST
                VALUE   (LST)  VALUE       VALUE  FROM      YEAR
                                                  NORMAL
..................................................................
TEMPERATURE (F)
 YESTERDAY
  MAXIMUM         82    444 PM  97    1971  79      3       79
  MINIMUM         54    407 AM  42    1950  55     -1       56
                                      1945
                                      1908
  AVERAGE         68                        67      1       68

PRECIPITATION (IN)
  YESTERDAY        0.00          2.15 1900   0.12  -0.12     0.75
  MONTH TO DATE    4.17                      2.59   1.58     3.08
  SINCE JUN 1     14.28                     10.07   4.21    14.92
  SINCE JAN 1     20.63                     18.38   2.25    23.59

SNOWFALL (IN)
  YESTERDAY        0.0           0.0    MM   0.0    0.0      0.0
  MONTH TO DATE    0.0                       0.0    0.0      0.0
  SINCE JUN 1      0.0                       0.0    0.0      0.0
  SINCE JUL 1      0.0                       0.0    0.0      0.0
  SNOW DEPTH       0

DEGREE DAYS
 HEATING
  YESTERDAY        0                         1     -1        0
  MONTH TO DATE    5                        22    -17       16
  SINCE JUN 1     45                       117    -72       56
  SINCE JUL 1     12                        39    -27       28

 COOLING
  YESTERDAY        3                         3      0        3
  MONTH TO DATE  124                       100     24       95
  SINCE JUN 1    414                       377     37      364
  SINCE JAN 1    445                       402     43      369
..................................................................


WIND (MPH)
  HIGHEST WIND SPEED    25   HIGHEST WIND DIRECTION     S (180)
  HIGHEST GUST SPEED    33   HIGHEST GUST DIRECTION     S (180)
  AVERAGE WIND SPEED    13.6


SKY COVER
  POSSIBLE SUNSHINE  MM
  AVERAGE SKY COVER 0.1


WEATHER CONDITIONS
 THE FOLLOWING WEATHER WAS RECORDED YESTERDAY.
  NO SIGNIFICANT WEATHER WAS OBSERVED.


RELATIVE HUMIDITY (PERCENT)
 HIGHEST   100           200 AM
 LOWEST     58           100 PM
 AVERAGE    79

..........................................................


THE ST CLOUD MN CLIMATE NORMALS FOR TODAY
                         NORMAL    RECORD    YEAR
 MAXIMUM TEMPERATURE (F)   79        95      1947
 MINIMUM TEMPERATURE (F)   55        39      1934


SUNRISE AND SUNSET
AUGUST 23 2016........SUNRISE   627 AM CDT   SUNSET   809 PM CDT
AUGUST 24 2016........SUNRISE   628 AM CDT   SUNSET   808 PM CDT


-  INDICATES NEGATIVE NUMBERS.
R  INDICATES RECORD WAS SET OR TIED.
MM INDICATES DATA IS MISSING.
T  INDICATES TRACE AMOUNT.




$$
