000
CDUS43 KMPX 200711
CLISTC


CLIMATE REPORT
NATIONAL WEATHER SERVICE CHANHASSEN MN
110 AM CST THU NOV 20 2014


...................................

...THE ST CLOUD MN CLIMATE SUMMARY FOR NOVEMBER 19 2014...

CLIMATE NORMAL PERIOD 1981 TO 2010
CLIMATE RECORD PERIOD 1893 TO 2014


WEATHER ITEM   OBSERVED TIME   RECORD YEAR NORMAL DEPARTURE LAST
                VALUE   (LST)  VALUE       VALUE  FROM      YEAR
                                                  NORMAL
..................................................................
TEMPERATURE (F)
 YESTERDAY
  MAXIMUM         25    213 PM  59    1924  37    -12       46
  MINIMUM         13   1155 PM  -6    1911  20     -7       17
  AVERAGE         19                        28     -9       32

PRECIPITATION (IN)
  YESTERDAY        T             0.96 1930   0.05  -0.05     0.00
  MONTH TO DATE    1.63                      0.93   0.70     0.53
  SINCE SEP 1      6.34                      6.88  -0.54     6.74
  SINCE JAN 1     35.71                     26.46   9.25    27.07

SNOWFALL (IN)
  YESTERDAY        0.3           3.8  2011   0.4   -0.1      0.0
  MONTH TO DATE   15.7                       4.5   11.2      2.8
  SINCE SEP 1     15.7                       5.3   10.4      3.6
  SINCE JUL 1     15.7                       5.3   10.4      3.6
  SNOW DEPTH       7

DEGREE DAYS
 HEATING
  YESTERDAY       46                        37      9       33
  MONTH TO DATE  734                       597    137      599
  SINCE SEP 1   1401                      1424    -23     1342
  SINCE JUL 1   1410                      1482    -72     1391

 COOLING
  YESTERDAY        0                         0      0        0
  MONTH TO DATE    0                         0      0        0
  SINCE SEP 1     43                        36      7       74
  SINCE JAN 1    597                       465    132      578
..................................................................


WIND (MPH)
  HIGHEST WIND SPEED    28   HIGHEST WIND DIRECTION    NW (300)
  HIGHEST GUST SPEED    36   HIGHEST GUST DIRECTION    NW (310)
  AVERAGE WIND SPEED    15.7


SKY COVER
  POSSIBLE SUNSHINE  MM
  AVERAGE SKY COVER 0.8


WEATHER CONDITIONS
 THE FOLLOWING WEATHER WAS RECORDED YESTERDAY.
  LIGHT SNOW
  FOG
  HAZE


RELATIVE HUMIDITY (PERCENT)
 HIGHEST    80          1200 AM
 LOWEST     55           100 PM
 AVERAGE    68

..........................................................


THE ST CLOUD MN CLIMATE NORMALS FOR TODAY
                         NORMAL    RECORD    YEAR
 MAXIMUM TEMPERATURE (F)   36        64      1962
 MINIMUM TEMPERATURE (F)   19       -18      1921


SUNRISE AND SUNSET
NOVEMBER 20 2014......SUNRISE   722 AM CST   SUNSET   441 PM CST
NOVEMBER 21 2014......SUNRISE   724 AM CST   SUNSET   440 PM CST


-  INDICATES NEGATIVE NUMBERS.
R  INDICATES RECORD WAS SET OR TIED.
MM INDICATES DATA IS MISSING.
T  INDICATES TRACE AMOUNT.




$$
