000
CDUS43 KMPX 250643
CLISTC


CLIMATE REPORT
NATIONAL WEATHER SERVICE CHANHASSEN MN
1241 AM CST TUE NOV 25 2014


...................................

...THE ST CLOUD MN CLIMATE SUMMARY FOR NOVEMBER 24 2014...

CLIMATE NORMAL PERIOD 1981 TO 2010
CLIMATE RECORD PERIOD 1893 TO 2014


WEATHER ITEM   OBSERVED TIME   RECORD YEAR NORMAL DEPARTURE LAST
                VALUE   (LST)  VALUE       VALUE  FROM      YEAR
                                                  NORMAL
..................................................................
TEMPERATURE (F)
 YESTERDAY
  MAXIMUM         32    111 AM  56    1990  34     -2       34
  MINIMUM         12   1115 PM -17    1898  17     -5        1
  AVERAGE         22                        25     -3       18

PRECIPITATION (IN)
  YESTERDAY        T             1.07 2001   0.04  -0.04     0.00
  MONTH TO DATE    1.71                      1.15   0.56     0.53
  SINCE SEP 1      6.42                      7.10  -0.68     6.74
  SINCE JAN 1     35.79                     26.68   9.11    27.07

SNOWFALL (IN)
  YESTERDAY        0.2           6.3  2003   0.4   -0.2      0.0
  MONTH TO DATE   15.9                       6.3    9.6      2.8
  SINCE SEP 1     15.9                       7.1    8.8      3.6
  SINCE JUL 1     15.9                       7.1    8.8      3.6
  SNOW DEPTH       3

DEGREE DAYS
 HEATING
  YESTERDAY       43                        40      3       47
  MONTH TO DATE  952                       790    162      811
  SINCE SEP 1   1619                      1617      2     1554
  SINCE JUL 1   1628                      1675    -47     1603

 COOLING
  YESTERDAY        0                         0      0        0
  MONTH TO DATE    0                         0      0        0
  SINCE SEP 1     43                        36      7       74
  SINCE JAN 1    597                       465    132      578
..................................................................


WIND (MPH)
  HIGHEST WIND SPEED    29   HIGHEST WIND DIRECTION    NW (310)
  HIGHEST GUST SPEED    35   HIGHEST GUST DIRECTION    NW (310)
  AVERAGE WIND SPEED    18.2


SKY COVER
  POSSIBLE SUNSHINE  MM
  AVERAGE SKY COVER 0.9


WEATHER CONDITIONS
 THE FOLLOWING WEATHER WAS RECORDED YESTERDAY.
  LIGHT SNOW
  HAZE


RELATIVE HUMIDITY (PERCENT)
 HIGHEST    81           500 AM
 LOWEST     67          1200 PM
 AVERAGE    74

..........................................................


THE ST CLOUD MN CLIMATE NORMALS FOR TODAY
                         NORMAL    RECORD    YEAR
 MAXIMUM TEMPERATURE (F)   33        58      1914
 MINIMUM TEMPERATURE (F)   16       -13      1977


SUNRISE AND SUNSET
NOVEMBER 25 2014......SUNRISE   729 AM CST   SUNSET   437 PM CST
NOVEMBER 26 2014......SUNRISE   730 AM CST   SUNSET   437 PM CST


-  INDICATES NEGATIVE NUMBERS.
R  INDICATES RECORD WAS SET OR TIED.
MM INDICATES DATA IS MISSING.
T  INDICATES TRACE AMOUNT.




$$
