000
CDUS43 KMPX 170644
CLISTC


CLIMATE REPORT
NATIONAL WEATHER SERVICE CHANHASSEN MN
143 AM CDT THU APR 17 2014


...................................

...THE ST CLOUD MN CLIMATE SUMMARY FOR APRIL 16 2014...

CLIMATE NORMAL PERIOD 1981 TO 2010
CLIMATE RECORD PERIOD 1893 TO 2014


WEATHER ITEM   OBSERVED TIME   RECORD YEAR NORMAL DEPARTURE LAST
                VALUE   (LST)  VALUE       VALUE  FROM      YEAR
                                                  NORMAL
..................................................................
TEMPERATURE (F)
 YESTERDAY
  MAXIMUM         32   1234 AM  86    1913  57    -25       42
  MINIMUM         29   1159 PM  16    1907  33     -4       28
  AVERAGE         31                        45    -14       35

PRECIPITATION (IN)
  YESTERDAY        0.98          3.26 2003   0.09   0.89     0.00
  MONTH TO DATE    1.55                      1.23   0.32     1.43
  SINCE MAR 1      2.75                      2.78  -0.03     4.06
  SINCE JAN 1      5.26                      4.02   1.24     5.84

SNOWFALL (IN)
  YESTERDAY        8.5 R         3.0  1961   0.1    8.4      0.0
  MONTH TO DATE   12.0                       2.1    9.9     10.9
  SINCE MAR 1     21.2                      10.6   10.6     27.5
  SINCE JUL 1     75.5                      44.8   30.7     65.0
  SNOW DEPTH       T

DEGREE DAYS
 HEATING
  YESTERDAY       34                        20     14       30
  MONTH TO DATE  423                       384     39      527
  SINCE MAR 1   1730                      1488    242     1855
  SINCE JUL 1   8939                      7934   1005     8125

 COOLING
  YESTERDAY        0                         0      0        0
  MONTH TO DATE    0                         0      0        0
  SINCE MAR 1      0                         0      0        0
  SINCE JAN 1      0                         0      0        0
..................................................................


WIND (MPH)
  HIGHEST WIND SPEED    18   HIGHEST WIND DIRECTION     N (10)
  HIGHEST GUST SPEED    28   HIGHEST GUST DIRECTION     E (110)
  AVERAGE WIND SPEED    13.2


SKY COVER
  POSSIBLE SUNSHINE  MM
  AVERAGE SKY COVER 1.0


WEATHER CONDITIONS
 THE FOLLOWING WEATHER WAS RECORDED YESTERDAY.
  HEAVY SNOW
  SNOW
  LIGHT SNOW
  FOG
  FOG W/VISIBILITY <= 1/4 MILE


RELATIVE HUMIDITY (PERCENT)
 HIGHEST    92          1000 AM
 LOWEST     41          1200 AM
 AVERAGE    67

..........................................................


THE ST CLOUD MN CLIMATE NORMALS FOR TODAY
                         NORMAL    RECORD    YEAR
 MAXIMUM TEMPERATURE (F)   58        86      1987
 MINIMUM TEMPERATURE (F)   33        15      1907


SUNRISE AND SUNSET
APRIL 17 2014.........SUNRISE   627 AM CDT   SUNSET   805 PM CDT
APRIL 18 2014.........SUNRISE   625 AM CDT   SUNSET   807 PM CDT


-  INDICATES NEGATIVE NUMBERS.
R  INDICATES RECORD WAS SET OR TIED.
MM INDICATES DATA IS MISSING.
T  INDICATES TRACE AMOUNT.




$$
