000
CDUS43 KMPX 090731
CLISTC


CLIMATE REPORT
NATIONAL WEATHER SERVICE CHANHASSEN MN
129 AM CST MON JAN 9 2017


...................................

...THE ST CLOUD MN CLIMATE SUMMARY FOR JANUARY 8 2017...

CLIMATE NORMAL PERIOD 1981 TO 2010
CLIMATE RECORD PERIOD 1893 TO 2017


WEATHER ITEM   OBSERVED TIME   RECORD YEAR NORMAL DEPARTURE LAST
                VALUE   (LST)  VALUE       VALUE  FROM      YEAR
                                                  NORMAL
..................................................................
TEMPERATURE (F)
 YESTERDAY
  MAXIMUM         14   1159 PM  54    2003  21     -7       32
  MINIMUM        -15    613 AM -26    1977   2    -17       12
  AVERAGE          0                        11    -11       22

PRECIPITATION (IN)
  YESTERDAY        T             0.37 1969   0.02  -0.02     0.06
  MONTH TO DATE    0.12                      0.19  -0.07     0.13
  SINCE DEC 1      1.67                      1.01   0.66     1.15
  SINCE JAN 1      0.12                      0.19  -0.07     0.13

SNOWFALL (IN)
  YESTERDAY        0.3           3.8  1969   0.3    0.0      0.6
  MONTH TO DATE    1.7                       2.4   -0.7      1.0
  SINCE DEC 1     10.5                      11.8   -1.3      9.2
  SINCE JUL 1     17.8                      21.0   -3.2     14.9
  SNOW DEPTH       2

DEGREE DAYS
 HEATING
  YESTERDAY       65                        54     11       43
  MONTH TO DATE  478                       425     53      343
  SINCE DEC 1   1942                      1947     -5     1526
  SINCE JUL 1   3316                      3872   -556     2985

 COOLING
  YESTERDAY        0                         0      0        0
  MONTH TO DATE    0                         0      0        0
  SINCE DEC 1      0                         0      0        0
  SINCE JAN 1      0                         0      0        0
..................................................................


WIND (MPH)
  HIGHEST WIND SPEED    20   HIGHEST WIND DIRECTION     S (160)
  HIGHEST GUST SPEED    24   HIGHEST GUST DIRECTION     S (160)
  AVERAGE WIND SPEED     6.8


SKY COVER
  POSSIBLE SUNSHINE  MM
  AVERAGE SKY COVER 0.4


WEATHER CONDITIONS
 THE FOLLOWING WEATHER WAS RECORDED YESTERDAY.
  LIGHT SNOW
  FOG


RELATIVE HUMIDITY (PERCENT)
 HIGHEST    88          1100 PM
 LOWEST     57           100 PM
 AVERAGE    73

..........................................................


THE ST CLOUD MN CLIMATE NORMALS FOR TODAY
                         NORMAL    RECORD    YEAR
 MAXIMUM TEMPERATURE (F)   21        49      2012
 MINIMUM TEMPERATURE (F)    2       -43      1977


SUNRISE AND SUNSET
JANUARY  9 2017.......SUNRISE   755 AM CST   SUNSET   452 PM CST
JANUARY 10 2017.......SUNRISE   755 AM CST   SUNSET   453 PM CST


-  INDICATES NEGATIVE NUMBERS.
R  INDICATES RECORD WAS SET OR TIED.
MM INDICATES DATA IS MISSING.
T  INDICATES TRACE AMOUNT.




$$
