000
CDUS43 KMPX 290728
CLISTC


CLIMATE REPORT
NATIONAL WEATHER SERVICE CHANHASSEN MN
227 AM CDT FRI AUG 29 2014


...................................

...THE ST CLOUD MN CLIMATE SUMMARY FOR AUGUST 28 2014...

CLIMATE NORMAL PERIOD 1981 TO 2010
CLIMATE RECORD PERIOD 1893 TO 2014


WEATHER ITEM   OBSERVED TIME   RECORD YEAR NORMAL DEPARTURE LAST
                VALUE   (LST)  VALUE       VALUE  FROM      YEAR
                                                  NORMAL
..................................................................
TEMPERATURE (F)
 YESTERDAY
  MAXIMUM         76    101 PM  94    1984  77     -1       87
                                      1969
                                      1937
  MINIMUM         59    609 AM  36    1974  54      5       62
  AVERAGE         68                        66      2       75

PRECIPITATION (IN)
  YESTERDAY        0.02          0.85 1940   0.13  -0.11     0.00
  MONTH TO DATE    2.77                      3.38  -0.61     0.67
  SINCE JUN 1     10.20                     10.86  -0.66     7.86
  SINCE JAN 1     26.55                     19.17   7.38    20.15

SNOWFALL (IN)
  YESTERDAY        0.0           0.0    MM   0.0    0.0      0.0
  MONTH TO DATE    0.0                       0.0    0.0      0.0
  SINCE JUN 1      0.0                       0.0    0.0      0.0
  SINCE JUL 1      0.0                       0.0    0.0      0.0
  SNOW DEPTH       0

DEGREE DAYS
 HEATING
  YESTERDAY        0                         2     -2        0
  MONTH TO DATE    2                        34    -32       23
  SINCE JUN 1     35                       129    -94      136
  SINCE JUL 1      9                        51    -42       49

 COOLING
  YESTERDAY        3                         3      0       10
  MONTH TO DATE  188                       118     70      143
  SINCE JUN 1    496                       395    101      459
  SINCE JAN 1    540                       420    120      470
..................................................................


WIND (MPH)
  HIGHEST WIND SPEED    17   HIGHEST WIND DIRECTION     S (160)
  HIGHEST GUST SPEED    22   HIGHEST GUST DIRECTION    SE (150)
  AVERAGE WIND SPEED     7.5


SKY COVER
  POSSIBLE SUNSHINE  MM
  AVERAGE SKY COVER 0.6


WEATHER CONDITIONS
 THE FOLLOWING WEATHER WAS RECORDED YESTERDAY.
  LIGHT RAIN
  FOG


RELATIVE HUMIDITY (PERCENT)
 HIGHEST    87           600 AM
 LOWEST     60          1200 PM
 AVERAGE    74

..........................................................


THE ST CLOUD MN CLIMATE NORMALS FOR TODAY
                         NORMAL    RECORD    YEAR
 MAXIMUM TEMPERATURE (F)   77        94      1969
                                             1961
 MINIMUM TEMPERATURE (F)   54        36      1946


SUNRISE AND SUNSET
AUGUST 29 2014........SUNRISE   634 AM CDT   SUNSET   759 PM CDT
AUGUST 30 2014........SUNRISE   635 AM CDT   SUNSET   758 PM CDT


-  INDICATES NEGATIVE NUMBERS.
R  INDICATES RECORD WAS SET OR TIED.
MM INDICATES DATA IS MISSING.
T  INDICATES TRACE AMOUNT.




$$
