000
CDUS43 KMPX 190933
CLISTC


CLIMATE REPORT
NATIONAL WEATHER SERVICE CHANHASSEN MN
433 AM CDT TUE JUL 19 2016


...................................

...THE ST CLOUD MN CLIMATE SUMMARY FOR JULY 18 2016...

CLIMATE NORMAL PERIOD 1981 TO 2010
CLIMATE RECORD PERIOD 1893 TO 2016


WEATHER ITEM   OBSERVED TIME   RECORD YEAR NORMAL DEPARTURE LAST
                VALUE   (LST)  VALUE       VALUE  FROM      YEAR
                                                  NORMAL
..................................................................
TEMPERATURE (F)
 YESTERDAY
  MAXIMUM         84    401 PM 103    1940  83      1       85
  MINIMUM         59    524 AM  45    1979  59      0       62
  AVERAGE         72                        71      1       74

PRECIPITATION (IN)
  YESTERDAY        0.00          2.08 1986   0.11  -0.11     0.09
  MONTH TO DATE    4.56                      1.97   2.59     5.78
  SINCE JUN 1      7.93                      6.14   1.79    10.44
  SINCE JAN 1     14.28                     14.45  -0.17    19.11

SNOWFALL (IN)
  YESTERDAY        0.0           0.0    MM   0.0    0.0      0.0
  MONTH TO DATE    0.0                       0.0    0.0      0.0
  SINCE JUN 1      0.0                       0.0    0.0      0.0
  SINCE JUL 1      0.0                       0.0    0.0      0.0
  SNOW DEPTH       0

DEGREE DAYS
 HEATING
  YESTERDAY        0                         0      0        0
  MONTH TO DATE    7                        13     -6       12
  SINCE JUN 1     40                        91    -51       40
  SINCE JUL 1      7                        13     -6       12

 COOLING
  YESTERDAY        7                         6      1        9
  MONTH TO DATE   80                       107    -27       92
  SINCE JUN 1    188                       202    -14      164
  SINCE JAN 1    219                       227     -8      169
..................................................................


WIND (MPH)
  HIGHEST WIND SPEED    12   HIGHEST WIND DIRECTION    SW (240)
  HIGHEST GUST SPEED    15   HIGHEST GUST DIRECTION    NE (30)
  AVERAGE WIND SPEED     3.0


SKY COVER
  POSSIBLE SUNSHINE  MM
  AVERAGE SKY COVER 0.0


WEATHER CONDITIONS
 THE FOLLOWING WEATHER WAS RECORDED YESTERDAY.
  NO SIGNIFICANT WEATHER WAS OBSERVED.


RELATIVE HUMIDITY (PERCENT)
 HIGHEST   100           300 AM
 LOWEST     40           400 PM
 AVERAGE    70

..........................................................


THE ST CLOUD MN CLIMATE NORMALS FOR TODAY
                         NORMAL    RECORD    YEAR
 MAXIMUM TEMPERATURE (F)   83       101      1934
 MINIMUM TEMPERATURE (F)   59        43      2009


SUNRISE AND SUNSET
JULY 19 2016..........SUNRISE   546 AM CDT   SUNSET   858 PM CDT
JULY 20 2016..........SUNRISE   547 AM CDT   SUNSET   857 PM CDT


-  INDICATES NEGATIVE NUMBERS.
R  INDICATES RECORD WAS SET OR TIED.
MM INDICATES DATA IS MISSING.
T  INDICATES TRACE AMOUNT.




$$
