000
CDUS43 KMPX 130712
CLISTC


CLIMATE REPORT
NATIONAL WEATHER SERVICE CHANHASSEN MN
211 AM CDT WED SEP 13 2017


...................................

...THE ST CLOUD MN CLIMATE SUMMARY FOR SEPTEMBER 12 2017...

CLIMATE NORMAL PERIOD 1981 TO 2010
CLIMATE RECORD PERIOD 1893 TO 2017


WEATHER ITEM   OBSERVED TIME   RECORD YEAR NORMAL DEPARTURE LAST
                VALUE   (LST)  VALUE       VALUE  FROM      YEAR
                                                  NORMAL
..................................................................
TEMPERATURE (F)
 YESTERDAY
  MAXIMUM         85    241 PM  91    1948  72     13       73
  MINIMUM         52    509 AM  30    1940  49      3       57
                                      1923
  AVERAGE         69                        60      9       65

PRECIPITATION (IN)
  YESTERDAY        0.00          2.45 2005   0.12  -0.12     0.00
  MONTH TO DATE    0.18                      1.53  -1.35     0.85
  SINCE SEP 1      0.18                      1.53  -1.35     0.85
  SINCE JAN 1     21.11                     21.11   0.00    25.67

SNOWFALL (IN)
  YESTERDAY        0.0           0.0    MM   0.0    0.0      0.0
  MONTH TO DATE    0.0                       0.0    0.0      0.0
  SINCE SEP 1      0.0                       0.0    0.0      0.0
  SINCE JUL 1      0.0                       0.0    0.0      0.0
  SNOW DEPTH       0

DEGREE DAYS
 HEATING
  YESTERDAY        0                         6     -6        0
  MONTH TO DATE   46                        55     -9        7
  SINCE SEP 1     46                        55     -9        7
  SINCE JUL 1     86                       113    -27       29

 COOLING
  YESTERDAY        4                         1      3        0
  MONTH TO DATE   19                        22     -3       26
  SINCE SEP 1     19                        22     -3       26
  SINCE JAN 1    309                       451   -142      504
..................................................................


WIND (MPH)
  HIGHEST WIND SPEED    15   HIGHEST WIND DIRECTION     S (180)
  HIGHEST GUST SPEED    20   HIGHEST GUST DIRECTION     S (160)
  AVERAGE WIND SPEED     5.7


SKY COVER
  POSSIBLE SUNSHINE  MM
  AVERAGE SKY COVER 0.0


WEATHER CONDITIONS
 THE FOLLOWING WEATHER WAS RECORDED YESTERDAY.
  FOG


RELATIVE HUMIDITY (PERCENT)
 HIGHEST   100          1200 AM
 LOWEST     55           100 PM
 AVERAGE    78

..........................................................


THE ST CLOUD MN CLIMATE NORMALS FOR TODAY
                         NORMAL    RECORD    YEAR
 MAXIMUM TEMPERATURE (F)   72        91      1998
                                             1939
                                             1927
 MINIMUM TEMPERATURE (F)   48        30      1975
                                             1906


SUNRISE AND SUNSET
SEPTEMBER 13 2017.....SUNRISE   653 AM CDT   SUNSET   731 PM CDT
SEPTEMBER 14 2017.....SUNRISE   654 AM CDT   SUNSET   729 PM CDT


-  INDICATES NEGATIVE NUMBERS.
R  INDICATES RECORD WAS SET OR TIED.
MM INDICATES DATA IS MISSING.
T  INDICATES TRACE AMOUNT.




$$
