000
CDUS43 KMPX 120719
CLISTC


CLIMATE REPORT
NATIONAL WEATHER SERVICE CHANHASSEN MN
219 AM CDT SAT APR 12 2014


...................................

...THE ST CLOUD MN CLIMATE SUMMARY FOR APRIL 11 2014...

CLIMATE NORMAL PERIOD 1981 TO 2010
CLIMATE RECORD PERIOD 1893 TO 2014


WEATHER ITEM   OBSERVED TIME   RECORD YEAR NORMAL DEPARTURE LAST
                VALUE   (LST)  VALUE       VALUE  FROM      YEAR
                                                  NORMAL
..................................................................
TEMPERATURE (F)
 YESTERDAY
  MAXIMUM         64    354 PM  82    1968  54     10       35
  MINIMUM         39    157 AM  10    1940  31      8       27
  AVERAGE         52                        42     10       31

PRECIPITATION (IN)
  YESTERDAY        0.01          1.30 2001   0.08  -0.07     0.53
  MONTH TO DATE    0.41                      0.80  -0.39     0.91
  SINCE MAR 1      1.61                      2.35  -0.74     3.54
  SINCE JAN 1      4.12                      3.59   0.53     5.32

SNOWFALL (IN)
  YESTERDAY        0.0           8.7  2013   0.1   -0.1      8.7
  MONTH TO DATE    3.5                       1.5    2.0      8.7
  SINCE MAR 1     12.7                      10.0    2.7     25.3
  SINCE JUL 1     67.0                      44.2   22.8     62.8
  SNOW DEPTH       0

DEGREE DAYS
 HEATING
  YESTERDAY       13                        23    -10       34
  MONTH TO DATE  269                       278     -9      354
  SINCE MAR 1   1576                      1382    194     1682
  SINCE JUL 1   8785                      7828    957     7952

 COOLING
  YESTERDAY        0                         0      0        0
  MONTH TO DATE    0                         0      0        0
  SINCE MAR 1      0                         0      0        0
  SINCE JAN 1      0                         0      0        0
..................................................................


WIND (MPH)
  HIGHEST WIND SPEED    18   HIGHEST WIND DIRECTION     W (260)
  HIGHEST GUST SPEED    24   HIGHEST GUST DIRECTION     W (290)
  AVERAGE WIND SPEED     5.9


SKY COVER
  POSSIBLE SUNSHINE  MM
  AVERAGE SKY COVER 0.6


WEATHER CONDITIONS
 THE FOLLOWING WEATHER WAS RECORDED YESTERDAY.
  NO SIGNIFICANT WEATHER WAS OBSERVED.


RELATIVE HUMIDITY (PERCENT)
 HIGHEST    82           600 AM
 LOWEST     22           400 PM
 AVERAGE    52

..........................................................


THE ST CLOUD MN CLIMATE NORMALS FOR TODAY
                         NORMAL    RECORD    YEAR
 MAXIMUM TEMPERATURE (F)   55        82      1931
 MINIMUM TEMPERATURE (F)   31        13      1992
                                             1950


SUNRISE AND SUNSET
APRIL 12 2014.........SUNRISE   636 AM CDT   SUNSET   759 PM CDT
APRIL 13 2014.........SUNRISE   634 AM CDT   SUNSET   800 PM CDT


-  INDICATES NEGATIVE NUMBERS.
R  INDICATES RECORD WAS SET OR TIED.
MM INDICATES DATA IS MISSING.
T  INDICATES TRACE AMOUNT.




$$
