000
CDUS43 KMPX 180635
CLISTC


CLIMATE REPORT
NATIONAL WEATHER SERVICE CHANHASSEN MN
135 AM CDT MON JUL 18 2016


...................................

...THE ST CLOUD MN CLIMATE SUMMARY FOR JULY 17 2016...

CLIMATE NORMAL PERIOD 1981 TO 2010
CLIMATE RECORD PERIOD 1893 TO 2016


WEATHER ITEM   OBSERVED TIME   RECORD YEAR NORMAL DEPARTURE LAST
                VALUE   (LST)  VALUE       VALUE  FROM      YEAR
                                                  NORMAL
..................................................................
TEMPERATURE (F)
 YESTERDAY
  MAXIMUM         79    535 PM  98    1964  83     -4       85
  MINIMUM         63   1159 PM  44    1906  59      4       62
  AVERAGE         71                        71      0       74

PRECIPITATION (IN)
  YESTERDAY        0.05          0.88 1927   0.10  -0.05     0.31
  MONTH TO DATE    4.56                      1.86   2.70     5.69
  SINCE JUN 1      7.93                      6.03   1.90    10.35
  SINCE JAN 1     14.28                     14.34  -0.06    19.02

SNOWFALL (IN)
  YESTERDAY        0.0           0.0    MM   0.0    0.0      0.0
  MONTH TO DATE    0.0                       0.0    0.0      0.0
  SINCE JUN 1      0.0                       0.0    0.0      0.0
  SINCE JUL 1      0.0                       0.0    0.0      0.0
  SNOW DEPTH       0

DEGREE DAYS
 HEATING
  YESTERDAY        0                         0      0        0
  MONTH TO DATE    7                        13     -6       12
  SINCE JUN 1     40                        91    -51       40
  SINCE JUL 1      7                        13     -6       12

 COOLING
  YESTERDAY        6                         6      0        9
  MONTH TO DATE   73                       101    -28       83
  SINCE JUN 1    181                       196    -15      155
  SINCE JAN 1    212                       221     -9      160
..................................................................


WIND (MPH)
  HIGHEST WIND SPEED    25   HIGHEST WIND DIRECTION    SE (150)
  HIGHEST GUST SPEED    31   HIGHEST GUST DIRECTION     W (270)
  AVERAGE WIND SPEED    11.0


SKY COVER
  POSSIBLE SUNSHINE  MM
  AVERAGE SKY COVER 0.4


WEATHER CONDITIONS
 THE FOLLOWING WEATHER WAS RECORDED YESTERDAY.
  THUNDERSTORM
  RAIN
  LIGHT RAIN
  FOG


RELATIVE HUMIDITY (PERCENT)
 HIGHEST   100           100 AM
 LOWEST     54           500 PM
 AVERAGE    77

..........................................................


THE ST CLOUD MN CLIMATE NORMALS FOR TODAY
                         NORMAL    RECORD    YEAR
 MAXIMUM TEMPERATURE (F)   83       103      1940
 MINIMUM TEMPERATURE (F)   59        45      1979


SUNRISE AND SUNSET
JULY 18 2016..........SUNRISE   545 AM CDT   SUNSET   859 PM CDT
JULY 19 2016..........SUNRISE   546 AM CDT   SUNSET   858 PM CDT


-  INDICATES NEGATIVE NUMBERS.
R  INDICATES RECORD WAS SET OR TIED.
MM INDICATES DATA IS MISSING.
T  INDICATES TRACE AMOUNT.




$$
