000
CDUS43 KMPX 130728
CLISTC


CLIMATE REPORT
NATIONAL WEATHER SERVICE CHANHASSEN MN
227 AM CDT SUN AUG 13 2017


...................................

...THE ST CLOUD MN CLIMATE SUMMARY FOR AUGUST 12 2017...

CLIMATE NORMAL PERIOD 1981 TO 2010
CLIMATE RECORD PERIOD 1893 TO 2017


WEATHER ITEM   OBSERVED TIME   RECORD YEAR NORMAL DEPARTURE LAST
                VALUE   (LST)  VALUE       VALUE  FROM      YEAR
                                                  NORMAL
..................................................................
TEMPERATURE (F)
 YESTERDAY
  MAXIMUM         80    351 PM  95    1965  81     -1       74
  MINIMUM         49    537 AM  39    1946  57     -8       59
  AVERAGE         65                        69     -4       67

PRECIPITATION (IN)
  YESTERDAY        0.00          2.54 1987   0.12  -0.12     0.78
  MONTH TO DATE    1.86                      1.36   0.50     3.22
  SINCE JUN 1      7.82                      8.84  -1.02    13.33
  SINCE JAN 1     17.52                     17.15   0.37    19.68

SNOWFALL (IN)
  YESTERDAY        0.0           0.0    MM   0.0    0.0      0.0
  MONTH TO DATE    0.0                       0.0    0.0      0.0
  SINCE JUN 1      0.0                       0.0    0.0      0.0
  SINCE JUL 1      0.0                       0.0    0.0      0.0
  SNOW DEPTH       0

DEGREE DAYS
 HEATING
  YESTERDAY        0                         1     -1        0
  MONTH TO DATE   15                        12      3        0
  SINCE JUN 1     60                       107    -47       40
  SINCE JUL 1     19                        29    -10        7

 COOLING
  YESTERDAY        0                         5     -5        2
  MONTH TO DATE   17                        60    -43       92
  SINCE JUN 1    273                       337    -64      382
  SINCE JAN 1    276                       362    -86      413
..................................................................


WIND (MPH)
  HIGHEST WIND SPEED     9   HIGHEST WIND DIRECTION    SE (150)
  HIGHEST GUST SPEED    12   HIGHEST GUST DIRECTION     S (170)
  AVERAGE WIND SPEED     1.6


SKY COVER
  POSSIBLE SUNSHINE  MM
  AVERAGE SKY COVER 0.1


WEATHER CONDITIONS
 THE FOLLOWING WEATHER WAS RECORDED YESTERDAY.
  NO SIGNIFICANT WEATHER WAS OBSERVED.


RELATIVE HUMIDITY (PERCENT)
 HIGHEST   100          1200 AM
 LOWEST     37           300 PM
 AVERAGE    69

..........................................................


THE ST CLOUD MN CLIMATE NORMALS FOR TODAY
                         NORMAL    RECORD    YEAR
 MAXIMUM TEMPERATURE (F)   80        95      1938
 MINIMUM TEMPERATURE (F)   57        42      1946


SUNRISE AND SUNSET
AUGUST 13 2017........SUNRISE   615 AM CDT   SUNSET   827 PM CDT
AUGUST 14 2017........SUNRISE   616 AM CDT   SUNSET   825 PM CDT


-  INDICATES NEGATIVE NUMBERS.
R  INDICATES RECORD WAS SET OR TIED.
MM INDICATES DATA IS MISSING.
T  INDICATES TRACE AMOUNT.




$$
