000
CDUS43 KMPX 030032
CLISTC


CLIMATE REPORT
NATIONAL WEATHER SERVICE CHANHASSEN MN
731 PM CDT TUE JUN 2 2015


...................................

...THE ST CLOUD MN CLIMATE SUMMARY FOR JUNE 2 2015...
VALID TODAY AS OF 0700 PM LOCAL TIME.

CLIMATE NORMAL PERIOD 1981 TO 2010
CLIMATE RECORD PERIOD 1893 TO 2015


WEATHER ITEM   OBSERVED TIME   RECORD YEAR NORMAL DEPARTURE LAST
                VALUE   (LST)  VALUE       VALUE  FROM      YEAR
                                                  NORMAL
..................................................................
TEMPERATURE (F)
 TODAY
  MAXIMUM         75    559 PM  93    1940  74      1       78
  MINIMUM         51    456 AM  33    1910  49      2       58
  AVERAGE         63                        62      1       68

PRECIPITATION (IN)
  TODAY            0.00          2.58 1990   0.12  -0.12     0.42
  MONTH TO DATE    0.00                      0.24  -0.24     0.66
  SINCE JUN 1      0.00                      0.24  -0.24     0.66
  SINCE JAN 1      8.67                      8.55   0.12    17.01

SNOWFALL (IN)
  TODAY            0.0           0.0    MM   0.0    0.0      0.0
  MONTH TO DATE    0.0                       0.0    0.0      0.0
  SINCE JUN 1      0.0                       0.0    0.0      0.0
  SINCE JUL 1     31.1                      45.7  -14.6     75.5
  SNOW DEPTH       0

DEGREE DAYS
 HEATING
  TODAY            2                         5     -3        0
  MONTH TO DATE    9                        10     -1        0
  SINCE JUN 1      9                        10     -1        0
  SINCE JUL 1   8124                      8464   -340     9498

 COOLING
  TODAY            0                         2     -2        3
  MONTH TO DATE    0                         3     -3       11
  SINCE JUN 1      0                         3     -3       11
  SINCE JAN 1      5                        28    -23       55
..................................................................


WIND (MPH)
  HIGHEST WIND SPEED    24   HIGHEST WIND DIRECTION     S (160)
  HIGHEST GUST SPEED    31   HIGHEST GUST DIRECTION     S (160)
  AVERAGE WIND SPEED    12.9


SKY COVER
  POSSIBLE SUNSHINE  MM
  AVERAGE SKY COVER 0.0


WEATHER CONDITIONS
 THE FOLLOWING WEATHER WAS RECORDED TODAY.
  NO SIGNIFICANT WEATHER WAS OBSERVED.


RELATIVE HUMIDITY (PERCENT)
 HIGHEST    71           500 AM
 LOWEST     46          1200 PM
 AVERAGE    59

..........................................................


THE ST CLOUD MN CLIMATE NORMALS FOR TOMORROW
                         NORMAL    RECORD    YEAR
 MAXIMUM TEMPERATURE (F)   74        92      1923
 MINIMUM TEMPERATURE (F)   50        35      1946


SUNRISE AND SUNSET
JUNE  2 2015..........SUNRISE   530 AM CDT   SUNSET   859 PM CDT
JUNE  3 2015..........SUNRISE   530 AM CDT   SUNSET   859 PM CDT


-  INDICATES NEGATIVE NUMBERS.
R  INDICATES RECORD WAS SET OR TIED.
MM INDICATES DATA IS MISSING.
T  INDICATES TRACE AMOUNT.




$$
