000
CDUS43 KMPX 260024
CLISTC


CLIMATE REPORT
NATIONAL WEATHER SERVICE CHANHASSEN MN
724 PM CDT THU JUN 25 2015


...................................

...THE ST CLOUD MN CLIMATE SUMMARY FOR JUNE 25 2015...
VALID TODAY AS OF 0700 PM LOCAL TIME.

CLIMATE NORMAL PERIOD 1981 TO 2010
CLIMATE RECORD PERIOD 1893 TO 2015


WEATHER ITEM   OBSERVED TIME   RECORD YEAR NORMAL DEPARTURE LAST
                VALUE   (LST)  VALUE       VALUE  FROM      YEAR
                                                  NORMAL
..................................................................
TEMPERATURE (F)
 TODAY
  MAXIMUM         81    521 PM  97    1964  80      1       68
  MINIMUM         60    527 AM  40    1958  56      4       53
  AVERAGE         71                        68      3       61

PRECIPITATION (IN)
  TODAY            0.00          2.19 1978   0.14  -0.14     0.00
  MONTH TO DATE    4.45                      3.49   0.96     5.75
  SINCE JUN 1      4.45                      3.49   0.96     5.75
  SINCE JAN 1     13.12                     11.80   1.32    22.10

SNOWFALL (IN)
  TODAY            0.0           0.0    MM   0.0    0.0      0.0
  MONTH TO DATE    0.0                       0.0    0.0      0.0
  SINCE JUN 1      0.0                       0.0    0.0      0.0
  SINCE JUL 1     31.1                      45.7  -14.6     75.5
  SNOW DEPTH       0

DEGREE DAYS
 HEATING
  TODAY            0                         1     -1        4
  MONTH TO DATE   28                        73    -45       26
  SINCE JUN 1     28                        73    -45       26
  SINCE JUL 1   8143                      8527   -384     9524

 COOLING
  TODAY            6                         5      1        0
  MONTH TO DATE   50                        70    -20       88
  SINCE JUN 1     50                        70    -20       88
  SINCE JAN 1     55                        95    -40      132
..................................................................


WIND (MPH)
  HIGHEST WIND SPEED    10   HIGHEST WIND DIRECTION     N (360)
  HIGHEST GUST SPEED    15   HIGHEST GUST DIRECTION    NE (50)
  AVERAGE WIND SPEED     4.6


SKY COVER
  POSSIBLE SUNSHINE  MM
  AVERAGE SKY COVER 0.3


WEATHER CONDITIONS
 THE FOLLOWING WEATHER WAS RECORDED TODAY.
  NO SIGNIFICANT WEATHER WAS OBSERVED.


RELATIVE HUMIDITY (PERCENT)
 HIGHEST    93          1200 AM
 LOWEST     42           500 PM
 AVERAGE    68

..........................................................


THE ST CLOUD MN CLIMATE NORMALS FOR TOMORROW
                         NORMAL    RECORD    YEAR
 MAXIMUM TEMPERATURE (F)   80        99      1933
 MINIMUM TEMPERATURE (F)   57        42      1992
                                             1982
                                             1925


SUNRISE AND SUNSET
JUNE 25 2015..........SUNRISE   528 AM CDT   SUNSET   909 PM CDT
JUNE 26 2015..........SUNRISE   529 AM CDT   SUNSET   909 PM CDT


-  INDICATES NEGATIVE NUMBERS.
R  INDICATES RECORD WAS SET OR TIED.
MM INDICATES DATA IS MISSING.
T  INDICATES TRACE AMOUNT.




$$
