024
CDUS43 KMPX 180626
CLISTC


CLIMATE REPORT
NATIONAL WEATHER SERVICE CHANHASSEN MN
126 AM CDT TUE JUL 18 2017


...................................

...THE ST CLOUD MN CLIMATE SUMMARY FOR JULY 17 2017...

CLIMATE NORMAL PERIOD 1981 TO 2010
CLIMATE RECORD PERIOD 1893 TO 2017


WEATHER ITEM   OBSERVED TIME   RECORD YEAR NORMAL DEPARTURE LAST
                VALUE   (LST)  VALUE       VALUE  FROM      YEAR
                                                  NORMAL
..................................................................
TEMPERATURE (F)
 YESTERDAY
  MAXIMUM         92    358 PM  98    1964  83      9       79
  MINIMUM         59    409 AM  44    1906  59      0       63
  AVERAGE         76                        71      5       71

PRECIPITATION (IN)
  YESTERDAY        0.76          0.88 1927   0.10   0.66     0.05
  MONTH TO DATE    1.56                      1.86  -0.30     4.56
  SINCE JUN 1      5.14                      6.03  -0.89     7.93
  SINCE JAN 1     14.84                     14.34   0.50    14.28

SNOWFALL (IN)
  YESTERDAY        0.0           0.0    MM   0.0    0.0      0.0
  MONTH TO DATE    0.0                       0.0    0.0      0.0
  SINCE JUN 1      0.0                       0.0    0.0      0.0
  SINCE JUL 1      0.0                       0.0    0.0      0.0
  SNOW DEPTH       0

DEGREE DAYS
 HEATING
  YESTERDAY        0                         0      0        0
  MONTH TO DATE    4                        13     -9        7
  SINCE JUN 1     45                        91    -46       40
  SINCE JUL 1      4                        13     -9        7

 COOLING
  YESTERDAY       11                         6      5        6
  MONTH TO DATE   93                       101     -8       73
  SINCE JUN 1    177                       196    -19      181
  SINCE JAN 1    180                       221    -41      212
..................................................................


WIND (MPH)
  HIGHEST WIND SPEED    22   HIGHEST WIND DIRECTION     N (350)
  HIGHEST GUST SPEED    33   HIGHEST GUST DIRECTION     N (350)
  AVERAGE WIND SPEED    11.2


SKY COVER
  POSSIBLE SUNSHINE  MM
  AVERAGE SKY COVER 0.0


WEATHER CONDITIONS
 THE FOLLOWING WEATHER WAS RECORDED YESTERDAY.
  THUNDERSTORM
  HEAVY RAIN
  LIGHT RAIN
  FOG


RELATIVE HUMIDITY (PERCENT)
 HIGHEST   100           400 AM
 LOWEST     56           200 PM
 AVERAGE    78

..........................................................


THE ST CLOUD MN CLIMATE NORMALS FOR TODAY
                         NORMAL    RECORD    YEAR
 MAXIMUM TEMPERATURE (F)   83       103      1940
 MINIMUM TEMPERATURE (F)   59        45      1979


SUNRISE AND SUNSET
JULY 18 2017..........SUNRISE   545 AM CDT   SUNSET   859 PM CDT
JULY 19 2017..........SUNRISE   546 AM CDT   SUNSET   858 PM CDT


-  INDICATES NEGATIVE NUMBERS.
R  INDICATES RECORD WAS SET OR TIED.
MM INDICATES DATA IS MISSING.
T  INDICATES TRACE AMOUNT.




$$
