000
CDUS43 KMPX 160714
CLISTC


CLIMATE REPORT
NATIONAL WEATHER SERVICE CHANHASSEN MN
113 AM CST TUE DEC 16 2014


...................................

...THE ST CLOUD MN CLIMATE SUMMARY FOR DECEMBER 15 2014...

CLIMATE NORMAL PERIOD 1981 TO 2010
CLIMATE RECORD PERIOD 1893 TO 2014


WEATHER ITEM   OBSERVED TIME   RECORD YEAR NORMAL DEPARTURE LAST
                VALUE   (LST)  VALUE       VALUE  FROM      YEAR
                                                  NORMAL
..................................................................
TEMPERATURE (F)
 YESTERDAY
  MAXIMUM         48   1217 AM  52    1939  24     24       -2
  MINIMUM         24   1159 PM -28    1901   7     17       -7
  AVERAGE         36                        16     20       -4

PRECIPITATION (IN)
  YESTERDAY        0.46          0.69 1984   0.02   0.44     0.00
  MONTH TO DATE    0.54                      0.42   0.12     1.07
  SINCE DEC 1      0.54                      0.42   0.12     1.07
  SINCE JAN 1     36.51                     27.33   9.18    28.14

SNOWFALL (IN)
  YESTERDAY        0.7           5.0  1902   0.3    0.4      0.0
  MONTH TO DATE    0.9                       4.6   -3.7      9.9
  SINCE DEC 1      0.9                       4.6   -3.7      9.9
  SINCE JUL 1     18.5                      13.8    4.7     13.5
  SNOW DEPTH       T

DEGREE DAYS
 HEATING
  YESTERDAY       29                        49    -20       69
  MONTH TO DATE  589                       700   -111      885
  SINCE DEC 1    589                       700   -111      885
  SINCE JUL 1   2521                      2625   -104     2758

 COOLING
  YESTERDAY        0                         0      0        0
  MONTH TO DATE    0                         0      0        0
  SINCE DEC 1      0                         0      0        0
  SINCE JAN 1    597                       465    132      578
..................................................................


WIND (MPH)
  HIGHEST WIND SPEED    25   HIGHEST WIND DIRECTION     N (340)
  HIGHEST GUST SPEED    34   HIGHEST GUST DIRECTION     N (350)
  AVERAGE WIND SPEED    11.1


SKY COVER
  POSSIBLE SUNSHINE  MM
  AVERAGE SKY COVER 1.0


WEATHER CONDITIONS
 THE FOLLOWING WEATHER WAS RECORDED YESTERDAY.
  RAIN
  LIGHT RAIN
  LIGHT SNOW
  FOG
  FOG W/VISIBILITY <= 1/4 MILE


RELATIVE HUMIDITY (PERCENT)
 HIGHEST   100          1200 AM
 LOWEST     78           800 PM
 AVERAGE    89

..........................................................


THE ST CLOUD MN CLIMATE NORMALS FOR TODAY
                         NORMAL    RECORD    YEAR
 MAXIMUM TEMPERATURE (F)   24        57      1939
 MINIMUM TEMPERATURE (F)    7       -24      2008


SUNRISE AND SUNSET
DECEMBER 16 2014......SUNRISE   750 AM CST   SUNSET   433 PM CST
DECEMBER 17 2014......SUNRISE   751 AM CST   SUNSET   434 PM CST


-  INDICATES NEGATIVE NUMBERS.
R  INDICATES RECORD WAS SET OR TIED.
MM INDICATES DATA IS MISSING.
T  INDICATES TRACE AMOUNT.




$$
