000
CDUS43 KMPX 160643
CLISTC


CLIMATE REPORT
NATIONAL WEATHER SERVICE CHANHASSEN MN
140 AM CDT TUE MAY 16 2017


...................................

...THE ST CLOUD MN CLIMATE SUMMARY FOR MAY 15 2017...

CLIMATE NORMAL PERIOD 1981 TO 2010
CLIMATE RECORD PERIOD 1893 TO 2017


WEATHER ITEM   OBSERVED TIME   RECORD YEAR NORMAL DEPARTURE LAST
                VALUE   (LST)  VALUE       VALUE  FROM      YEAR
                                                  NORMAL
..................................................................
TEMPERATURE (F)
 YESTERDAY
  MAXIMUM         66   1054 AM  97    2001  69     -3       66
  MINIMUM         52    516 AM  26    2004  44      8       28
  AVERAGE         59                        56      3       47

PRECIPITATION (IN)
  YESTERDAY        0.46          2.24 1911   0.09   0.37     0.00
  MONTH TO DATE    1.18                      1.41  -0.23     0.75
  SINCE MAR 1      5.12                      5.53  -0.41     3.99
  SINCE JAN 1      6.44                      6.77  -0.33     4.93

SNOWFALL (IN)
  YESTERDAY        0.0           0.9  1929   0.0    0.0      0.0
  MONTH TO DATE    1.0                       0.0    1.0      0.0
  SINCE MAR 1      3.0                      11.5   -8.5      4.6
  SINCE JUL 1     31.9                      45.7  -13.8     30.3
  SNOW DEPTH       0

DEGREE DAYS
 HEATING
  YESTERDAY        6                         9     -3       18
  MONTH TO DATE  144                       171    -27      193
  SINCE MAR 1   1767                      1892   -125     1615
  SINCE JUL 1   7123                      8338  -1215     7066

 COOLING
  YESTERDAY        0                         1     -1        0
  MONTH TO DATE    1                         7     -6        8
  SINCE MAR 1      1                         9     -8       13
  SINCE JAN 1      1                         9     -8       13
..................................................................


WIND (MPH)
  HIGHEST WIND SPEED    17   HIGHEST WIND DIRECTION     E (70)
  HIGHEST GUST SPEED    23   HIGHEST GUST DIRECTION     E (80)
  AVERAGE WIND SPEED     6.0


SKY COVER
  POSSIBLE SUNSHINE  MM
  AVERAGE SKY COVER 0.3


WEATHER CONDITIONS
 THE FOLLOWING WEATHER WAS RECORDED YESTERDAY.
  THUNDERSTORM
  HEAVY RAIN
  RAIN
  FOG


RELATIVE HUMIDITY (PERCENT)
 HIGHEST   100           900 PM
 LOWEST     57          1200 AM
 AVERAGE    79

..........................................................


THE ST CLOUD MN CLIMATE NORMALS FOR TODAY
                         NORMAL    RECORD    YEAR
 MAXIMUM TEMPERATURE (F)   69        94      1934
 MINIMUM TEMPERATURE (F)   44        30      1983
                                             1956
                                             1930


SUNRISE AND SUNSET
MAY 16 2017...........SUNRISE   544 AM CDT   SUNSET   842 PM CDT
MAY 17 2017...........SUNRISE   543 AM CDT   SUNSET   843 PM CDT


-  INDICATES NEGATIVE NUMBERS.
R  INDICATES RECORD WAS SET OR TIED.
MM INDICATES DATA IS MISSING.
T  INDICATES TRACE AMOUNT.




$$
