000
CDUS43 KMPX 150641
CLISTC


CLIMATE REPORT
NATIONAL WEATHER SERVICE CHANHASSEN MN
1241 AM CST WED FEB 15 2017


...................................

...THE ST CLOUD MN CLIMATE SUMMARY FOR FEBRUARY 14 2017...

CLIMATE NORMAL PERIOD 1981 TO 2010
CLIMATE RECORD PERIOD 1893 TO 2017


WEATHER ITEM   OBSERVED TIME   RECORD YEAR NORMAL DEPARTURE LAST
                VALUE   (LST)  VALUE       VALUE  FROM      YEAR
                                                  NORMAL
..................................................................
TEMPERATURE (F)
 YESTERDAY
  MAXIMUM         40    116 PM  52    1921  26     14       19
  MINIMUM         23   1159 PM -28    1936   7     16        9
  AVERAGE         32                        16     16       14

PRECIPITATION (IN)
  YESTERDAY        0.00          0.67 1919   0.01  -0.01     0.03
  MONTH TO DATE    0.10                      0.24  -0.14     0.29
  SINCE DEC 1      2.19                      1.71   0.48     1.62
  SINCE JAN 1      0.64                      0.89  -0.25     0.60

SNOWFALL (IN)
  YESTERDAY        0.0           4.7  1919   0.2   -0.2      0.5
  MONTH TO DATE    0.3                       3.2   -2.9      7.0
  SINCE DEC 1     19.1                      21.2   -2.1     19.8
  SINCE JUL 1     26.4                      30.4   -4.0     25.5
  SNOW DEPTH       T

DEGREE DAYS
 HEATING
  YESTERDAY       33                        48    -15       51
  MONTH TO DATE  617                       705    -88      713
  SINCE DEC 1   3559                      3882   -323     3476
  SINCE JUL 1   4933                      5807   -874     4935

 COOLING
  YESTERDAY        0                         0      0        0
  MONTH TO DATE    0                         0      0        0
  SINCE DEC 1      0                         0      0        0
  SINCE JAN 1      0                         0      0        0
..................................................................


WIND (MPH)
  HIGHEST WIND SPEED    35   HIGHEST WIND DIRECTION    NW (310)
  HIGHEST GUST SPEED    45   HIGHEST GUST DIRECTION    NW (320)
  AVERAGE WIND SPEED    15.4


SKY COVER
  POSSIBLE SUNSHINE  MM
  AVERAGE SKY COVER 0.0


WEATHER CONDITIONS
 THE FOLLOWING WEATHER WAS RECORDED YESTERDAY.
  NO SIGNIFICANT WEATHER WAS OBSERVED.


RELATIVE HUMIDITY (PERCENT)
 HIGHEST    92           500 AM
 LOWEST     38           500 PM
 AVERAGE    65

..........................................................


THE ST CLOUD MN CLIMATE NORMALS FOR TODAY
                         NORMAL    RECORD    YEAR
 MAXIMUM TEMPERATURE (F)   27        55      1921
 MINIMUM TEMPERATURE (F)    7       -34      1936


SUNRISE AND SUNSET
FEBRUARY 15 2017......SUNRISE   718 AM CST   SUNSET   544 PM CST
FEBRUARY 16 2017......SUNRISE   716 AM CST   SUNSET   545 PM CST


-  INDICATES NEGATIVE NUMBERS.
R  INDICATES RECORD WAS SET OR TIED.
MM INDICATES DATA IS MISSING.
T  INDICATES TRACE AMOUNT.




$$
