000
CDUS43 KMPX 240644
CLISTC


CLIMATE REPORT
NATIONAL WEATHER SERVICE CHANHASSEN MN
144 AM CDT TUE MAR 24 2015


...................................

...THE ST CLOUD MN CLIMATE SUMMARY FOR MARCH 23 2015...

CLIMATE NORMAL PERIOD 1981 TO 2010
CLIMATE RECORD PERIOD 1893 TO 2015


WEATHER ITEM   OBSERVED TIME   RECORD YEAR NORMAL DEPARTURE LAST
                VALUE   (LST)  VALUE       VALUE  FROM      YEAR
                                                  NORMAL
..................................................................
TEMPERATURE (F)
 YESTERDAY
  MAXIMUM         34    217 PM  81    1910  43     -9       24
  MINIMUM         27    552 AM -16    1965  23      4        3
  AVERAGE         31                        33     -2       14

PRECIPITATION (IN)
  YESTERDAY        0.02          2.49 2009   0.06  -0.04      T
  MONTH TO DATE    0.19                      1.07  -0.88     0.65
  SINCE MAR 1      0.19                      1.07  -0.88     0.65
  SINCE JAN 1      0.78                      2.31  -1.53     3.16

SNOWFALL (IN)
  YESTERDAY        0.4           5.5  2011   0.3    0.1       T
  MONTH TO DATE    3.1                       7.0   -3.9      7.5
  SINCE MAR 1      3.1                       7.0   -3.9      7.5
  SINCE JUL 1     29.9                      41.2  -11.3     61.8
  SNOW DEPTH       1

DEGREE DAYS
 HEATING
  YESTERDAY       34                        32      2       51
  MONTH TO DATE  759                       862   -103     1018
  SINCE MAR 1    759                       862   -103     1018
  SINCE JUL 1   7017                      7308   -291     8227

 COOLING
  YESTERDAY        0                         0      0        0
  MONTH TO DATE    0                         0      0        0
  SINCE MAR 1      0                         0      0        0
  SINCE JAN 1      0                         0      0        0
..................................................................


WIND (MPH)
  HIGHEST WIND SPEED    16   HIGHEST WIND DIRECTION    SE (150)
  HIGHEST GUST SPEED    21   HIGHEST GUST DIRECTION    SE (150)
  AVERAGE WIND SPEED     7.8


SKY COVER
  POSSIBLE SUNSHINE  MM
  AVERAGE SKY COVER 0.9


WEATHER CONDITIONS
 THE FOLLOWING WEATHER WAS RECORDED YESTERDAY.
  LIGHT SNOW
  FOG


RELATIVE HUMIDITY (PERCENT)
 HIGHEST   100           500 AM
 LOWEST     75           200 PM
 AVERAGE    88

..........................................................


THE ST CLOUD MN CLIMATE NORMALS FOR TODAY
                         NORMAL    RECORD    YEAR
 MAXIMUM TEMPERATURE (F)   43        78      1910
 MINIMUM TEMPERATURE (F)   23       -22      1965


SUNRISE AND SUNSET
MARCH 24 2015.........SUNRISE   712 AM CDT   SUNSET   734 PM CDT
MARCH 25 2015.........SUNRISE   710 AM CDT   SUNSET   735 PM CDT


-  INDICATES NEGATIVE NUMBERS.
R  INDICATES RECORD WAS SET OR TIED.
MM INDICATES DATA IS MISSING.
T  INDICATES TRACE AMOUNT.




$$
