694
CDUS43 KMPX 140736
CLISTC


CLIMATE REPORT
NATIONAL WEATHER SERVICE CHANHASSEN MN
135 AM CST WED FEB 14 2018


...................................

...THE ST CLOUD MN CLIMATE SUMMARY FOR FEBRUARY 13 2018...

CLIMATE NORMAL PERIOD 1981 TO 2010
CLIMATE RECORD PERIOD 1893 TO 2018


WEATHER ITEM   OBSERVED TIME   RECORD YEAR NORMAL DEPARTURE LAST
                VALUE   (LST)  VALUE       VALUE  FROM      YEAR
                                                  NORMAL
..................................................................
TEMPERATURE (F)
 YESTERDAY
  MAXIMUM         28    437 PM  47    2011  26      2       45
  MINIMUM          2   1223 AM -26    1936   6     -4       25
                                      1905
  AVERAGE         15                        16     -1       35

PRECIPITATION (IN)
  YESTERDAY        T             0.70 1897   0.02  -0.02     0.00
  MONTH TO DATE    0.19                      0.23  -0.04     0.10
  SINCE DEC 1      0.81                      1.70  -0.89     2.19
  SINCE JAN 1      0.37                      0.88  -0.51     0.64

SNOWFALL (IN)
  YESTERDAY        T             4.6  2013   0.3   -0.3      0.0
  MONTH TO DATE    2.9                       3.0   -0.1      0.3
  SINCE DEC 1     12.2                      21.0   -8.8     19.1
  SINCE JUL 1     19.3                      30.2  -10.9     26.4
  SNOW DEPTH       3

DEGREE DAYS
 HEATING
  YESTERDAY       50                        49      1       30
  MONTH TO DATE  824                       657    167      584
  SINCE DEC 1   3962                      3834    128     3526
  SINCE JUL 1   5728                      5759    -31     4900

 COOLING
  YESTERDAY        0                         0      0        0
  MONTH TO DATE    0                         0      0        0
  SINCE DEC 1      0                         0      0        0
  SINCE JAN 1      0                         0      0        0
..................................................................


WIND (MPH)
  HIGHEST WIND SPEED    23   HIGHEST WIND DIRECTION     S (180)
  HIGHEST GUST SPEED    33   HIGHEST GUST DIRECTION     S (190)
  AVERAGE WIND SPEED    11.5


SKY COVER
  POSSIBLE SUNSHINE  MM
  AVERAGE SKY COVER 0.5


WEATHER CONDITIONS
 THE FOLLOWING WEATHER WAS RECORDED YESTERDAY.
  LIGHT SNOW
  FOG
  HAZE


RELATIVE HUMIDITY (PERCENT)
 HIGHEST    92          1000 PM
 LOWEST     61           800 AM
 AVERAGE    77

..........................................................


THE ST CLOUD MN CLIMATE NORMALS FOR TODAY
                         NORMAL    RECORD    YEAR
 MAXIMUM TEMPERATURE (F)   26        52      1921
 MINIMUM TEMPERATURE (F)    7       -28      1936


SUNRISE AND SUNSET
FEBRUARY 14 2018......SUNRISE   719 AM CST   SUNSET   542 PM CST
FEBRUARY 15 2018......SUNRISE   718 AM CST   SUNSET   543 PM CST


-  INDICATES NEGATIVE NUMBERS.
R  INDICATES RECORD WAS SET OR TIED.
MM INDICATES DATA IS MISSING.
T  INDICATES TRACE AMOUNT.




$$
