488
CDUS43 KMPX 110730
CLISTC


CLIMATE REPORT
NATIONAL WEATHER SERVICE CHANHASSEN MN
230 AM CDT FRI AUG 11 2017


...................................

...THE ST CLOUD MN CLIMATE SUMMARY FOR AUGUST 10 2017...

CLIMATE NORMAL PERIOD 1981 TO 2010
CLIMATE RECORD PERIOD 1893 TO 2017


WEATHER ITEM   OBSERVED TIME   RECORD YEAR NORMAL DEPARTURE LAST
                VALUE   (LST)  VALUE       VALUE  FROM      YEAR
                                                  NORMAL
..................................................................
TEMPERATURE (F)
 YESTERDAY
  MAXIMUM         75    417 PM 103    1947  81     -6       91
  MINIMUM         55    525 AM  43    1967  57     -2       66
  AVERAGE         65                        69     -4       79

PRECIPITATION (IN)
  YESTERDAY        0.03          1.97 2016   0.11  -0.08     1.97
  MONTH TO DATE    1.86                      1.12   0.74     2.06
  SINCE JUN 1      7.82                      8.60  -0.78    12.17
  SINCE JAN 1     17.52                     16.91   0.61    18.52

SNOWFALL (IN)
  YESTERDAY        0.0           0.0    MM   0.0    0.0      0.0
  MONTH TO DATE    0.0                       0.0    0.0      0.0
  SINCE JUN 1      0.0                       0.0    0.0      0.0
  SINCE JUL 1      0.0                       0.0    0.0      0.0
  SNOW DEPTH       0

DEGREE DAYS
 HEATING
  YESTERDAY        0                         1     -1        0
  MONTH TO DATE   15                        10      5        0
  SINCE JUN 1     60                       105    -45       40
  SINCE JUL 1     19                        27     -8        7

 COOLING
  YESTERDAY        0                         5     -5       14
  MONTH TO DATE   17                        50    -33       81
  SINCE JUN 1    273                       327    -54      371
  SINCE JAN 1    276                       352    -76      402
..................................................................


WIND (MPH)
  HIGHEST WIND SPEED    16   HIGHEST WIND DIRECTION     N (360)
  HIGHEST GUST SPEED    21   HIGHEST GUST DIRECTION     N (10)
  AVERAGE WIND SPEED     5.4


SKY COVER
  POSSIBLE SUNSHINE  MM
  AVERAGE SKY COVER 0.6


WEATHER CONDITIONS
 THE FOLLOWING WEATHER WAS RECORDED YESTERDAY.
  LIGHT RAIN
  FOG
  FOG W/VISIBILITY <= 1/4 MILE


RELATIVE HUMIDITY (PERCENT)
 HIGHEST   100          1200 AM
 LOWEST     57           300 PM
 AVERAGE    79

..........................................................


THE ST CLOUD MN CLIMATE NORMALS FOR TODAY
                         NORMAL    RECORD    YEAR
 MAXIMUM TEMPERATURE (F)   81        98      1947
 MINIMUM TEMPERATURE (F)   57        38      1982


SUNRISE AND SUNSET
AUGUST 11 2017........SUNRISE   612 AM CDT   SUNSET   830 PM CDT
AUGUST 12 2017........SUNRISE   614 AM CDT   SUNSET   828 PM CDT


-  INDICATES NEGATIVE NUMBERS.
R  INDICATES RECORD WAS SET OR TIED.
MM INDICATES DATA IS MISSING.
T  INDICATES TRACE AMOUNT.




$$
