000
CDUS43 KMPX 200631
CLISTC


CLIMATE REPORT
NATIONAL WEATHER SERVICE CHANHASSEN MN
128 AM CDT WED MAY 20 2015


...................................

...THE ST CLOUD MN CLIMATE SUMMARY FOR MAY 19 2015...

CLIMATE NORMAL PERIOD 1981 TO 2010
CLIMATE RECORD PERIOD 1893 TO 2015


WEATHER ITEM   OBSERVED TIME   RECORD YEAR NORMAL DEPARTURE LAST
                VALUE   (LST)  VALUE       VALUE  FROM      YEAR
                                                  NORMAL
..................................................................
TEMPERATURE (F)
 YESTERDAY
  MAXIMUM         57    603 PM  91    1921  70    -13       62
  MINIMUM         30    446 AM  28    2000  45    -15       52
                                      1981
  AVERAGE         44                        58    -14       57

PRECIPITATION (IN)
  YESTERDAY        T             2.41 1911   0.10  -0.10     0.95
  MONTH TO DATE    5.19                      1.78   3.41     4.15
  SINCE MAR 1      7.24                      5.90   1.34    11.25
  SINCE JAN 1      7.83                      7.14   0.69    13.76

SNOWFALL (IN)
  YESTERDAY        0.0           3.2  1971   0.0    0.0      0.0
  MONTH TO DATE    0.0                       0.0    0.0      0.0
  SINCE MAR 1      4.3                      11.5   -7.2     21.2
  SINCE JUL 1     31.1                      45.7  -14.6     75.5
  SNOW DEPTH       0

DEGREE DAYS
 HEATING
  YESTERDAY       21                         8     13        8
  MONTH TO DATE  210                       206      4      248
  SINCE MAR 1   1762                      1927   -165     2271
  SINCE JUL 1   8020                      8373   -353     9480

 COOLING
  YESTERDAY        0                         1     -1        0
  MONTH TO DATE    0                        11    -11        0
  SINCE MAR 1      0                        13    -13        0
  SINCE JAN 1      0                        13    -13        0
..................................................................


WIND (MPH)
  HIGHEST WIND SPEED    15   HIGHEST WIND DIRECTION     N (340)
  HIGHEST GUST SPEED    21   HIGHEST GUST DIRECTION     N (360)
  AVERAGE WIND SPEED     6.3


SKY COVER
  POSSIBLE SUNSHINE  MM
  AVERAGE SKY COVER 0.3


WEATHER CONDITIONS
 THE FOLLOWING WEATHER WAS RECORDED YESTERDAY.
  LIGHT RAIN


RELATIVE HUMIDITY (PERCENT)
 HIGHEST    92           500 AM
 LOWEST     28           500 PM
 AVERAGE    60

..........................................................


THE ST CLOUD MN CLIMATE NORMALS FOR TODAY
                         NORMAL    RECORD    YEAR
 MAXIMUM TEMPERATURE (F)   70        92      2009
 MINIMUM TEMPERATURE (F)   46        28      1967


SUNRISE AND SUNSET
MAY 20 2015...........SUNRISE   540 AM CDT   SUNSET   846 PM CDT
MAY 21 2015...........SUNRISE   539 AM CDT   SUNSET   847 PM CDT


-  INDICATES NEGATIVE NUMBERS.
R  INDICATES RECORD WAS SET OR TIED.
MM INDICATES DATA IS MISSING.
T  INDICATES TRACE AMOUNT.




$$
