000
CDUS43 KMPX 032049
CLISTC

CLIMATE REPORT...CORRECTED SNOWFALL
NATIONAL WEATHER SERVICE CHANHASSEN MN
121 AM CST WED FEB 3 2016


...................................

...THE ST CLOUD MN CLIMATE SUMMARY FOR FEBRUARY 2 2016...

CLIMATE NORMAL PERIOD 1981 TO 2010
CLIMATE RECORD PERIOD 1893 TO 2016


WEATHER ITEM   OBSERVED TIME   RECORD YEAR NORMAL DEPARTURE LAST
                VALUE   (LST)  VALUE       VALUE  FROM      YEAR
                                                  NORMAL
..................................................................
TEMPERATURE (F)
 YESTERDAY
  MAXIMUM         29    113 PM  48    1991  23      6       18
  MINIMUM         18    157 AM -40    1996   3     15       -4
  AVERAGE         24                        13     11        7

PRECIPITATION (IN)
  YESTERDAY        0.09          0.70 1919   0.01   0.08     0.00
  MONTH TO DATE    0.09                      0.03   0.06     0.00
  SINCE DEC 1      1.42                      1.50  -0.08     0.99
  SINCE JAN 1      0.40                      0.68  -0.28     0.24

SNOWFALL (IN)
  YESTERDAY        2.0           7.6  1919   0.3    1.7      0.0
  MONTH TO DATE    2.0                       0.5    1.5      0.0
  SINCE DEC 1     14.8                      18.5   -3.7      5.0
  SINCE JUL 1     20.5                      27.7   -7.2     22.6
  SNOW DEPTH       2

DEGREE DAYS
 HEATING
  YESTERDAY       41                        52    -11       58
  MONTH TO DATE   81                       104    -23      115
  SINCE DEC 1   2844                      3281   -437     2872
  SINCE JUL 1   4303                      5206   -903     4804

 COOLING
  YESTERDAY        0                         0      0        0
  MONTH TO DATE    0                         0      0        0
  SINCE DEC 1      0                         0      0        0
  SINCE JAN 1      0                         0      0        0
..................................................................


WIND (MPH)
  HIGHEST WIND SPEED    22   HIGHEST WIND DIRECTION     N (10)
  HIGHEST GUST SPEED    30   HIGHEST GUST DIRECTION     N (10)
  AVERAGE WIND SPEED    11.0


SKY COVER
  POSSIBLE SUNSHINE  MM
  AVERAGE SKY COVER 0.6


WEATHER CONDITIONS
 THE FOLLOWING WEATHER WAS RECORDED YESTERDAY.
  SNOW
  LIGHT SNOW
  FOG
  HAZE


RELATIVE HUMIDITY (PERCENT)
 HIGHEST    92           100 AM
 LOWEST     69          1100 AM
 AVERAGE    81

..........................................................


THE ST CLOUD MN CLIMATE NORMALS FOR TODAY
                         NORMAL    RECORD    YEAR
 MAXIMUM TEMPERATURE (F)   23        48      2005
 MINIMUM TEMPERATURE (F)    3       -33      1996


SUNRISE AND SUNSET
FEBRUARY  3 2016......SUNRISE   735 AM CST   SUNSET   525 PM CST
FEBRUARY  4 2016......SUNRISE   734 AM CST   SUNSET   527 PM CST


-  INDICATES NEGATIVE NUMBERS.
R  INDICATES RECORD WAS SET OR TIED.
MM INDICATES DATA IS MISSING.
T  INDICATES TRACE AMOUNT.




$$
