000
CDUS43 KMPX 190027
CLISTC


CLIMATE REPORT
NATIONAL WEATHER SERVICE CHANHASSEN MN
727 PM CDT THU AUG 18 2016


...................................

...THE ST CLOUD MN CLIMATE SUMMARY FOR AUGUST 18 2016...
VALID TODAY AS OF 0700 PM LOCAL TIME.

CLIMATE NORMAL PERIOD 1981 TO 2010
CLIMATE RECORD PERIOD 1893 TO 2016


WEATHER ITEM   OBSERVED TIME   RECORD YEAR NORMAL DEPARTURE LAST
                VALUE   (LST)  VALUE       VALUE  FROM      YEAR
                                                  NORMAL
..................................................................
TEMPERATURE (F)
 TODAY
  MAXIMUM         78   1140 AM  99    1976  80     -2       62
  MINIMUM         59    533 AM  37    1977  56      3       53
  AVERAGE         69                        68      1       58

PRECIPITATION (IN)
  TODAY            0.08          2.38 1899   0.12  -0.04     0.73
  MONTH TO DATE    3.33                      2.10   1.23     2.23
  SINCE JUN 1     13.44                      9.58   3.86    14.07
  SINCE JAN 1     19.79                     17.89   1.90    22.74

SNOWFALL (IN)
  TODAY            0.0           0.0    MM   0.0    0.0      0.0
  MONTH TO DATE    0.0                       0.0    0.0      0.0
  SINCE JUN 1      0.0                       0.0    0.0      0.0
  SINCE JUL 1      0.0                       0.0    0.0      0.0
  SNOW DEPTH       0

DEGREE DAYS
 HEATING
  TODAY            0                         1     -1        7
  MONTH TO DATE    0                        18    -18        7
  SINCE JUN 1     40                       113    -73       47
  SINCE JUL 1      7                        35    -28       19

 COOLING
  TODAY            4                         4      0        0
  MONTH TO DATE  116                        85     31       91
  SINCE JUN 1    406                       362     44      360
  SINCE JAN 1    437                       387     50      365
..................................................................


WIND (MPH)
  HIGHEST WIND SPEED    16   HIGHEST WIND DIRECTION    SE (150)
  HIGHEST GUST SPEED    19   HIGHEST GUST DIRECTION    SE (150)
  AVERAGE WIND SPEED     3.0


SKY COVER
  POSSIBLE SUNSHINE  MM
  AVERAGE SKY COVER 0.1


WEATHER CONDITIONS
 THE FOLLOWING WEATHER WAS RECORDED TODAY.
  LIGHT RAIN
  FOG


RELATIVE HUMIDITY (PERCENT)
 HIGHEST   100          1200 AM
 LOWEST     76          1200 PM
 AVERAGE    88

..........................................................


THE ST CLOUD MN CLIMATE NORMALS FOR TOMORROW
                         NORMAL    RECORD    YEAR
 MAXIMUM TEMPERATURE (F)   79       100      1900
 MINIMUM TEMPERATURE (F)   56        37      2004


SUNRISE AND SUNSET
AUGUST 18 2016........SUNRISE   621 AM CDT   SUNSET   818 PM CDT
AUGUST 19 2016........SUNRISE   622 AM CDT   SUNSET   816 PM CDT


-  INDICATES NEGATIVE NUMBERS.
R  INDICATES RECORD WAS SET OR TIED.
MM INDICATES DATA IS MISSING.
T  INDICATES TRACE AMOUNT.




$$
