000
CDUS43 KMPX 060737
CLISTC


CLIMATE REPORT
NATIONAL WEATHER SERVICE CHANHASSEN MN
137 AM CST TUE FEB 6 2018


...................................

...THE ST CLOUD MN CLIMATE SUMMARY FOR FEBRUARY 5 2018...

CLIMATE NORMAL PERIOD 1981 TO 2010
CLIMATE RECORD PERIOD 1893 TO 2018


WEATHER ITEM   OBSERVED TIME   RECORD YEAR NORMAL DEPARTURE LAST
                VALUE   (LST)  VALUE       VALUE  FROM      YEAR
                                                  NORMAL
..................................................................
TEMPERATURE (F)
 YESTERDAY
  MAXIMUM         15    350 PM  49    2005  24     -9       28
  MINIMUM         -9    213 AM -31    1979   4    -13       11
  AVERAGE          3                        14    -11       20

PRECIPITATION (IN)
  YESTERDAY        0.00          0.70 1895   0.01  -0.01     0.00
  MONTH TO DATE    0.15                      0.08   0.07      T
  SINCE DEC 1      0.77                      1.55  -0.78     2.09
  SINCE JAN 1      0.33                      0.73  -0.40     0.54

SNOWFALL (IN)
  YESTERDAY        0.0           5.0  1908   0.3   -0.3      0.0
  MONTH TO DATE    1.9                       1.2    0.7       T
  SINCE DEC 1     11.2                      19.2   -8.0     18.8
  SINCE JUL 1     18.3                      28.4  -10.1     26.1
  SNOW DEPTH       2

DEGREE DAYS
 HEATING
  YESTERDAY       62                        51     11       45
  MONTH TO DATE  319                       258     61      244
  SINCE DEC 1   3457                      3435     22     3186
  SINCE JUL 1   5223                      5360   -137     4560

 COOLING
  YESTERDAY        0                         0      0        0
  MONTH TO DATE    0                         0      0        0
  SINCE DEC 1      0                         0      0        0
  SINCE JAN 1      0                         0      0        0
..................................................................


WIND (MPH)
  HIGHEST WIND SPEED    15   HIGHEST WIND DIRECTION    NW (310)
  HIGHEST GUST SPEED    21   HIGHEST GUST DIRECTION    NW (320)
  AVERAGE WIND SPEED     7.3


SKY COVER
  POSSIBLE SUNSHINE  MM
  AVERAGE SKY COVER 0.0


WEATHER CONDITIONS
 THE FOLLOWING WEATHER WAS RECORDED YESTERDAY.
  NO SIGNIFICANT WEATHER WAS OBSERVED.


RELATIVE HUMIDITY (PERCENT)
 HIGHEST    83           100 AM
 LOWEST     52           500 PM
 AVERAGE    68

..........................................................


THE ST CLOUD MN CLIMATE NORMALS FOR TODAY
                         NORMAL    RECORD    YEAR
 MAXIMUM TEMPERATURE (F)   24        50      1987
 MINIMUM TEMPERATURE (F)    4       -33      1982


SUNRISE AND SUNSET
FEBRUARY  6 2018......SUNRISE   731 AM CST   SUNSET   530 PM CST
FEBRUARY  7 2018......SUNRISE   730 AM CST   SUNSET   532 PM CST


-  INDICATES NEGATIVE NUMBERS.
R  INDICATES RECORD WAS SET OR TIED.
MM INDICATES DATA IS MISSING.
T  INDICATES TRACE AMOUNT.




$$
