000
CDUS43 KMPX 162131
CLISTC


CLIMATE REPORT
NATIONAL WEATHER SERVICE CHANHASSEN MN
428 PM CDT TUE MAY 16 2017


...................................

...THE ST CLOUD MN CLIMATE SUMMARY FOR MAY 16 2017...
VALID TODAY AS OF 0400 PM LOCAL TIME.

CLIMATE NORMAL PERIOD 1981 TO 2010
CLIMATE RECORD PERIOD 1893 TO 2017


WEATHER ITEM   OBSERVED TIME   RECORD YEAR NORMAL DEPARTURE LAST
                VALUE   (LST)  VALUE       VALUE  FROM      YEAR
                                                  NORMAL
..................................................................
TEMPERATURE (F)
 TODAY
  MAXIMUM         80    137 PM  94    1934  69     11       63
  MINIMUM         53    620 AM  30    1983  44      9       38
                                      1956
                                      1930
  AVERAGE         67                        57     10       51

PRECIPITATION (IN)
  TODAY            0.31          5.00 1894   0.09   0.22      T
  MONTH TO DATE    1.49                      1.50  -0.01     0.75
  SINCE MAR 1      5.43                      5.62  -0.19     3.99
  SINCE JAN 1      6.75                      6.86  -0.11     4.93

SNOWFALL (IN)
  TODAY            0.0           T    1943   0.0    0.0      0.0
  MONTH TO DATE    1.0                       0.0    1.0      0.0
  SINCE MAR 1      3.0                      11.5   -8.5      4.6
  SINCE JUL 1     31.9                      45.7  -13.8     30.3
  SNOW DEPTH       0

DEGREE DAYS
 HEATING
  TODAY            0                         9     -9       14
  MONTH TO DATE  144                       180    -36      207
  SINCE MAR 1   1767                      1901   -134     1629
  SINCE JUL 1   7123                      8347  -1224     7080

 COOLING
  TODAY            2                         1      1        0
  MONTH TO DATE    3                         8     -5        8
  SINCE MAR 1      3                        10     -7       13
  SINCE JAN 1      3                        10     -7       13
..................................................................


WIND (MPH)
  HIGHEST WIND SPEED    20   HIGHEST WIND DIRECTION     W (250)
  HIGHEST GUST SPEED    26   HIGHEST GUST DIRECTION     S (170)
  AVERAGE WIND SPEED    11.4


SKY COVER
  POSSIBLE SUNSHINE  MM
  AVERAGE SKY COVER 0.8


WEATHER CONDITIONS
 THE FOLLOWING WEATHER WAS RECORDED TODAY.
  THUNDERSTORM
  HEAVY RAIN
  RAIN
  LIGHT RAIN
  FOG


RELATIVE HUMIDITY (PERCENT)
 HIGHEST   100          1200 AM
 LOWEST     54           300 PM
 AVERAGE    77

..........................................................


THE ST CLOUD MN CLIMATE NORMALS FOR TOMORROW
                         NORMAL    RECORD    YEAR
 MAXIMUM TEMPERATURE (F)   69        90      1998
                                             1972
 MINIMUM TEMPERATURE (F)   45        28      1973


SUNRISE AND SUNSET
MAY 16 2017...........SUNRISE   544 AM CDT   SUNSET   842 PM CDT
MAY 17 2017...........SUNRISE   543 AM CDT   SUNSET   843 PM CDT


-  INDICATES NEGATIVE NUMBERS.
R  INDICATES RECORD WAS SET OR TIED.
MM INDICATES DATA IS MISSING.
T  INDICATES TRACE AMOUNT.




$$
