000
CDUS43 KMPX 080729
CLISTC


CLIMATE REPORT
NATIONAL WEATHER SERVICE CHANHASSEN MN
129 AM CST SUN JAN 8 2017


...................................

...THE ST CLOUD MN CLIMATE SUMMARY FOR JANUARY 7 2017...

CLIMATE NORMAL PERIOD 1981 TO 2010
CLIMATE RECORD PERIOD 1893 TO 2017


WEATHER ITEM   OBSERVED TIME   RECORD YEAR NORMAL DEPARTURE LAST
                VALUE   (LST)  VALUE       VALUE  FROM      YEAR
                                                  NORMAL
..................................................................
TEMPERATURE (F)
 YESTERDAY
  MAXIMUM          5    409 PM  51    2003  21    -16       32
  MINIMUM        -12    445 AM -35    1912   2    -14       30
  AVERAGE         -3                        12    -15       31

PRECIPITATION (IN)
  YESTERDAY        0.00          0.47 1989   0.02  -0.02     0.04
  MONTH TO DATE    0.12                      0.17  -0.05     0.07
  SINCE DEC 1      1.67                      0.99   0.68     1.09
  SINCE JAN 1      0.12                      0.17  -0.05     0.07

SNOWFALL (IN)
  YESTERDAY        0.0           7.8  1989   0.3   -0.3      0.3
  MONTH TO DATE    1.4                       2.1   -0.7      0.4
  SINCE DEC 1     10.2                      11.5   -1.3      8.6
  SINCE JUL 1     17.5                      20.7   -3.2     14.3
  SNOW DEPTH       0

DEGREE DAYS
 HEATING
  YESTERDAY       68                        53     15       34
  MONTH TO DATE  413                       371     42      300
  SINCE DEC 1   1877                      1893    -16     1483
  SINCE JUL 1   3251                      3818   -567     2942

 COOLING
  YESTERDAY        0                         0      0        0
  MONTH TO DATE    0                         0      0        0
  SINCE DEC 1      0                         0      0        0
  SINCE JAN 1      0                         0      0        0
..................................................................


WIND (MPH)
  HIGHEST WIND SPEED    16   HIGHEST WIND DIRECTION    NW (310)
  HIGHEST GUST SPEED    20   HIGHEST GUST DIRECTION    NW (310)
  AVERAGE WIND SPEED     6.8


SKY COVER
  POSSIBLE SUNSHINE  MM
  AVERAGE SKY COVER 0.0


WEATHER CONDITIONS
 THE FOLLOWING WEATHER WAS RECORDED YESTERDAY.
  NO SIGNIFICANT WEATHER WAS OBSERVED.


RELATIVE HUMIDITY (PERCENT)
 HIGHEST    92           200 AM
 LOWEST     66           300 PM
 AVERAGE    79

..........................................................


THE ST CLOUD MN CLIMATE NORMALS FOR TODAY
                         NORMAL    RECORD    YEAR
 MAXIMUM TEMPERATURE (F)   21        54      2003
 MINIMUM TEMPERATURE (F)    2       -26      1977


SUNRISE AND SUNSET
JANUARY  8 2017.......SUNRISE   756 AM CST   SUNSET   451 PM CST
JANUARY  9 2017.......SUNRISE   755 AM CST   SUNSET   452 PM CST


-  INDICATES NEGATIVE NUMBERS.
R  INDICATES RECORD WAS SET OR TIED.
MM INDICATES DATA IS MISSING.
T  INDICATES TRACE AMOUNT.




$$
