000
CDUS43 KMPX 142216
CLISTC


CLIMATE REPORT
NATIONAL WEATHER SERVICE CHANHASSEN MN
516 PM CDT FRI JUL 14 2017


...................................

...THE ST CLOUD MN CLIMATE SUMMARY FOR JULY 14 2017...
VALID TODAY AS OF 0500 PM LOCAL TIME.

CLIMATE NORMAL PERIOD 1981 TO 2010
CLIMATE RECORD PERIOD 1893 TO 2017


WEATHER ITEM   OBSERVED TIME   RECORD YEAR NORMAL DEPARTURE LAST
                VALUE   (LST)  VALUE       VALUE  FROM      YEAR
                                                  NORMAL
..................................................................
TEMPERATURE (F)
 TODAY
  MAXIMUM         73    237 PM 105    1936  83    -10       67
  MINIMUM         58    523 AM  46    1987  59     -1       61
  AVERAGE         66                        71     -5       64

PRECIPITATION (IN)
  TODAY            0.00          1.62 1998   0.10  -0.10     0.27
  MONTH TO DATE    0.80                      1.55  -0.75     4.42
  SINCE JUN 1      4.38                      5.72  -1.34     7.79
  SINCE JAN 1     14.08                     14.03   0.05    14.14

SNOWFALL (IN)
  TODAY            0.0           0.0    MM   0.0    0.0      0.0
  MONTH TO DATE    0.0                       0.0    0.0      0.0
  SINCE JUN 1      0.0                       0.0    0.0      0.0
  SINCE JUL 1      0.0                       0.0    0.0      0.0
  SNOW DEPTH       0

DEGREE DAYS
 HEATING
  TODAY            0                         0      0        1
  MONTH TO DATE    4                        13     -9        7
  SINCE JUN 1     45                        91    -46       40
  SINCE JUL 1      4                        13     -9        7

 COOLING
  TODAY            1                         6     -5        0
  MONTH TO DATE   69                        83    -14       65
  SINCE JUN 1    153                       178    -25      173
  SINCE JAN 1    156                       203    -47      204
..................................................................


WIND (MPH)
  HIGHEST WIND SPEED     6   HIGHEST WIND DIRECTION     S (200)
  HIGHEST GUST SPEED    MM   HIGHEST GUST DIRECTION    MM
  AVERAGE WIND SPEED     2.2


SKY COVER
  POSSIBLE SUNSHINE  MM
  AVERAGE SKY COVER 0.9


WEATHER CONDITIONS
 THE FOLLOWING WEATHER WAS RECORDED TODAY.
  NO SIGNIFICANT WEATHER WAS OBSERVED.


RELATIVE HUMIDITY (PERCENT)
 HIGHEST   100           200 AM
 LOWEST     57           400 PM
 AVERAGE    79

..........................................................


THE ST CLOUD MN CLIMATE NORMALS FOR TOMORROW
                         NORMAL    RECORD    YEAR
 MAXIMUM TEMPERATURE (F)   83       102      1931
 MINIMUM TEMPERATURE (F)   59        44      1912


SUNRISE AND SUNSET
JULY 14 2017..........SUNRISE   541 AM CDT   SUNSET   903 PM CDT
JULY 15 2017..........SUNRISE   542 AM CDT   SUNSET   902 PM CDT


-  INDICATES NEGATIVE NUMBERS.
R  INDICATES RECORD WAS SET OR TIED.
MM INDICATES DATA IS MISSING.
T  INDICATES TRACE AMOUNT.




$$
