000
CDUS43 KMPX 140812
CLISTC


CLIMATE REPORT
NATIONAL WEATHER SERVICE CHANHASSEN MN
312 AM CDT WED SEP 14 2016


...................................

...THE ST CLOUD MN CLIMATE SUMMARY FOR SEPTEMBER 13 2016...

CLIMATE NORMAL PERIOD 1981 TO 2010
CLIMATE RECORD PERIOD 1893 TO 2016


WEATHER ITEM   OBSERVED TIME   RECORD YEAR NORMAL DEPARTURE LAST
                VALUE   (LST)  VALUE       VALUE  FROM      YEAR
                                                  NORMAL
..................................................................
TEMPERATURE (F)
 YESTERDAY
  MAXIMUM         62    234 PM  91    1998  72    -10       76
                                      1939
                                      1927
  MINIMUM         43   1159 PM  30    1975  48     -5       45
                                      1906
  AVERAGE         53                        60     -7       61

PRECIPITATION (IN)
  YESTERDAY        0.00          2.15 1921   0.12  -0.12     0.00
  MONTH TO DATE    0.85                      1.65  -0.80     1.39
  SINCE SEP 1      0.85                      1.65  -0.80     1.39
  SINCE JAN 1     25.67                     21.23   4.44    25.00

SNOWFALL (IN)
  YESTERDAY        0.0           0.0    MM   0.0    0.0      0.0
  MONTH TO DATE    0.0                       0.0    0.0      0.0
  SINCE SEP 1      0.0                       0.0    0.0      0.0
  SINCE JUL 1      0.0                       0.0    0.0      0.0
  SNOW DEPTH       0

DEGREE DAYS
 HEATING
  YESTERDAY       12                         7      5        4
  MONTH TO DATE   19                        62    -43       42
  SINCE SEP 1     19                        62    -43       42
  SINCE JUL 1     41                       120    -79       94

 COOLING
  YESTERDAY        0                         1     -1        0
  MONTH TO DATE   26                        23      3       72
  SINCE SEP 1     26                        23      3       72
  SINCE JAN 1    504                       452     52      458
..................................................................


WIND (MPH)
  HIGHEST WIND SPEED    16   HIGHEST WIND DIRECTION    NW (310)
  HIGHEST GUST SPEED    21   HIGHEST GUST DIRECTION    NW (310)
  AVERAGE WIND SPEED     7.2


SKY COVER
  POSSIBLE SUNSHINE  MM
  AVERAGE SKY COVER 0.1


WEATHER CONDITIONS
 THE FOLLOWING WEATHER WAS RECORDED YESTERDAY.
  NO SIGNIFICANT WEATHER WAS OBSERVED.


RELATIVE HUMIDITY (PERCENT)
 HIGHEST   100           500 AM
 LOWEST     55           500 PM
 AVERAGE    78

..........................................................


THE ST CLOUD MN CLIMATE NORMALS FOR TODAY
                         NORMAL    RECORD    YEAR
 MAXIMUM TEMPERATURE (F)   71        95      1939
 MINIMUM TEMPERATURE (F)   48        31      1996


SUNRISE AND SUNSET
SEPTEMBER 14 2016.....SUNRISE   654 AM CDT   SUNSET   728 PM CDT
SEPTEMBER 15 2016.....SUNRISE   655 AM CDT   SUNSET   726 PM CDT


-  INDICATES NEGATIVE NUMBERS.
R  INDICATES RECORD WAS SET OR TIED.
MM INDICATES DATA IS MISSING.
T  INDICATES TRACE AMOUNT.




$$
