000
CDUS43 KMPX 012242
CLISTC


CLIMATE REPORT
NATIONAL WEATHER SERVICE CHANHASSEN MN
442 PM CST MON FEB 1 2016


...................................

...THE ST CLOUD MN CLIMATE SUMMARY FOR FEBRUARY 1 2016...
VALID AS OF 0400 PM LOCAL TIME.

CLIMATE NORMAL PERIOD 1981 TO 2010
CLIMATE RECORD PERIOD 1893 TO 2016


WEATHER ITEM   OBSERVED TIME   RECORD YEAR NORMAL DEPARTURE LAST
                VALUE   (LST)  VALUE       VALUE  FROM      YEAR
                                                  NORMAL
..................................................................
TEMPERATURE (F)
 TODAY
  MAXIMUM         31    359 PM  51    1931  23      8       16
  MINIMUM         24    817 AM -35    1996   3     21       -1
                                      1951
  AVERAGE         28                        13     15        8

PRECIPITATION (IN)
  TODAY            T             0.55 1939   0.02  -0.02     0.00
                                      1922
  MONTH TO DATE    T                         0.02  -0.02     0.00
  SINCE DEC 1      1.33                      1.49  -0.16     0.99
  SINCE JAN 1      0.31                      0.67  -0.36     0.24

SNOWFALL (IN)
  TODAY            T             8.0  1939   0.2   -0.2      0.0
  MONTH TO DATE    T                         0.2   -0.2      0.0
  SINCE DEC 1     12.8                      18.2   -5.4      5.0
  SINCE JUL 1     18.5                      27.4   -8.9     22.6
  SNOW DEPTH       2

DEGREE DAYS
 HEATING
  TODAY           37                        52    -15       57
  MONTH TO DATE   37                        52    -15       57
  SINCE DEC 1   2800                      3229   -429     2814
  SINCE JUL 1   4259                      5154   -895     4746

 COOLING
  TODAY            0                         0      0        0
  MONTH TO DATE    0                         0      0        0
  SINCE DEC 1      0                         0      0        0
  SINCE JAN 1      0                         0      0        0
..................................................................


WIND (MPH)
  HIGHEST WIND SPEED     9   HIGHEST WIND DIRECTION    NW (310)
  HIGHEST GUST SPEED    13   HIGHEST GUST DIRECTION    NW (310)
  AVERAGE WIND SPEED     3.5


SKY COVER
  POSSIBLE SUNSHINE  MM
  AVERAGE SKY COVER 0.8


WEATHER CONDITIONS
 THE FOLLOWING WEATHER WAS RECORDED TODAY.
  LIGHT SNOW
  FOG
  FOG W/VISIBILITY <= 1/4 MILE


RELATIVE HUMIDITY (PERCENT)
 HIGHEST   100           400 AM
 LOWEST     78           300 PM
 AVERAGE    89

..........................................................


THE ST CLOUD MN CLIMATE NORMALS FOR TOMORROW
                         NORMAL    RECORD    YEAR
 MAXIMUM TEMPERATURE (F)   23        48      1991
 MINIMUM TEMPERATURE (F)    3       -40      1996


SUNRISE AND SUNSET
FEBRUARY  1 2016......SUNRISE   738 AM CST   SUNSET   522 PM CST
FEBRUARY  2 2016......SUNRISE   737 AM CST   SUNSET   524 PM CST


-  INDICATES NEGATIVE NUMBERS.
R  INDICATES RECORD WAS SET OR TIED.
MM INDICATES DATA IS MISSING.
T  INDICATES TRACE AMOUNT.




$$
