000
CDUS43 KMPX 120630
CLISTC


CLIMATE REPORT
NATIONAL WEATHER SERVICE CHANHASSEN MN
130 AM CDT FRI AUG 12 2016


...................................

...THE ST CLOUD MN CLIMATE SUMMARY FOR AUGUST 11 2016...

CLIMATE NORMAL PERIOD 1981 TO 2010
CLIMATE RECORD PERIOD 1893 TO 2016


WEATHER ITEM   OBSERVED TIME   RECORD YEAR NORMAL DEPARTURE LAST
                VALUE   (LST)  VALUE       VALUE  FROM      YEAR
                                                  NORMAL
..................................................................
TEMPERATURE (F)
 YESTERDAY
  MAXIMUM         81    542 PM  98    1947  81      0       81
  MINIMUM         66    743 AM  38    1982  57      9       57
  AVERAGE         74                        69      5       69

PRECIPITATION (IN)
  YESTERDAY        0.38          1.60 1963   0.12   0.26     0.00
  MONTH TO DATE    2.44                      1.24   1.20     0.96
  SINCE JUN 1     12.55                      8.72   3.83    12.80
  SINCE JAN 1     18.90                     17.03   1.87    21.47

SNOWFALL (IN)
  YESTERDAY        0.0           0.0    MM   0.0    0.0      0.0
  MONTH TO DATE    0.0                       0.0    0.0      0.0
  SINCE JUN 1      0.0                       0.0    0.0      0.0
  SINCE JUL 1      0.0                       0.0    0.0      0.0
  SNOW DEPTH       0

DEGREE DAYS
 HEATING
  YESTERDAY        0                         1     -1        0
  MONTH TO DATE    0                        11    -11        0
  SINCE JUN 1     40                       106    -66       40
  SINCE JUL 1      7                        28    -21       12

 COOLING
  YESTERDAY        9                         5      4        4
  MONTH TO DATE   90                        55     35       46
  SINCE JUN 1    380                       332     48      315
  SINCE JAN 1    411                       357     54      320
..................................................................


WIND (MPH)
  HIGHEST WIND SPEED    13   HIGHEST WIND DIRECTION    NW (300)
  HIGHEST GUST SPEED    16   HIGHEST GUST DIRECTION    NW (320)
  AVERAGE WIND SPEED     2.9


SKY COVER
  POSSIBLE SUNSHINE  MM
  AVERAGE SKY COVER 0.4


WEATHER CONDITIONS
 THE FOLLOWING WEATHER WAS RECORDED YESTERDAY.
  THUNDERSTORM
  RAIN
  LIGHT RAIN
  FOG


RELATIVE HUMIDITY (PERCENT)
 HIGHEST   100          1200 AM
 LOWEST     67           300 PM
 AVERAGE    84

..........................................................


THE ST CLOUD MN CLIMATE NORMALS FOR TODAY
                         NORMAL    RECORD    YEAR
 MAXIMUM TEMPERATURE (F)   81        95      1965
 MINIMUM TEMPERATURE (F)   57        39      1946


SUNRISE AND SUNSET
AUGUST 12 2016........SUNRISE   614 AM CDT   SUNSET   828 PM CDT
AUGUST 13 2016........SUNRISE   615 AM CDT   SUNSET   826 PM CDT


-  INDICATES NEGATIVE NUMBERS.
R  INDICATES RECORD WAS SET OR TIED.
MM INDICATES DATA IS MISSING.
T  INDICATES TRACE AMOUNT.




$$
