000
CDUS43 KMPX 160857
CLISTC


CLIMATE REPORT
NATIONAL WEATHER SERVICE CHANHASSEN MN
357 AM CDT MON MAY 16 2016


...................................

...THE ST CLOUD MN CLIMATE SUMMARY FOR MAY 15 2016...

CLIMATE NORMAL PERIOD 1981 TO 2010
CLIMATE RECORD PERIOD 1893 TO 2016


WEATHER ITEM   OBSERVED TIME   RECORD YEAR NORMAL DEPARTURE LAST
                VALUE   (LST)  VALUE       VALUE  FROM      YEAR
                                                  NORMAL
..................................................................
TEMPERATURE (F)
 YESTERDAY
  MAXIMUM         66    442 PM  97    2001  69     -3       63
  MINIMUM         28    441 AM  26    2004  44    -16       50
  AVERAGE         47                        56     -9       57

PRECIPITATION (IN)
  YESTERDAY        0.00          2.24 1911   0.09  -0.09     0.00
  MONTH TO DATE    0.75                      1.41  -0.66     2.29
  SINCE MAR 1      3.99                      5.53  -1.54     4.34
  SINCE JAN 1      4.93                      6.77  -1.84     4.93

SNOWFALL (IN)
  YESTERDAY        0.0           0.9  1929   0.0    0.0      0.0
  MONTH TO DATE    0.0                       0.0    0.0      0.0
  SINCE MAR 1      4.6                      11.5   -6.9      4.3
  SINCE JUL 1     30.3                      45.7  -15.4     31.1
  SNOW DEPTH       0

DEGREE DAYS
 HEATING
  YESTERDAY       18                         9      9        8
  MONTH TO DATE  193                       171     22      157
  SINCE MAR 1   1615                      1892   -277     1709
  SINCE JUL 1   7066                      8338  -1272     7967

 COOLING
  YESTERDAY        0                         1     -1        0
  MONTH TO DATE    8                         7      1        0
  SINCE MAR 1     13                         9      4        0
  SINCE JAN 1     13                         9      4        0
..................................................................


WIND (MPH)
  HIGHEST WIND SPEED    21   HIGHEST WIND DIRECTION     W (290)
  HIGHEST GUST SPEED    28   HIGHEST GUST DIRECTION     W (290)
  AVERAGE WIND SPEED     8.7


SKY COVER
  POSSIBLE SUNSHINE  MM
  AVERAGE SKY COVER 0.4


WEATHER CONDITIONS
 THE FOLLOWING WEATHER WAS RECORDED YESTERDAY.
  NO SIGNIFICANT WEATHER WAS OBSERVED.


RELATIVE HUMIDITY (PERCENT)
 HIGHEST    78          1200 AM
 LOWEST     25           300 PM
 AVERAGE    52

..........................................................


THE ST CLOUD MN CLIMATE NORMALS FOR TODAY
                         NORMAL    RECORD    YEAR
 MAXIMUM TEMPERATURE (F)   69        94      1934
 MINIMUM TEMPERATURE (F)   44        30      1983
                                             1956
                                             1930


SUNRISE AND SUNSET
MAY 16 2016...........SUNRISE   544 AM CDT   SUNSET   842 PM CDT
MAY 17 2016...........SUNRISE   543 AM CDT   SUNSET   843 PM CDT


-  INDICATES NEGATIVE NUMBERS.
R  INDICATES RECORD WAS SET OR TIED.
MM INDICATES DATA IS MISSING.
T  INDICATES TRACE AMOUNT.




$$
