000
CDUS43 KMPX 140655
CLISTC


CLIMATE REPORT
NATIONAL WEATHER SERVICE CHANHASSEN MN
155 AM CDT WED JUN 14 2017


...................................

...THE ST CLOUD MN CLIMATE SUMMARY FOR JUNE 13 2017...

CLIMATE NORMAL PERIOD 1981 TO 2010
CLIMATE RECORD PERIOD 1893 TO 2017


WEATHER ITEM   OBSERVED TIME   RECORD YEAR NORMAL DEPARTURE LAST
                VALUE   (LST)  VALUE       VALUE  FROM      YEAR
                                                  NORMAL
..................................................................
TEMPERATURE (F)
 YESTERDAY
  MAXIMUM         82    951 PM  96    1987  77      5       76
  MINIMUM         64   1159 PM  36    1942  53     11       62
  AVERAGE         73                        65      8       69

PRECIPITATION (IN)
  YESTERDAY        0.48          3.30 1981   0.15   0.33     0.02
  MONTH TO DATE    0.94                      1.73  -0.79     1.28
  SINCE JUN 1      0.94                      1.73  -0.79     1.28
  SINCE JAN 1     10.64                     10.04   0.60     7.63

SNOWFALL (IN)
  YESTERDAY        0.0           0.0    MM   0.0    0.0      0.0
  MONTH TO DATE    0.0                       0.0    0.0      0.0
  SINCE JUN 1      0.0                       0.0    0.0      0.0
  SINCE JUL 1     31.9                      45.7  -13.8     30.3
  SNOW DEPTH       0

DEGREE DAYS
 HEATING
  YESTERDAY        0                         3     -3        0
  MONTH TO DATE    6                        51    -45       30
  SINCE JUN 1      6                        51    -45       30
  SINCE JUL 1   7292                      8505  -1213     7167

 COOLING
  YESTERDAY        8                         3      5        4
  MONTH TO DATE   54                        26     28       39
  SINCE JUN 1     54                        26     28       39
  SINCE JAN 1     57                        51      6       70
..................................................................


WIND (MPH)
  HIGHEST WIND SPEED    26   HIGHEST WIND DIRECTION     W (280)
  HIGHEST GUST SPEED    35   HIGHEST GUST DIRECTION     W (280)
  AVERAGE WIND SPEED    10.4


SKY COVER
  POSSIBLE SUNSHINE  MM
  AVERAGE SKY COVER 0.7


WEATHER CONDITIONS
 THE FOLLOWING WEATHER WAS RECORDED YESTERDAY.
  THUNDERSTORM
  HEAVY RAIN
  RAIN
  LIGHT RAIN
  FOG


RELATIVE HUMIDITY (PERCENT)
 HIGHEST   100           300 AM
 LOWEST     65           900 PM
 AVERAGE    83

..........................................................


THE ST CLOUD MN CLIMATE NORMALS FOR TODAY
                         NORMAL    RECORD    YEAR
 MAXIMUM TEMPERATURE (F)   77        95      1994
                                             1979
 MINIMUM TEMPERATURE (F)   53        36      1942


SUNRISE AND SUNSET
JUNE 14 2017..........SUNRISE   527 AM CDT   SUNSET   907 PM CDT
JUNE 15 2017..........SUNRISE   527 AM CDT   SUNSET   907 PM CDT


-  INDICATES NEGATIVE NUMBERS.
R  INDICATES RECORD WAS SET OR TIED.
MM INDICATES DATA IS MISSING.
T  INDICATES TRACE AMOUNT.




$$
