000
CDUS43 KMPX 122136
CLISTC


CLIMATE REPORT
NATIONAL WEATHER SERVICE CHANHASSEN MN
436 PM CDT MON JUN 12 2017


...................................

...THE ST CLOUD MN CLIMATE SUMMARY FOR JUNE 12 2017...
VALID TODAY AS OF 0400 PM LOCAL TIME.

CLIMATE NORMAL PERIOD 1981 TO 2010
CLIMATE RECORD PERIOD 1893 TO 2017


WEATHER ITEM   OBSERVED TIME   RECORD YEAR NORMAL DEPARTURE LAST
                VALUE   (LST)  VALUE       VALUE  FROM      YEAR
                                                  NORMAL
..................................................................
TEMPERATURE (F)
 TODAY
  MAXIMUM         81   1102 AM  95    1988  77      4       78
  MINIMUM         54    452 AM  40    1974  53      1       61
                                      1903
                                      1901
  AVERAGE         68                        65      3       70

PRECIPITATION (IN)
  TODAY            0.00          1.68 1908   0.15  -0.15     0.43
  MONTH TO DATE    0.46                      1.58  -1.12     1.26
  SINCE JUN 1      0.46                      1.58  -1.12     1.26
  SINCE JAN 1     10.16                      9.89   0.27     7.61

SNOWFALL (IN)
  TODAY            0.0           0.0    MM   0.0    0.0      0.0
  MONTH TO DATE    0.0                       0.0    0.0      0.0
  SINCE JUN 1      0.0                       0.0    0.0      0.0
  SINCE JUL 1     31.9                      45.7  -13.8     30.3
  SNOW DEPTH       0

DEGREE DAYS
 HEATING
  TODAY            0                         3     -3        0
  MONTH TO DATE    6                        48    -42       30
  SINCE JUN 1      6                        48    -42       30
  SINCE JUL 1   7292                      8502  -1210     7167

 COOLING
  TODAY            3                         2      1        5
  MONTH TO DATE   46                        23     23       35
  SINCE JUN 1     46                        23     23       35
  SINCE JAN 1     49                        48      1       66
..................................................................


WIND (MPH)
  HIGHEST WIND SPEED    10   HIGHEST WIND DIRECTION     S (180)
  HIGHEST GUST SPEED    15   HIGHEST GUST DIRECTION     N (360)
  AVERAGE WIND SPEED     3.2


SKY COVER
  POSSIBLE SUNSHINE  MM
  AVERAGE SKY COVER 0.2


WEATHER CONDITIONS
 THE FOLLOWING WEATHER WAS RECORDED TODAY.
  FOG
  FOG W/VISIBILITY <= 1/4 MILE


RELATIVE HUMIDITY (PERCENT)
 HIGHEST   100          1200 AM
 LOWEST     39          1200 PM
 AVERAGE    70

..........................................................


THE ST CLOUD MN CLIMATE NORMALS FOR TOMORROW
                         NORMAL    RECORD    YEAR
 MAXIMUM TEMPERATURE (F)   77        96      1987
 MINIMUM TEMPERATURE (F)   53        36      1942


SUNRISE AND SUNSET
JUNE 12 2017..........SUNRISE   527 AM CDT   SUNSET   906 PM CDT
JUNE 13 2017..........SUNRISE   527 AM CDT   SUNSET   906 PM CDT


-  INDICATES NEGATIVE NUMBERS.
R  INDICATES RECORD WAS SET OR TIED.
MM INDICATES DATA IS MISSING.
T  INDICATES TRACE AMOUNT.




$$
