000
CDUS43 KMPX 110822
CLISTC


CLIMATE REPORT
NATIONAL WEATHER SERVICE CHANHASSEN MN
222 AM CST SAT FEB 11 2017


...................................

...THE ST CLOUD MN CLIMATE SUMMARY FOR FEBRUARY 10 2017...

CLIMATE NORMAL PERIOD 1981 TO 2010
CLIMATE RECORD PERIOD 1893 TO 2017


WEATHER ITEM   OBSERVED TIME   RECORD YEAR NORMAL DEPARTURE LAST
                VALUE   (LST)  VALUE       VALUE  FROM      YEAR
                                                  NORMAL
..................................................................
TEMPERATURE (F)
 YESTERDAY
  MAXIMUM         46    421 PM  47    1977  25     21       13
  MINIMUM         19    156 AM -28    1899   5     14        1
  AVERAGE         33                        15     18        7

PRECIPITATION (IN)
  YESTERDAY        0.00          0.70 2013   0.02  -0.02     0.00
  MONTH TO DATE    0.03                      0.17  -0.14     0.23
  SINCE DEC 1      2.12                      1.64   0.48     1.56
  SINCE JAN 1      0.57                      0.82  -0.25     0.54

SNOWFALL (IN)
  YESTERDAY        0.0           6.7  2013   0.3   -0.3      0.0
  MONTH TO DATE    0.3                       2.3   -2.0      4.3
  SINCE DEC 1     19.1                      20.3   -1.2     17.1
  SINCE JUL 1     26.4                      29.5   -3.1     22.8
  SNOW DEPTH       1

DEGREE DAYS
 HEATING
  YESTERDAY       32                        50    -18       58
  MONTH TO DATE  490                       510    -20      474
  SINCE DEC 1   3432                      3687   -255     3237
  SINCE JUL 1   4806                      5612   -806     4696

 COOLING
  YESTERDAY        0                         0      0        0
  MONTH TO DATE    0                         0      0        0
  SINCE DEC 1      0                         0      0        0
  SINCE JAN 1      0                         0      0        0
..................................................................


WIND (MPH)
  HIGHEST WIND SPEED    21   HIGHEST WIND DIRECTION     S (170)
  HIGHEST GUST SPEED    28   HIGHEST GUST DIRECTION     S (170)
  AVERAGE WIND SPEED    11.3


SKY COVER
  POSSIBLE SUNSHINE  MM
  AVERAGE SKY COVER 0.2


WEATHER CONDITIONS
 THE FOLLOWING WEATHER WAS RECORDED YESTERDAY.
  NO SIGNIFICANT WEATHER WAS OBSERVED.


RELATIVE HUMIDITY (PERCENT)
 HIGHEST    82          1100 PM
 LOWEST     58           300 PM
 AVERAGE    70

..........................................................


THE ST CLOUD MN CLIMATE NORMALS FOR TODAY
                         NORMAL    RECORD    YEAR
 MAXIMUM TEMPERATURE (F)   26        48      1987
                                             1918
 MINIMUM TEMPERATURE (F)    6       -35      1899


SUNRISE AND SUNSET
FEBRUARY 11 2017......SUNRISE   724 AM CST   SUNSET   538 PM CST
FEBRUARY 12 2017......SUNRISE   722 AM CST   SUNSET   539 PM CST


-  INDICATES NEGATIVE NUMBERS.
R  INDICATES RECORD WAS SET OR TIED.
MM INDICATES DATA IS MISSING.
T  INDICATES TRACE AMOUNT.




$$
