000
CDUS43 KMPX 070910
CLISTC


CLIMATE REPORT
NATIONAL WEATHER SERVICE CHANHASSEN MN
309 AM CST SAT JAN 7 2017


...................................

...THE ST CLOUD MN CLIMATE SUMMARY FOR JANUARY 6 2017...

CLIMATE NORMAL PERIOD 1981 TO 2010
CLIMATE RECORD PERIOD 1893 TO 2017


WEATHER ITEM   OBSERVED TIME   RECORD YEAR NORMAL DEPARTURE LAST
                VALUE   (LST)  VALUE       VALUE  FROM      YEAR
                                                  NORMAL
..................................................................
TEMPERATURE (F)
 YESTERDAY
  MAXIMUM          2    422 PM  48    1933  21    -19       30
  MINIMUM        -19    825 AM -35    1912   2    -21       23
  AVERAGE         -8                        12    -20       27

PRECIPITATION (IN)
  YESTERDAY        0.00          0.48 1980   0.03  -0.03     0.03
  MONTH TO DATE    0.12                      0.15  -0.03     0.03
  SINCE DEC 1      1.67                      0.97   0.70     1.05
  SINCE JAN 1      0.12                      0.15  -0.03     0.03

SNOWFALL (IN)
  YESTERDAY        0.0           7.4  1980   0.3   -0.3      0.1
  MONTH TO DATE    1.4                       1.8   -0.4      0.1
  SINCE DEC 1     10.2                      11.2   -1.0      8.3
  SINCE JUL 1     17.5                      20.4   -2.9     14.0
  SNOW DEPTH       2

DEGREE DAYS
 HEATING
  YESTERDAY       73                        53     20       38
  MONTH TO DATE  345                       318     27      266
  SINCE DEC 1   1809                      1840    -31     1449
  SINCE JUL 1   3183                      3765   -582     2908

 COOLING
  YESTERDAY        0                         0      0        0
  MONTH TO DATE    0                         0      0        0
  SINCE DEC 1      0                         0      0        0
  SINCE JAN 1      0                         0      0        0
..................................................................


WIND (MPH)
  HIGHEST WIND SPEED     9   HIGHEST WIND DIRECTION     W (260)
  HIGHEST GUST SPEED    10   HIGHEST GUST DIRECTION     S (200)
  AVERAGE WIND SPEED     3.3


SKY COVER
  POSSIBLE SUNSHINE  MM
  AVERAGE SKY COVER 0.1


WEATHER CONDITIONS
 THE FOLLOWING WEATHER WAS RECORDED YESTERDAY.
  FOG
  HAZE


RELATIVE HUMIDITY (PERCENT)
 HIGHEST    91           700 AM
 LOWEST     69           200 PM
 AVERAGE    80

..........................................................


THE ST CLOUD MN CLIMATE NORMALS FOR TODAY
                         NORMAL    RECORD    YEAR
 MAXIMUM TEMPERATURE (F)   21        51      2003
 MINIMUM TEMPERATURE (F)    2       -35      1912


SUNRISE AND SUNSET
JANUARY  7 2017.......SUNRISE   756 AM CST   SUNSET   450 PM CST
JANUARY  8 2017.......SUNRISE   756 AM CST   SUNSET   451 PM CST


-  INDICATES NEGATIVE NUMBERS.
R  INDICATES RECORD WAS SET OR TIED.
MM INDICATES DATA IS MISSING.
T  INDICATES TRACE AMOUNT.




$$
