775
CDUS43 KMPX 210720
CLISTC


CLIMATE REPORT
NATIONAL WEATHER SERVICE CHANHASSEN MN
218 AM CDT SUN MAY 21 2017


...................................

...THE ST CLOUD MN CLIMATE SUMMARY FOR MAY 20 2017...

CLIMATE NORMAL PERIOD 1981 TO 2010
CLIMATE RECORD PERIOD 1893 TO 2017


WEATHER ITEM   OBSERVED TIME   RECORD YEAR NORMAL DEPARTURE LAST
                VALUE   (LST)  VALUE       VALUE  FROM      YEAR
                                                  NORMAL
..................................................................
TEMPERATURE (F)
 YESTERDAY
  MAXIMUM         47   1214 AM  92    2009  70    -23       74
  MINIMUM         41    148 PM  28    1967  46     -5       42
  AVERAGE         44                        58    -14       58

PRECIPITATION (IN)
  YESTERDAY        1.37          1.72 1960   0.09   1.28     0.00
  MONTH TO DATE    3.97                      1.87   2.10     0.75
  SINCE MAR 1      7.91                      5.99   1.92     3.99
  SINCE JAN 1      9.23                      7.23   2.00     4.93

SNOWFALL (IN)
  YESTERDAY        0.0           T    1968   0.0    0.0      0.0
                                      1931
  MONTH TO DATE    1.0                       0.0    1.0      0.0
  SINCE MAR 1      3.0                      11.5   -8.5      4.6
  SINCE JUL 1     31.9                      45.7  -13.8     30.3
  SNOW DEPTH       0

DEGREE DAYS
 HEATING
  YESTERDAY       21                         8     13        7
  MONTH TO DATE  206                       214     -8      251
  SINCE MAR 1   1829                      1935   -106     1673
  SINCE JUL 1   7185                      8381  -1196     7124

 COOLING
  YESTERDAY        0                         1     -1        0
  MONTH TO DATE    3                        12     -9        8
  SINCE MAR 1      3                        14    -11       13
  SINCE JAN 1      3                        14    -11       13
..................................................................


WIND (MPH)
  HIGHEST WIND SPEED    17   HIGHEST WIND DIRECTION     E (70)
  HIGHEST GUST SPEED    24   HIGHEST GUST DIRECTION     E (70)
  AVERAGE WIND SPEED     9.3


SKY COVER
  POSSIBLE SUNSHINE  MM
  AVERAGE SKY COVER 1.0


WEATHER CONDITIONS
 THE FOLLOWING WEATHER WAS RECORDED YESTERDAY.
  RAIN
  LIGHT RAIN
  FOG


RELATIVE HUMIDITY (PERCENT)
 HIGHEST   100           400 PM
 LOWEST     58          1200 AM
 AVERAGE    79

..........................................................


THE ST CLOUD MN CLIMATE NORMALS FOR TODAY
                         NORMAL    RECORD    YEAR
 MAXIMUM TEMPERATURE (F)   70        95      1964
 MINIMUM TEMPERATURE (F)   46        30      1986
                                             1979


SUNRISE AND SUNSET
MAY 21 2017...........SUNRISE   539 AM CDT   SUNSET   847 PM CDT
MAY 22 2017...........SUNRISE   538 AM CDT   SUNSET   849 PM CDT


-  INDICATES NEGATIVE NUMBERS.
R  INDICATES RECORD WAS SET OR TIED.
MM INDICATES DATA IS MISSING.
T  INDICATES TRACE AMOUNT.




$$
