392
CDUS43 KMPX 230632
CLISTC


CLIMATE REPORT
NATIONAL WEATHER SERVICE CHANHASSEN MN
131 AM CDT THU MAR 23 2017


...................................

...THE ST CLOUD MN CLIMATE SUMMARY FOR MARCH 22 2017...

CLIMATE NORMAL PERIOD 1981 TO 2010
CLIMATE RECORD PERIOD 1893 TO 2017


WEATHER ITEM   OBSERVED TIME   RECORD YEAR NORMAL DEPARTURE LAST
                VALUE   (LST)  VALUE       VALUE  FROM      YEAR
                                                  NORMAL
..................................................................
TEMPERATURE (F)
 YESTERDAY
  MAXIMUM         36   1102 PM  71    1945  42     -6       47
  MINIMUM         16    631 AM  -8    1940  22     -6       30
  AVERAGE         26                        32     -6       39

PRECIPITATION (IN)
  YESTERDAY        0.00          1.08 1979   0.06  -0.06     0.00
  MONTH TO DATE    0.50                      1.01  -0.51     0.57
  SINCE MAR 1      0.50                      1.01  -0.51     0.57
  SINCE JAN 1      1.82                      2.25  -0.43     1.51

SNOWFALL (IN)
  YESTERDAY        0.0           5.0  1930   0.2   -0.2      0.0
                                      1916
  MONTH TO DATE    2.0                       6.7   -4.7      2.7
  SINCE MAR 1      2.0                       6.7   -4.7      2.7
  SINCE JUL 1     30.9                      40.9  -10.0     28.4
  SNOW DEPTH       0

DEGREE DAYS
 HEATING
  YESTERDAY       39                        33      6       26
  MONTH TO DATE  843                       830     13      595
  SINCE MAR 1    843                       830     13      595
  SINCE JUL 1   6199                      7276  -1077     6046

 COOLING
  YESTERDAY        0                         0      0        0
  MONTH TO DATE    0                         0      0        0
  SINCE MAR 1      0                         0      0        0
  SINCE JAN 1      0                         0      0        0
..................................................................


WIND (MPH)
  HIGHEST WIND SPEED    22   HIGHEST WIND DIRECTION    SE (150)
  HIGHEST GUST SPEED    26   HIGHEST GUST DIRECTION    SE (150)
  AVERAGE WIND SPEED    10.7


SKY COVER
  POSSIBLE SUNSHINE  MM
  AVERAGE SKY COVER 0.5


WEATHER CONDITIONS
 THE FOLLOWING WEATHER WAS RECORDED YESTERDAY.
  NO SIGNIFICANT WEATHER WAS OBSERVED.


RELATIVE HUMIDITY (PERCENT)
 HIGHEST    80           100 AM
 LOWEST     35          1200 PM
 AVERAGE    58

..........................................................


THE ST CLOUD MN CLIMATE NORMALS FOR TODAY
                         NORMAL    RECORD    YEAR
 MAXIMUM TEMPERATURE (F)   43        81      1910
 MINIMUM TEMPERATURE (F)   23       -16      1965


SUNRISE AND SUNSET
MARCH 23 2017.........SUNRISE   713 AM CDT   SUNSET   733 PM CDT
MARCH 24 2017.........SUNRISE   711 AM CDT   SUNSET   734 PM CDT


-  INDICATES NEGATIVE NUMBERS.
R  INDICATES RECORD WAS SET OR TIED.
MM INDICATES DATA IS MISSING.
T  INDICATES TRACE AMOUNT.




$$
