000
CDUS43 KMPX 131006
CLISTC


CLIMATE REPORT
NATIONAL WEATHER SERVICE CHANHASSEN MN
404 AM CST SAT DEC 13 2014


...................................

...THE ST CLOUD MN CLIMATE SUMMARY FOR DECEMBER 12 2014...

CLIMATE NORMAL PERIOD 1981 TO 2010
CLIMATE RECORD PERIOD 1893 TO 2014


WEATHER ITEM   OBSERVED TIME   RECORD YEAR NORMAL DEPARTURE LAST
                VALUE   (LST)  VALUE       VALUE  FROM      YEAR
                                                  NORMAL
..................................................................
TEMPERATURE (F)
 YESTERDAY
  MAXIMUM         38   1159 PM  52    1913  25     13       16
  MINIMUM         34   1221 AM -17    1942   8     26       -8
  AVERAGE         36                        17     19        4

PRECIPITATION (IN)
  YESTERDAY        0.00          0.22 1968   0.03  -0.03      T
  MONTH TO DATE    0.06                      0.35  -0.29     1.02
  SINCE DEC 1      0.06                      0.35  -0.29     1.02
  SINCE JAN 1     36.03                     27.26   8.77    28.09

SNOWFALL (IN)
  YESTERDAY        0.0           4.1  1941   0.3   -0.3       T
  MONTH TO DATE    0.2                       3.8   -3.6      9.0
  SINCE DEC 1      0.2                       3.8   -3.6      9.0
  SINCE JUL 1     17.8                      13.0    4.8     12.6
  SNOW DEPTH       2

DEGREE DAYS
 HEATING
  YESTERDAY       29                        48    -19       61
  MONTH TO DATE  516                       553    -37      698
  SINCE DEC 1    516                       553    -37      698
  SINCE JUL 1   2448                      2478    -30     2571

 COOLING
  YESTERDAY        0                         0      0        0
  MONTH TO DATE    0                         0      0        0
  SINCE DEC 1      0                         0      0        0
  SINCE JAN 1    597                       465    132      578
..................................................................


WIND (MPH)
  HIGHEST WIND SPEED    17   HIGHEST WIND DIRECTION     S (160)
  HIGHEST GUST SPEED    22   HIGHEST GUST DIRECTION     S (160)
  AVERAGE WIND SPEED     9.9


SKY COVER
  POSSIBLE SUNSHINE  MM
  AVERAGE SKY COVER 1.0


WEATHER CONDITIONS
 THE FOLLOWING WEATHER WAS RECORDED YESTERDAY.
  FOG
  FOG W/VISIBILITY <= 1/4 MILE
  HAZE


RELATIVE HUMIDITY (PERCENT)
 HIGHEST    92           700 PM
 LOWEST     82           100 AM
 AVERAGE    87

..........................................................


THE ST CLOUD MN CLIMATE NORMALS FOR TODAY
                         NORMAL    RECORD    YEAR
 MAXIMUM TEMPERATURE (F)   25        52      1913
 MINIMUM TEMPERATURE (F)    8       -25      1985
                                             1917


SUNRISE AND SUNSET
DECEMBER 13 2014......SUNRISE   748 AM CST   SUNSET   433 PM CST
DECEMBER 14 2014......SUNRISE   749 AM CST   SUNSET   433 PM CST


-  INDICATES NEGATIVE NUMBERS.
R  INDICATES RECORD WAS SET OR TIED.
MM INDICATES DATA IS MISSING.
T  INDICATES TRACE AMOUNT.




$$
