000
CDUS43 KMPX 230112
CLISTC


CLIMATE REPORT
NATIONAL WEATHER SERVICE CHANHASSEN MN
811 PM CDT SUN MAR 22 2015


...................................

...THE ST CLOUD MN CLIMATE SUMMARY FOR MARCH 22 2015...
VALID TODAY AS OF 0800 PM LOCAL TIME.

CLIMATE NORMAL PERIOD 1981 TO 2010
CLIMATE RECORD PERIOD 1893 TO 2015


WEATHER ITEM   OBSERVED TIME   RECORD YEAR NORMAL DEPARTURE LAST
                VALUE   (LST)  VALUE       VALUE  FROM      YEAR
                                                  NORMAL
..................................................................
TEMPERATURE (F)
 TODAY
  MAXIMUM         36        MM  71    1945  42     -6       20
  MINIMUM         25        MM  -8    1940  22      3        6
  AVERAGE         31                        32     -1       13

PRECIPITATION (IN)
  TODAY            T             1.08 1979   0.06  -0.06     0.00
  MONTH TO DATE    0.15                      1.01  -0.86     0.65
  SINCE MAR 1      0.15                      1.01  -0.86     0.65
  SINCE JAN 1      0.74                      2.25  -1.51     3.16

SNOWFALL (IN)
  TODAY            T             5.0  1930   0.2   -0.2      0.0
                                      1916
  MONTH TO DATE    2.3                       6.7   -4.4      7.5
  SINCE MAR 1      2.3                       6.7   -4.4      7.5
  SINCE JUL 1     29.1                      40.9  -11.8     61.8
  SNOW DEPTH       0

DEGREE DAYS
 HEATING
  TODAY           34                        33      1       52
  MONTH TO DATE  725                       830   -105      967
  SINCE MAR 1    725                       830   -105      967
  SINCE JUL 1   6983                      7276   -293     8176

 COOLING
  TODAY            0                         0      0        0
  MONTH TO DATE    0                         0      0        0
  SINCE MAR 1      0                         0      0        0
  SINCE JAN 1      0                         0      0        0
..................................................................


WIND (MPH)
  HIGHEST WIND SPEED    13   HIGHEST WIND DIRECTION     E (70)
  HIGHEST GUST SPEED    20   HIGHEST GUST DIRECTION    NE (50)
  AVERAGE WIND SPEED     8.0


SKY COVER
  POSSIBLE SUNSHINE  MM
  AVERAGE SKY COVER 1.0


WEATHER CONDITIONS
 THE FOLLOWING WEATHER WAS RECORDED TODAY.
  NO SIGNIFICANT WEATHER WAS OBSERVED.


RELATIVE HUMIDITY (PERCENT)
 HIGHEST    74           800 AM
 LOWEST     38           300 PM
 AVERAGE    56

..........................................................


THE ST CLOUD MN CLIMATE NORMALS FOR TOMORROW
                         NORMAL    RECORD    YEAR
 MAXIMUM TEMPERATURE (F)   43        81      1910
 MINIMUM TEMPERATURE (F)   23       -16      1965


SUNRISE AND SUNSET
MARCH 22 2015.........SUNRISE   716 AM CDT   SUNSET   731 PM CDT
MARCH 23 2015.........SUNRISE   714 AM CDT   SUNSET   732 PM CDT


-  INDICATES NEGATIVE NUMBERS.
R  INDICATES RECORD WAS SET OR TIED.
MM INDICATES DATA IS MISSING.
T  INDICATES TRACE AMOUNT.




$$
