000
CDUS43 KMPX 120211
CLISTC


CLIMATE REPORT
NATIONAL WEATHER SERVICE CHANHASSEN MN
910 PM CDT MON JUL 11 2016


...................................

...THE ST CLOUD MN CLIMATE SUMMARY FOR JULY 11 2016...
VALID TODAY AS OF 0900 PM LOCAL TIME.

CLIMATE NORMAL PERIOD 1981 TO 2010
CLIMATE RECORD PERIOD 1893 TO 2016


WEATHER ITEM   OBSERVED TIME   RECORD YEAR NORMAL DEPARTURE LAST
                VALUE   (LST)  VALUE       VALUE  FROM      YEAR
                                                  NORMAL
..................................................................
TEMPERATURE (F)
 TODAY
  MAXIMUM         74        MM 106    1936  83     -9       81
  MINIMUM         65        MM  41    1945  59      6       64
  AVERAGE         70                        71     -1       73

PRECIPITATION (IN)
  TODAY            0.44          1.53 1990   0.11   0.33     0.02
  MONTH TO DATE    1.96                      1.24   0.72     1.72
  SINCE JUN 1      5.33                      5.41  -0.08     6.38
  SINCE JAN 1     11.68                     13.72  -2.04    15.05

SNOWFALL (IN)
  TODAY            0.0           0.0    MM   0.0    0.0      0.0
  MONTH TO DATE    0.0                       0.0    0.0      0.0
  SINCE JUN 1      0.0                       0.0    0.0      0.0
  SINCE JUL 1      0.0                       0.0    0.0      0.0
  SNOW DEPTH       0

DEGREE DAYS
 HEATING
  TODAY            0                         1     -1        0
  MONTH TO DATE    6                        11     -5       12
  SINCE JUN 1     39                        89    -50       40
  SINCE JUL 1      6                        11     -5       12

 COOLING
  TODAY            5                         6     -1        8
  MONTH TO DATE   49                        65    -16       34
  SINCE JUN 1    157                       160     -3      106
  SINCE JAN 1    188                       185      3      111
..................................................................


WIND (MPH)
  HIGHEST WIND SPEED    14   HIGHEST WIND DIRECTION    NE (40)
  HIGHEST GUST SPEED    20   HIGHEST GUST DIRECTION     E (80)
  AVERAGE WIND SPEED     9.2


SKY COVER
  POSSIBLE SUNSHINE  MM
  AVERAGE SKY COVER 0.9


WEATHER CONDITIONS
 THE FOLLOWING WEATHER WAS RECORDED TODAY.
  THUNDERSTORM
  HEAVY RAIN
  RAIN
  LIGHT RAIN
  FOG


RELATIVE HUMIDITY (PERCENT)
 HIGHEST   100           300 AM
 LOWEST     87          1200 AM
 AVERAGE    94

..........................................................


THE ST CLOUD MN CLIMATE NORMALS FOR TOMORROW
                         NORMAL    RECORD    YEAR
 MAXIMUM TEMPERATURE (F)   83       105      1936
 MINIMUM TEMPERATURE (F)   59        43      1975
                                             1941


SUNRISE AND SUNSET
JULY 11 2016..........SUNRISE   539 AM CDT   SUNSET   904 PM CDT
JULY 12 2016..........SUNRISE   540 AM CDT   SUNSET   904 PM CDT


-  INDICATES NEGATIVE NUMBERS.
R  INDICATES RECORD WAS SET OR TIED.
MM INDICATES DATA IS MISSING.
T  INDICATES TRACE AMOUNT.




$$
