000
CDUS43 KMPX 260622
CLISTC


CLIMATE REPORT
NATIONAL WEATHER SERVICE CHANHASSEN MN
121 AM CDT TUE AUG 26 2014


...................................

...THE ST CLOUD MN CLIMATE SUMMARY FOR AUGUST 25 2014...

CLIMATE NORMAL PERIOD 1981 TO 2010
CLIMATE RECORD PERIOD 1893 TO 2014


WEATHER ITEM   OBSERVED TIME   RECORD YEAR NORMAL DEPARTURE LAST
                VALUE   (LST)  VALUE       VALUE  FROM      YEAR
                                                  NORMAL
..................................................................
TEMPERATURE (F)
 YESTERDAY
  MAXIMUM         77    344 PM  94    2013  78     -1       94
  MINIMUM         61   1159 PM  40    1945  55      6       74
  AVERAGE         69                        66      3       84

PRECIPITATION (IN)
  YESTERDAY        0.00          3.42 1967   0.13  -0.13     0.09
  MONTH TO DATE    2.74                      2.98  -0.24     0.67
  SINCE JUN 1     10.17                     10.46  -0.29     7.86
  SINCE JAN 1     26.52                     18.77   7.75    20.15

SNOWFALL (IN)
  YESTERDAY        0.0           0.0    MM   0.0    0.0      0.0
  MONTH TO DATE    0.0                       0.0    0.0      0.0
  SINCE JUN 1      0.0                       0.0    0.0      0.0
  SINCE JUL 1      0.0                       0.0    0.0      0.0
  SNOW DEPTH       0

DEGREE DAYS
 HEATING
  YESTERDAY        0                         2     -2        0
  MONTH TO DATE    0                        28    -28       23
  SINCE JUN 1     33                       123    -90      136
  SINCE JUL 1      7                        45    -38       49

 COOLING
  YESTERDAY        4                         3      1       19
  MONTH TO DATE  183                       109     74       99
  SINCE JUN 1    491                       386    105      415
  SINCE JAN 1    535                       411    124      426
..................................................................


WIND (MPH)
  HIGHEST WIND SPEED    21   HIGHEST WIND DIRECTION     W (280)
  HIGHEST GUST SPEED    25   HIGHEST GUST DIRECTION     W (280)
  AVERAGE WIND SPEED     9.9


SKY COVER
  POSSIBLE SUNSHINE  MM
  AVERAGE SKY COVER 0.3


WEATHER CONDITIONS
 THE FOLLOWING WEATHER WAS RECORDED YESTERDAY.
  NO SIGNIFICANT WEATHER WAS OBSERVED.


RELATIVE HUMIDITY (PERCENT)
 HIGHEST    93           100 AM
 LOWEST     43           200 PM
 AVERAGE    68

..........................................................


THE ST CLOUD MN CLIMATE NORMALS FOR TODAY
                         NORMAL    RECORD    YEAR
 MAXIMUM TEMPERATURE (F)   78        95      2013
 MINIMUM TEMPERATURE (F)   54        40      1986
                                             1915


SUNRISE AND SUNSET
AUGUST 26 2014........SUNRISE   630 AM CDT   SUNSET   805 PM CDT
AUGUST 27 2014........SUNRISE   631 AM CDT   SUNSET   803 PM CDT


-  INDICATES NEGATIVE NUMBERS.
R  INDICATES RECORD WAS SET OR TIED.
MM INDICATES DATA IS MISSING.
T  INDICATES TRACE AMOUNT.




$$
