000
CDUS43 KMPX 121008
CLISTC


CLIMATE REPORT
NATIONAL WEATHER SERVICE CHANHASSEN MN
408 AM CST FRI DEC 12 2014


...................................

...THE ST CLOUD MN CLIMATE SUMMARY FOR DECEMBER 11 2014...

CLIMATE NORMAL PERIOD 1981 TO 2010
CLIMATE RECORD PERIOD 1893 TO 2014


WEATHER ITEM   OBSERVED TIME   RECORD YEAR NORMAL DEPARTURE LAST
                VALUE   (LST)  VALUE       VALUE  FROM      YEAR
                                                  NORMAL
..................................................................
TEMPERATURE (F)
 YESTERDAY
  MAXIMUM         34   1159 PM  53    1913  26      8       -1
  MINIMUM         29    814 AM -23    1936   8     21      -13
  AVERAGE         32                        17     15       -7

PRECIPITATION (IN)
  YESTERDAY        0.00          0.58 1965   0.03  -0.03     0.01
  MONTH TO DATE    0.06                      0.32  -0.26     1.02
  SINCE DEC 1      0.06                      0.32  -0.26     1.02
  SINCE JAN 1     36.03                     27.23   8.80    28.09

SNOWFALL (IN)
  YESTERDAY        0.0           5.3  2010   0.4   -0.4      0.2
  MONTH TO DATE    0.2                       3.5   -3.3      9.0
  SINCE DEC 1      0.2                       3.5   -3.3      9.0
  SINCE JUL 1     17.8                      12.7    5.1     12.6
  SNOW DEPTH       2

DEGREE DAYS
 HEATING
  YESTERDAY       33                        48    -15       72
  MONTH TO DATE  487                       505    -18      637
  SINCE DEC 1    487                       505    -18      637
  SINCE JUL 1   2419                      2430    -11     2510

 COOLING
  YESTERDAY        0                         0      0        0
  MONTH TO DATE    0                         0      0        0
  SINCE DEC 1      0                         0      0        0
  SINCE JAN 1    597                       465    132      578
..................................................................


WIND (MPH)
  HIGHEST WIND SPEED    15   HIGHEST WIND DIRECTION     S (190)
  HIGHEST GUST SPEED    18   HIGHEST GUST DIRECTION     S (190)
  AVERAGE WIND SPEED     9.6


SKY COVER
  POSSIBLE SUNSHINE  MM
  AVERAGE SKY COVER 1.0


WEATHER CONDITIONS
 THE FOLLOWING WEATHER WAS RECORDED YESTERDAY.
  FOG
  HAZE


RELATIVE HUMIDITY (PERCENT)
 HIGHEST    92           500 AM
 LOWEST     78           100 AM
 AVERAGE    85

..........................................................


THE ST CLOUD MN CLIMATE NORMALS FOR TODAY
                         NORMAL    RECORD    YEAR
 MAXIMUM TEMPERATURE (F)   25        52      1913
 MINIMUM TEMPERATURE (F)    8       -17      1942


SUNRISE AND SUNSET
DECEMBER 12 2014......SUNRISE   747 AM CST   SUNSET   433 PM CST
DECEMBER 13 2014......SUNRISE   748 AM CST   SUNSET   433 PM CST


-  INDICATES NEGATIVE NUMBERS.
R  INDICATES RECORD WAS SET OR TIED.
MM INDICATES DATA IS MISSING.
T  INDICATES TRACE AMOUNT.




$$
