571
CDUS43 KMPX 130741
CLISTC


CLIMATE REPORT
NATIONAL WEATHER SERVICE CHANHASSEN MN
140 AM CST TUE FEB 13 2018


...................................

...THE ST CLOUD MN CLIMATE SUMMARY FOR FEBRUARY 12 2018...

CLIMATE NORMAL PERIOD 1981 TO 2010
CLIMATE RECORD PERIOD 1893 TO 2018


WEATHER ITEM   OBSERVED TIME   RECORD YEAR NORMAL DEPARTURE LAST
                VALUE   (LST)  VALUE       VALUE  FROM      YEAR
                                                  NORMAL
..................................................................
TEMPERATURE (F)
 YESTERDAY
  MAXIMUM          8    320 PM  52    1990  26    -18       37
  MINIMUM         -9    743 AM -27    1988   6    -15       26
  AVERAGE          0                        16    -16       32

PRECIPITATION (IN)
  YESTERDAY        0.00          0.38 1946   0.02  -0.02     0.00
  MONTH TO DATE    0.19                      0.21  -0.02     0.10
  SINCE DEC 1      0.81                      1.68  -0.87     2.19
  SINCE JAN 1      0.37                      0.86  -0.49     0.64

SNOWFALL (IN)
  YESTERDAY        0.0           6.0  1946   0.2   -0.2      0.0
  MONTH TO DATE    2.9                       2.7    0.2      0.3
  SINCE DEC 1     12.2                      20.7   -8.5     19.1
  SINCE JUL 1     19.3                      29.9  -10.6     26.4
  SNOW DEPTH       3

DEGREE DAYS
 HEATING
  YESTERDAY       65                        49     16       33
  MONTH TO DATE  774                       608    166      554
  SINCE DEC 1   3912                      3785    127     3496
  SINCE JUL 1   5678                      5710    -32     4870

 COOLING
  YESTERDAY        0                         0      0        0
  MONTH TO DATE    0                         0      0        0
  SINCE DEC 1      0                         0      0        0
  SINCE JAN 1      0                         0      0        0
..................................................................


WIND (MPH)
  HIGHEST WIND SPEED    10   HIGHEST WIND DIRECTION    NW (320)
  HIGHEST GUST SPEED    13   HIGHEST GUST DIRECTION    NW (330)
  AVERAGE WIND SPEED     4.2


SKY COVER
  POSSIBLE SUNSHINE  MM
  AVERAGE SKY COVER 0.0


WEATHER CONDITIONS
 THE FOLLOWING WEATHER WAS RECORDED YESTERDAY.
  NO SIGNIFICANT WEATHER WAS OBSERVED.


RELATIVE HUMIDITY (PERCENT)
 HIGHEST    87           300 AM
 LOWEST     55           200 PM
 AVERAGE    71

..........................................................


THE ST CLOUD MN CLIMATE NORMALS FOR TODAY
                         NORMAL    RECORD    YEAR
 MAXIMUM TEMPERATURE (F)   26        47      2011
 MINIMUM TEMPERATURE (F)    6       -26      1936
                                             1905


SUNRISE AND SUNSET
FEBRUARY 13 2018......SUNRISE   721 AM CST   SUNSET   541 PM CST
FEBRUARY 14 2018......SUNRISE   719 AM CST   SUNSET   542 PM CST


-  INDICATES NEGATIVE NUMBERS.
R  INDICATES RECORD WAS SET OR TIED.
MM INDICATES DATA IS MISSING.
T  INDICATES TRACE AMOUNT.




$$
