000
CDUS43 KMPX 110858
CLISTC


CLIMATE REPORT
NATIONAL WEATHER SERVICE CHANHASSEN MN
257 AM CST TUE NOV 11 2014


...................................

...THE ST CLOUD MN CLIMATE SUMMARY FOR NOVEMBER 10 2014...

CLIMATE NORMAL PERIOD 1981 TO 2010
CLIMATE RECORD PERIOD 1893 TO 2014


WEATHER ITEM   OBSERVED TIME   RECORD YEAR NORMAL DEPARTURE LAST
                VALUE   (LST)  VALUE       VALUE  FROM      YEAR
                                                  NORMAL
..................................................................
TEMPERATURE (F)
 YESTERDAY
  MAXIMUM         31   1232 AM  68    1909  42    -11       39
  MINIMUM         24   1159 PM  -1    1979  25     -1       27
  AVERAGE         28                        34     -6       33

PRECIPITATION (IN)
  YESTERDAY        1.24R         0.67 1998   0.05   1.19     0.00
  MONTH TO DATE    1.51                      0.50   1.01     0.35
  SINCE SEP 1      6.22                      6.45  -0.23     6.56
  SINCE JAN 1     35.59                     26.03   9.56    26.89

SNOWFALL (IN)
  YESTERDAY       13.2 R         4.3  1946   0.2   13.0      0.0
  MONTH TO DATE   13.2                       1.7   11.5      2.8
  SINCE SEP 1     13.2                       2.5   10.7      3.6
  SINCE JUL 1     13.2                       2.5   10.7      3.6
  SNOW DEPTH       2

DEGREE DAYS
 HEATING
  YESTERDAY       37                        31      6       32
  MONTH TO DATE  272                       287    -15      296
  SINCE SEP 1    939                      1114   -175     1039
  SINCE JUL 1    948                      1172   -224     1088

 COOLING
  YESTERDAY        0                         0      0        0
  MONTH TO DATE    0                         0      0        0
  SINCE SEP 1     43                        36      7       74
  SINCE JAN 1    597                       465    132      578
..................................................................


WIND (MPH)
  HIGHEST WIND SPEED    23   HIGHEST WIND DIRECTION     N (360)
  HIGHEST GUST SPEED    33   HIGHEST GUST DIRECTION     N (350)
  AVERAGE WIND SPEED    14.3


SKY COVER
  POSSIBLE SUNSHINE  MM
  AVERAGE SKY COVER 1.0


WEATHER CONDITIONS
 THE FOLLOWING WEATHER WAS RECORDED YESTERDAY.
  HEAVY SNOW
  SNOW
  LIGHT SNOW
  FOG
  FOG W/VISIBILITY <= 1/4 MILE
  HAZE


RELATIVE HUMIDITY (PERCENT)
 HIGHEST    88           700 AM
 LOWEST     47          1200 AM
 AVERAGE    68

..........................................................


THE ST CLOUD MN CLIMATE NORMALS FOR TODAY
                         NORMAL    RECORD    YEAR
 MAXIMUM TEMPERATURE (F)   42        65      1909
 MINIMUM TEMPERATURE (F)   24        -4      1986


SUNRISE AND SUNSET
NOVEMBER 11 2014......SUNRISE   710 AM CST   SUNSET   450 PM CST
NOVEMBER 12 2014......SUNRISE   711 AM CST   SUNSET   449 PM CST


-  INDICATES NEGATIVE NUMBERS.
R  INDICATES RECORD WAS SET OR TIED.
MM INDICATES DATA IS MISSING.
T  INDICATES TRACE AMOUNT.




$$
