000
CDUS43 KMPX 230642
CLISTC


CLIMATE REPORT
NATIONAL WEATHER SERVICE CHANHASSEN MN
1241 AM CST WED NOV 23 2016


...................................

...THE ST CLOUD MN CLIMATE SUMMARY FOR NOVEMBER 22 2016...

CLIMATE NORMAL PERIOD 1981 TO 2010
CLIMATE RECORD PERIOD 1893 TO 2016


WEATHER ITEM   OBSERVED TIME   RECORD YEAR NORMAL DEPARTURE LAST
                VALUE   (LST)  VALUE       VALUE  FROM      YEAR
                                                  NORMAL
..................................................................
TEMPERATURE (F)
 YESTERDAY
  MAXIMUM         32    558 PM  56    1980  35     -3       32
  MINIMUM         30   1209 PM -13    1896  18     12       13
  AVERAGE         31                        26      5       23

PRECIPITATION (IN)
  YESTERDAY        0.23          0.55 1963   0.04   0.19      T
  MONTH TO DATE    0.90                      1.06  -0.16     2.73
  SINCE SEP 1      6.66                      7.01  -0.35     8.11
  SINCE JAN 1     31.48                     26.59   4.89    31.72

SNOWFALL (IN)
  YESTERDAY        1.6           6.0  1982   0.3    1.3       T
  MONTH TO DATE    5.7                       5.5    0.2      0.5
  SINCE SEP 1      5.7                       6.3   -0.6      0.7
  SINCE JUL 1      5.7                       6.3   -0.6      0.7
  SNOW DEPTH       1

DEGREE DAYS
 HEATING
  YESTERDAY       34                        39     -5       42
  MONTH TO DATE  499                       711   -212      508
  SINCE SEP 1   1109                      1538   -429     1115
  SINCE JUL 1   1131                      1596   -465     1167

 COOLING
  YESTERDAY        0                         0      0        0
  MONTH TO DATE    0                         0      0        0
  SINCE SEP 1     28                        36     -8      106
  SINCE JAN 1    506                       465     41      492
..................................................................


WIND (MPH)
  HIGHEST WIND SPEED    12   HIGHEST WIND DIRECTION     E (100)
  HIGHEST GUST SPEED    19   HIGHEST GUST DIRECTION     E (90)
  AVERAGE WIND SPEED     7.5


SKY COVER
  POSSIBLE SUNSHINE  MM
  AVERAGE SKY COVER 1.0


WEATHER CONDITIONS
 THE FOLLOWING WEATHER WAS RECORDED YESTERDAY.
  LIGHT SNOW
  FOG


RELATIVE HUMIDITY (PERCENT)
 HIGHEST   100           700 PM
 LOWEST     63           400 AM
 AVERAGE    82

..........................................................


THE ST CLOUD MN CLIMATE NORMALS FOR TODAY
                         NORMAL    RECORD    YEAR
 MAXIMUM TEMPERATURE (F)   34        53      2006
 MINIMUM TEMPERATURE (F)   18       -10      1989


SUNRISE AND SUNSET
NOVEMBER 23 2016......SUNRISE   727 AM CST   SUNSET   438 PM CST
NOVEMBER 24 2016......SUNRISE   728 AM CST   SUNSET   438 PM CST


-  INDICATES NEGATIVE NUMBERS.
R  INDICATES RECORD WAS SET OR TIED.
MM INDICATES DATA IS MISSING.
T  INDICATES TRACE AMOUNT.




$$
