000
CDUS43 KMPX 101601
CLISTC


CLIMATE REPORT
NATIONAL WEATHER SERVICE CHANHASSEN MN
1101 AM CDT WED SEP 10 2014


...................................

...THE ST CLOUD MN CLIMATE SUMMARY FOR SEPTEMBER 9 2014...

CLIMATE NORMAL PERIOD 1981 TO 2010
CLIMATE RECORD PERIOD 1893 TO 2014


WEATHER ITEM   OBSERVED TIME   RECORD YEAR NORMAL DEPARTURE LAST
                VALUE   (LST)  VALUE       VALUE  FROM      YEAR
                                                  NORMAL
..................................................................
TEMPERATURE (F)
 YESTERDAY
  MAXIMUM         71        MM  98    1931  73     -2       89
  MINIMUM         59   1159 PM  33    1898  50      9       62
  AVERAGE         65                        61      4       76

PRECIPITATION (IN)
  YESTERDAY        0.12          1.75 1985   0.13  -0.01     0.04
  MONTH TO DATE    3.35                      1.18   2.17     0.06
  SINCE SEP 1      3.35                      1.18   2.17     0.06
  SINCE JAN 1     32.72                     20.76  11.96    20.39

SNOWFALL (IN)
  YESTERDAY        0.0           0.0    MM   0.0    0.0      0.0
  MONTH TO DATE    0.0                       0.0    0.0      0.0
  SINCE SEP 1      0.0                       0.0    0.0      0.0
  SINCE JUL 1      0.0                       0.0    0.0      0.0
  SNOW DEPTH       0

DEGREE DAYS
 HEATING
  YESTERDAY        0                         5     -5        0
  MONTH TO DATE    6                        37    -31       17
  SINCE SEP 1      6                        37    -31       17
  SINCE JUL 1     15                        95    -80       66

 COOLING
  YESTERDAY        0                         2     -2       11
  MONTH TO DATE   20                        18      2       47
  SINCE SEP 1     20                        18      2       47
  SINCE JAN 1    579                       447    132      551
..................................................................


WIND (MPH)
  HIGHEST WIND SPEED    13   HIGHEST WIND DIRECTION     N (20)
  HIGHEST GUST SPEED    20   HIGHEST GUST DIRECTION     N (20)
  AVERAGE WIND SPEED    10.4


SKY COVER
  POSSIBLE SUNSHINE  MM
  AVERAGE SKY COVER 0.4


WEATHER CONDITIONS
 THE FOLLOWING WEATHER WAS RECORDED YESTERDAY.
  RAIN
  LIGHT RAIN
  FOG


RELATIVE HUMIDITY (PERCENT)
 HIGHEST    90           700 PM
 LOWEST     84           300 PM
 AVERAGE    87

..........................................................


THE ST CLOUD MN CLIMATE NORMALS FOR TODAY
                         NORMAL    RECORD    YEAR
 MAXIMUM TEMPERATURE (F)   73       106      1931
 MINIMUM TEMPERATURE (F)   49        30      1917


SUNRISE AND SUNSET
SEPTEMBER 10 2014.....SUNRISE   649 AM CDT   SUNSET   737 PM CDT
SEPTEMBER 11 2014.....SUNRISE   650 AM CDT   SUNSET   735 PM CDT


-  INDICATES NEGATIVE NUMBERS.
R  INDICATES RECORD WAS SET OR TIED.
MM INDICATES DATA IS MISSING.
T  INDICATES TRACE AMOUNT.




$$
