000
CDUS43 KMPX 082222
CLISTC


CLIMATE REPORT
NATIONAL WEATHER SERVICE CHANHASSEN MN
422 PM CST THU FEB 8 2018


...................................

...THE ST CLOUD MN CLIMATE SUMMARY FOR FEBRUARY 8 2018...
VALID TODAY AS OF 0400 PM LOCAL TIME.

CLIMATE NORMAL PERIOD 1981 TO 2010
CLIMATE RECORD PERIOD 1893 TO 2018


WEATHER ITEM   OBSERVED TIME   RECORD YEAR NORMAL DEPARTURE LAST
                VALUE   (LST)  VALUE       VALUE  FROM      YEAR
                                                  NORMAL
..................................................................
TEMPERATURE (F)
 TODAY
  MAXIMUM         10    242 PM  55    1991  25    -15       10
  MINIMUM         -6    755 AM -32    1899   5    -11       -5
  AVERAGE          2                        15    -13        3

PRECIPITATION (IN)
  TODAY            0.00          0.90 1966   0.01  -0.01     0.00
  MONTH TO DATE    0.19                      0.13   0.06     0.03
  SINCE DEC 1      0.81                      1.60  -0.79     2.12
  SINCE JAN 1      0.37                      0.78  -0.41     0.57

SNOWFALL (IN)
  TODAY            0.0           6.0  1937   0.2   -0.2      0.0
  MONTH TO DATE    2.9                       1.8    1.1      0.3
  SINCE DEC 1     12.2                      19.8   -7.6     19.1
  SINCE JUL 1     19.3                      29.0   -9.7     26.4
  SNOW DEPTH       3

DEGREE DAYS
 HEATING
  TODAY           63                        50     13       62
  MONTH TO DATE  518                       410    108      402
  SINCE DEC 1   3656                      3587     69     3344
  SINCE JUL 1   5422                      5512    -90     4718

 COOLING
  TODAY            0                         0      0        0
  MONTH TO DATE    0                         0      0        0
  SINCE DEC 1      0                         0      0        0
  SINCE JAN 1      0                         0      0        0
..................................................................


WIND (MPH)
  HIGHEST WIND SPEED     9   HIGHEST WIND DIRECTION     N (340)
  HIGHEST GUST SPEED    11   HIGHEST GUST DIRECTION     N (350)
  AVERAGE WIND SPEED     4.8


SKY COVER
  POSSIBLE SUNSHINE  MM
  AVERAGE SKY COVER 0.3


WEATHER CONDITIONS
 THE FOLLOWING WEATHER WAS RECORDED TODAY.
  NO SIGNIFICANT WEATHER WAS OBSERVED.


RELATIVE HUMIDITY (PERCENT)
 HIGHEST    91           400 AM
 LOWEST     55           100 PM
 AVERAGE    73

..........................................................


THE ST CLOUD MN CLIMATE NORMALS FOR TOMORROW
                         NORMAL    RECORD    YEAR
 MAXIMUM TEMPERATURE (F)   25        48      1976
                                             1966
 MINIMUM TEMPERATURE (F)    5       -35      1899


SUNRISE AND SUNSET
FEBRUARY  8 2018......SUNRISE   728 AM CST   SUNSET   533 PM CST
FEBRUARY  9 2018......SUNRISE   727 AM CST   SUNSET   535 PM CST


-  INDICATES NEGATIVE NUMBERS.
R  INDICATES RECORD WAS SET OR TIED.
MM INDICATES DATA IS MISSING.
T  INDICATES TRACE AMOUNT.




$$
