277
CDUS43 KMPX 050704
CLISTC


CLIMATE REPORT
NATIONAL WEATHER SERVICE CHANHASSEN MN
104 AM CST TUE DEC 5 2017


...................................

...THE ST CLOUD MN CLIMATE SUMMARY FOR DECEMBER 4 2017...

CLIMATE NORMAL PERIOD 1981 TO 2010
CLIMATE RECORD PERIOD 1893 TO 2017


WEATHER ITEM   OBSERVED TIME   RECORD YEAR NORMAL DEPARTURE LAST
                VALUE   (LST)  VALUE       VALUE  FROM      YEAR
                                                  NORMAL
..................................................................
TEMPERATURE (F)
 YESTERDAY
  MAXIMUM         50    147 PM  52    1941  28     22       35
  MINIMUM         25   1159 PM -16    1991  12     13       29
  AVERAGE         38                        20     18       32

PRECIPITATION (IN)
  YESTERDAY        0.03          0.53 2013   0.03   0.00     0.08
  MONTH TO DATE    0.03                      0.13  -0.10     0.09
  SINCE DEC 1      0.03                      0.13  -0.10     0.09
  SINCE JAN 1     29.79                     27.04   2.75    32.36

SNOWFALL (IN)
  YESTERDAY        0.4           5.0  2013   0.4    0.0      0.5
                                      1926
  MONTH TO DATE    0.4                       1.3   -0.9      0.8
  SINCE DEC 1      0.4                       1.3   -0.9      0.8
  SINCE JUL 1      7.5                      10.5   -3.0      8.1
  SNOW DEPTH       0

DEGREE DAYS
 HEATING
  YESTERDAY       27                        45    -18       33
  MONTH TO DATE  121                       178    -57      137
  SINCE DEC 1    121                       178    -57      137
  SINCE JUL 1   1887                      2103   -216     1511

 COOLING
  YESTERDAY        0                         0      0        0
  MONTH TO DATE    0                         0      0        0
  SINCE DEC 1      0                         0      0        0
  SINCE JAN 1    361                       465   -104      506
..................................................................


WIND (MPH)
  HIGHEST WIND SPEED    39   HIGHEST WIND DIRECTION    NW (310)
  HIGHEST GUST SPEED    52   HIGHEST GUST DIRECTION    NW (310)
  AVERAGE WIND SPEED    11.4


SKY COVER
  POSSIBLE SUNSHINE  MM
  AVERAGE SKY COVER 1.0


WEATHER CONDITIONS
 THE FOLLOWING WEATHER WAS RECORDED YESTERDAY.
  LIGHT RAIN
  LIGHT SNOW
  FOG
  BLOWING SNOW


RELATIVE HUMIDITY (PERCENT)
 HIGHEST    93           200 PM
 LOWEST     71          1200 AM
 AVERAGE    82

..........................................................


THE ST CLOUD MN CLIMATE NORMALS FOR TODAY
                         NORMAL    RECORD    YEAR
 MAXIMUM TEMPERATURE (F)   28        52      1979
 MINIMUM TEMPERATURE (F)   11       -16      1940


SUNRISE AND SUNSET
DECEMBER  5 2017......SUNRISE   741 AM CST   SUNSET   433 PM CST
DECEMBER  6 2017......SUNRISE   742 AM CST   SUNSET   433 PM CST


-  INDICATES NEGATIVE NUMBERS.
R  INDICATES RECORD WAS SET OR TIED.
MM INDICATES DATA IS MISSING.
T  INDICATES TRACE AMOUNT.




$$
