000
CDUS43 KMPX 230222
CLISTC


CLIMATE REPORT
NATIONAL WEATHER SERVICE CHANHASSEN MN
922 PM CDT WED JUL 22 2015


...................................

...THE ST CLOUD MN CLIMATE SUMMARY FOR JULY 22 2015...
VALID TODAY AS OF 0900 PM LOCAL TIME.

CLIMATE NORMAL PERIOD 1981 TO 2010
CLIMATE RECORD PERIOD 1893 TO 2015


WEATHER ITEM   OBSERVED TIME   RECORD YEAR NORMAL DEPARTURE LAST
                VALUE   (LST)  VALUE       VALUE  FROM      YEAR
                                                  NORMAL
..................................................................
TEMPERATURE (F)
 TODAY
  MAXIMUM         83        MM 107    1934  83      0       85
  MINIMUM         61        MM  42    1947  59      2       62
  AVERAGE         72                        70      2       74

PRECIPITATION (IN)
  TODAY            T             2.29 1972   0.11  -0.11     0.00
  MONTH TO DATE    5.78                      2.39   3.39     0.83
  SINCE JUN 1     10.44                      6.56   3.88     7.01
  SINCE JAN 1     19.11                     14.87   4.24    23.36

SNOWFALL (IN)
  TODAY            0.0           0.0    MM   0.0    0.0      0.0
  MONTH TO DATE    0.0                       0.0    0.0      0.0
  SINCE JUN 1      0.0                       0.0    0.0      0.0
  SINCE JUL 1      0.0                       0.0    0.0      0.0
  SNOW DEPTH       0

DEGREE DAYS
 HEATING
  TODAY            0                         0      0        0
  MONTH TO DATE   12                        13     -1        7
  SINCE JUN 1     40                        91    -51       33
  SINCE JUL 1     12                        13     -1        7

 COOLING
  TODAY            7                         6      1        9
  MONTH TO DATE  111                       131    -20      123
  SINCE JUN 1    183                       226    -43      256
  SINCE JAN 1    188                       251    -63      300
..................................................................


WIND (MPH)
  HIGHEST WIND SPEED    12   HIGHEST WIND DIRECTION     S (190)
  HIGHEST GUST SPEED    MM   HIGHEST GUST DIRECTION    MM
  AVERAGE WIND SPEED     4.6


SKY COVER
  POSSIBLE SUNSHINE  MM
  AVERAGE SKY COVER 0.3


WEATHER CONDITIONS
 THE FOLLOWING WEATHER WAS RECORDED TODAY.
  NO SIGNIFICANT WEATHER WAS OBSERVED.


RELATIVE HUMIDITY (PERCENT)
 HIGHEST    97           100 AM
 LOWEST     43           300 PM
 AVERAGE    70

..........................................................


THE ST CLOUD MN CLIMATE NORMALS FOR TOMORROW
                         NORMAL    RECORD    YEAR
 MAXIMUM TEMPERATURE (F)   83       107      1934
 MINIMUM TEMPERATURE (F)   59        45      1978


SUNRISE AND SUNSET
JULY 22 2015..........SUNRISE   549 AM CDT   SUNSET   856 PM CDT
JULY 23 2015..........SUNRISE   550 AM CDT   SUNSET   855 PM CDT


-  INDICATES NEGATIVE NUMBERS.
R  INDICATES RECORD WAS SET OR TIED.
MM INDICATES DATA IS MISSING.
T  INDICATES TRACE AMOUNT.




$$
