000
CDUS43 KMPX 170628
CLISTC


CLIMATE REPORT
NATIONAL WEATHER SERVICE CHANHASSEN MN
128 AM CDT FRI OCT 17 2014


...................................

...THE ST CLOUD MN CLIMATE SUMMARY FOR OCTOBER 16 2014...

CLIMATE NORMAL PERIOD 1981 TO 2010
CLIMATE RECORD PERIOD 1893 TO 2014


WEATHER ITEM   OBSERVED TIME   RECORD YEAR NORMAL DEPARTURE LAST
                VALUE   (LST)  VALUE       VALUE  FROM      YEAR
                                                  NORMAL
..................................................................
TEMPERATURE (F)
 YESTERDAY
  MAXIMUM         73    423 PM  83    1947  57     16       53
  MINIMUM         38    543 AM  18    1952  35      3       33
  AVERAGE         56                        46     10       43

PRECIPITATION (IN)
  YESTERDAY        0.00          2.14 1968   0.08  -0.08     0.00
  MONTH TO DATE    0.45                      1.47  -1.02     3.68
  SINCE SEP 1      4.51                      4.93  -0.42     5.55
  SINCE JAN 1     33.88                     24.51   9.37    25.88

SNOWFALL (IN)
  YESTERDAY        0.0           0.3  1992   0.0    0.0      0.0
  MONTH TO DATE    0.0                       0.1   -0.1      0.0
  SINCE SEP 1      0.0                       0.1   -0.1      0.0
  SINCE JUL 1      0.0                       0.1   -0.1      0.0
  SNOW DEPTH       0

DEGREE DAYS
 HEATING
  YESTERDAY        9                        19    -10       22
  MONTH TO DATE  263                       261      2      195
  SINCE SEP 1    415                       489    -74      324
  SINCE JUL 1    424                       547   -123      373

 COOLING
  YESTERDAY        0                         0      0        0
  MONTH TO DATE    0                         0      0        0
  SINCE SEP 1     43                        34      9       74
  SINCE JAN 1    597                       463    134      578
..................................................................


WIND (MPH)
  HIGHEST WIND SPEED    25   HIGHEST WIND DIRECTION    NW (300)
  HIGHEST GUST SPEED    32   HIGHEST GUST DIRECTION    NW (310)
  AVERAGE WIND SPEED    12.1


SKY COVER
  POSSIBLE SUNSHINE  MM
  AVERAGE SKY COVER 0.1


WEATHER CONDITIONS
 THE FOLLOWING WEATHER WAS RECORDED YESTERDAY.
  NO SIGNIFICANT WEATHER WAS OBSERVED.


RELATIVE HUMIDITY (PERCENT)
 HIGHEST    79           100 AM
 LOWEST     35           100 PM
 AVERAGE    57

..........................................................


THE ST CLOUD MN CLIMATE NORMALS FOR TODAY
                         NORMAL    RECORD    YEAR
 MAXIMUM TEMPERATURE (F)   56        87      1910
 MINIMUM TEMPERATURE (F)   35        10      1952


SUNRISE AND SUNSET
OCTOBER 17 2014.......SUNRISE   735 AM CDT   SUNSET   627 PM CDT
OCTOBER 18 2014.......SUNRISE   737 AM CDT   SUNSET   625 PM CDT


-  INDICATES NEGATIVE NUMBERS.
R  INDICATES RECORD WAS SET OR TIED.
MM INDICATES DATA IS MISSING.
T  INDICATES TRACE AMOUNT.




$$
