495
CDUS43 KMPX 130744
CLISTC


CLIMATE REPORT
NATIONAL WEATHER SERVICE CHANHASSEN MN
243 AM CDT FRI OCT 13 2017


...................................

...THE ST CLOUD MN CLIMATE SUMMARY FOR OCTOBER 12 2017...

CLIMATE NORMAL PERIOD 1981 TO 2010
CLIMATE RECORD PERIOD 1893 TO 2017


WEATHER ITEM   OBSERVED TIME   RECORD YEAR NORMAL DEPARTURE LAST
                VALUE   (LST)  VALUE       VALUE  FROM      YEAR
                                                  NORMAL
..................................................................
TEMPERATURE (F)
 YESTERDAY
  MAXIMUM         64    340 PM  84    1995  59      5       45
  MINIMUM         50   1204 AM  18    2012  36     14       36
  AVERAGE         57                        47     10       41

PRECIPITATION (IN)
  YESTERDAY        0.00          1.15 1898   0.09  -0.09     0.01
  MONTH TO DATE    3.63                      1.12   2.51     1.60
  SINCE SEP 1      6.56                      4.58   1.98     4.68
  SINCE JAN 1     27.49                     24.16   3.33    29.50

SNOWFALL (IN)
  YESTERDAY        0.0           3.6  1969   0.0    0.0      0.0
  MONTH TO DATE    0.0                       0.1   -0.1      0.0
  SINCE SEP 1      0.0                       0.1   -0.1      0.0
  SINCE JUL 1      0.0                       0.1   -0.1      0.0
  SNOW DEPTH       0

DEGREE DAYS
 HEATING
  YESTERDAY        8                        18    -10       24
  MONTH TO DATE  168                       187    -19      154
  SINCE SEP 1    307                       415   -108      272
  SINCE JUL 1    347                       473   -126      294

 COOLING
  YESTERDAY        0                         0      0        0
  MONTH TO DATE    0                         0      0        0
  SINCE SEP 1     71                        34     37       28
  SINCE JAN 1    361                       463   -102      506
..................................................................


WIND (MPH)
  HIGHEST WIND SPEED    24   HIGHEST WIND DIRECTION    SE (150)
  HIGHEST GUST SPEED    30   HIGHEST GUST DIRECTION    SE (150)
  AVERAGE WIND SPEED    13.4


SKY COVER
  POSSIBLE SUNSHINE  MM
  AVERAGE SKY COVER 0.6


WEATHER CONDITIONS
 THE FOLLOWING WEATHER WAS RECORDED YESTERDAY.
  NO SIGNIFICANT WEATHER WAS OBSERVED.


RELATIVE HUMIDITY (PERCENT)
 HIGHEST    96           100 AM
 LOWEST     60           200 PM
 AVERAGE    78

..........................................................


THE ST CLOUD MN CLIMATE NORMALS FOR TODAY
                         NORMAL    RECORD    YEAR
 MAXIMUM TEMPERATURE (F)   58        83      1956
 MINIMUM TEMPERATURE (F)   36        10      1917


SUNRISE AND SUNSET
OCTOBER 13 2017.......SUNRISE   730 AM CDT   SUNSET   634 PM CDT
OCTOBER 14 2017.......SUNRISE   732 AM CDT   SUNSET   632 PM CDT


-  INDICATES NEGATIVE NUMBERS.
R  INDICATES RECORD WAS SET OR TIED.
MM INDICATES DATA IS MISSING.
T  INDICATES TRACE AMOUNT.




$$
