127
CDUS43 KMPX 062313
CLISTC


CLIMATE REPORT
NATIONAL WEATHER SERVICE CHANHASSEN MN
513 PM CST WED DEC 6 2017


...................................

...THE ST CLOUD MN CLIMATE SUMMARY FOR DECEMBER 6 2017...
VALID TODAY AS OF 0500 PM LOCAL TIME.

CLIMATE NORMAL PERIOD 1981 TO 2010
CLIMATE RECORD PERIOD 1893 TO 2017


WEATHER ITEM   OBSERVED TIME   RECORD YEAR NORMAL DEPARTURE LAST
                VALUE   (LST)  VALUE       VALUE  FROM      YEAR
                                                  NORMAL
..................................................................
TEMPERATURE (F)
 TODAY
  MAXIMUM         17    359 PM  63    1939  28    -11       34
  MINIMUM         13    814 AM -27    1972  11      2       17
  AVERAGE         15                        19     -4       26

PRECIPITATION (IN)
  TODAY            T             0.49 1935   0.03  -0.03      T
  MONTH TO DATE    0.03                      0.18  -0.15     0.11
  SINCE DEC 1      0.03                      0.18  -0.15     0.11
  SINCE JAN 1     29.79                     27.09   2.70    32.38

SNOWFALL (IN)
  TODAY           MM             4.3  1969   0.3   MM        0.1
  MONTH TO DATE    0.4                       1.9   -1.5      0.9
  SINCE DEC 1      0.4                       1.9   -1.5      0.9
  SINCE JUL 1      7.5                      11.1   -3.6      8.2
  SNOW DEPTH       T

DEGREE DAYS
 HEATING
  TODAY           50                        46      4       39
  MONTH TO DATE  216                       269    -53      210
  SINCE DEC 1    216                       269    -53      210
  SINCE JUL 1   1982                      2194   -212     1584

 COOLING
  TODAY            0                         0      0        0
  MONTH TO DATE    0                         0      0        0
  SINCE DEC 1      0                         0      0        0
  SINCE JAN 1    361                       465   -104      506
..................................................................


WIND (MPH)
  HIGHEST WIND SPEED    25   HIGHEST WIND DIRECTION    NW (310)
  HIGHEST GUST SPEED    30   HIGHEST GUST DIRECTION    NW (300)
  AVERAGE WIND SPEED    17.5


SKY COVER
  POSSIBLE SUNSHINE  MM
  AVERAGE SKY COVER 0.5


WEATHER CONDITIONS
 THE FOLLOWING WEATHER WAS RECORDED TODAY.
  LIGHT SNOW
  HAZE


RELATIVE HUMIDITY (PERCENT)
 HIGHEST    80           600 AM
 LOWEST     67           200 AM
 AVERAGE    74

..........................................................


THE ST CLOUD MN CLIMATE NORMALS FOR TOMORROW
                         NORMAL    RECORD    YEAR
 MAXIMUM TEMPERATURE (F)   27        53      1939
 MINIMUM TEMPERATURE (F)   10       -22      1936


SUNRISE AND SUNSET
DECEMBER  6 2017......SUNRISE   742 AM CST   SUNSET   433 PM CST
DECEMBER  7 2017......SUNRISE   743 AM CST   SUNSET   433 PM CST


-  INDICATES NEGATIVE NUMBERS.
R  INDICATES RECORD WAS SET OR TIED.
MM INDICATES DATA IS MISSING.
T  INDICATES TRACE AMOUNT.




$$
