000
CDUS43 KMPX 170733
CLISTC


CLIMATE REPORT
NATIONAL WEATHER SERVICE CHANHASSEN MN
233 AM CDT SAT JUN 17 2017


...................................

...THE ST CLOUD MN CLIMATE SUMMARY FOR JUNE 16 2017...

CLIMATE NORMAL PERIOD 1981 TO 2010
CLIMATE RECORD PERIOD 1893 TO 2017


WEATHER ITEM   OBSERVED TIME   RECORD YEAR NORMAL DEPARTURE LAST
                VALUE   (LST)  VALUE       VALUE  FROM      YEAR
                                                  NORMAL
..................................................................
TEMPERATURE (F)
 YESTERDAY
  MAXIMUM         85    147 PM  98    1933  78      7       78
  MINIMUM         55    151 AM  37    1982  54      1       58
  AVERAGE         70                        66      4       68

PRECIPITATION (IN)
  YESTERDAY        T             2.77 1990   0.15  -0.15     0.00
  MONTH TO DATE    0.95                      2.18  -1.23     2.39
  SINCE JUN 1      0.95                      2.18  -1.23     2.39
  SINCE JAN 1     10.65                     10.49   0.16     8.74

SNOWFALL (IN)
  YESTERDAY        0.0           0.0    MM   0.0    0.0      0.0
  MONTH TO DATE    0.0                       0.0    0.0      0.0
  SINCE JUN 1      0.0                       0.0    0.0      0.0
  SINCE JUL 1     31.9                      45.7  -13.8     30.3
  SNOW DEPTH       0

DEGREE DAYS
 HEATING
  YESTERDAY        0                         2     -2        0
  MONTH TO DATE    6                        58    -52       30
  SINCE JUN 1      6                        58    -52       30
  SINCE JUL 1   7292                      8512  -1220     7167

 COOLING
  YESTERDAY        5                         3      2        3
  MONTH TO DATE   69                        35     34       44
  SINCE JUN 1     69                        35     34       44
  SINCE JAN 1     72                        60     12       75
..................................................................


WIND (MPH)
  HIGHEST WIND SPEED    17   HIGHEST WIND DIRECTION    SW (220)
  HIGHEST GUST SPEED    23   HIGHEST GUST DIRECTION    SW (240)
  AVERAGE WIND SPEED     6.8


SKY COVER
  POSSIBLE SUNSHINE  MM
  AVERAGE SKY COVER 0.4


WEATHER CONDITIONS
 THE FOLLOWING WEATHER WAS RECORDED YESTERDAY.
  NO SIGNIFICANT WEATHER WAS OBSERVED.


RELATIVE HUMIDITY (PERCENT)
 HIGHEST   100           100 AM
 LOWEST     31           100 PM
 AVERAGE    66

..........................................................


THE ST CLOUD MN CLIMATE NORMALS FOR TODAY
                         NORMAL    RECORD    YEAR
 MAXIMUM TEMPERATURE (F)   78        97      1995
 MINIMUM TEMPERATURE (F)   54        38      2000
                                             1950


SUNRISE AND SUNSET
JUNE 17 2017..........SUNRISE   527 AM CDT   SUNSET   908 PM CDT
JUNE 18 2017..........SUNRISE   527 AM CDT   SUNSET   908 PM CDT


-  INDICATES NEGATIVE NUMBERS.
R  INDICATES RECORD WAS SET OR TIED.
MM INDICATES DATA IS MISSING.
T  INDICATES TRACE AMOUNT.




$$
