000
CDUS43 KMPX 230150
CLISTC


CLIMATE REPORT
NATIONAL WEATHER SERVICE CHANHASSEN MN
850 PM CDT THU SEP 22 2016


...................................

...THE ST CLOUD MN CLIMATE SUMMARY FOR SEPTEMBER 22 2016...
VALID TODAY AS OF 0800 PM LOCAL TIME.

CLIMATE NORMAL PERIOD 1981 TO 2010
CLIMATE RECORD PERIOD 1893 TO 2016


WEATHER ITEM   OBSERVED TIME   RECORD YEAR NORMAL DEPARTURE LAST
                VALUE   (LST)  VALUE       VALUE  FROM      YEAR
                                                  NORMAL
..................................................................
TEMPERATURE (F)
 TODAY
  MAXIMUM         63        MM  92    1936  68     -5       73
  MINIMUM         56        MM  18    1974  44     12       58
  AVERAGE         60                        56      4       66

PRECIPITATION (IN)
  TODAY            0.49          3.00 1895   0.11   0.38     0.00
  MONTH TO DATE    2.57                      2.67  -0.10     2.05
  SINCE SEP 1      2.57                      2.67  -0.10     2.05
  SINCE JAN 1     27.39                     22.25   5.14    25.66

SNOWFALL (IN)
  TODAY            0.0           0.0    MM   0.0    0.0      0.0
  MONTH TO DATE    0.0                       0.0    0.0      0.0
  SINCE SEP 1      0.0                       0.0    0.0      0.0
  SINCE JUL 1      0.0                       0.0    0.0      0.0
  SNOW DEPTH       0

DEGREE DAYS
 HEATING
  TODAY            5                        10     -5        0
  MONTH TO DATE   58                       137    -79       68
  SINCE SEP 1     58                       137    -79       68
  SINCE JUL 1     80                       195   -115      120

 COOLING
  TODAY            0                         0      0        1
  MONTH TO DATE   26                        31     -5       99
  SINCE SEP 1     26                        31     -5       99
  SINCE JAN 1    504                       460     44      485
..................................................................


WIND (MPH)
  HIGHEST WIND SPEED    10   HIGHEST WIND DIRECTION    NE (50)
  HIGHEST GUST SPEED    21   HIGHEST GUST DIRECTION    NE (40)
  AVERAGE WIND SPEED     7.2


SKY COVER
  POSSIBLE SUNSHINE  MM
  AVERAGE SKY COVER 1.0


WEATHER CONDITIONS
 THE FOLLOWING WEATHER WAS RECORDED TODAY.
  THUNDERSTORM
  HEAVY RAIN
  RAIN
  LIGHT RAIN
  FOG


RELATIVE HUMIDITY (PERCENT)
 HIGHEST   100          1200 AM
 LOWEST     84           200 PM
 AVERAGE    92

..........................................................


THE ST CLOUD MN CLIMATE NORMALS FOR TOMORROW
                         NORMAL    RECORD    YEAR
 MAXIMUM TEMPERATURE (F)   67        89      1937
 MINIMUM TEMPERATURE (F)   44        23      1983


SUNRISE AND SUNSET
SEPTEMBER 22 2016.....SUNRISE   704 AM CDT   SUNSET   713 PM CDT
SEPTEMBER 23 2016.....SUNRISE   705 AM CDT   SUNSET   711 PM CDT


-  INDICATES NEGATIVE NUMBERS.
R  INDICATES RECORD WAS SET OR TIED.
MM INDICATES DATA IS MISSING.
T  INDICATES TRACE AMOUNT.




$$
