000
CDUS43 KMPX 300816
CLISTC


CLIMATE REPORT
NATIONAL WEATHER SERVICE CHANHASSEN MN
315 AM CDT THU OCT 30 2014


...................................

...THE ST CLOUD MN CLIMATE SUMMARY FOR OCTOBER 29 2014...

CLIMATE NORMAL PERIOD 1981 TO 2010
CLIMATE RECORD PERIOD 1893 TO 2014


WEATHER ITEM   OBSERVED TIME   RECORD YEAR NORMAL DEPARTURE LAST
                VALUE   (LST)  VALUE       VALUE  FROM      YEAR
                                                  NORMAL
..................................................................
TEMPERATURE (F)
 YESTERDAY
  MAXIMUM         43    426 PM  74    1950  50     -7       35
                                      1937
  MINIMUM         35    854 PM   6    1925  31      4       29
  AVERAGE         39                        40     -1       32

PRECIPITATION (IN)
  YESTERDAY        T             1.90 1896   0.06  -0.06     0.06
  MONTH TO DATE    0.64                      2.37  -1.73     4.33
  SINCE SEP 1      4.70                      5.83  -1.13     6.20
  SINCE JAN 1     34.07                     25.41   8.66    26.53

SNOWFALL (IN)
  YESTERDAY        0.0           1.8  1905   0.1   -0.1       T
  MONTH TO DATE    0.0                       0.7   -0.7      0.8
  SINCE SEP 1      0.0                       0.7   -0.7      0.8
  SINCE JUL 1      0.0                       0.7   -0.7      0.8
  SNOW DEPTH       0

DEGREE DAYS
 HEATING
  YESTERDAY       26                        25      1       33
  MONTH TO DATE  456                       548    -92      565
  SINCE SEP 1    608                       776   -168      694
  SINCE JUL 1    617                       834   -217      743

 COOLING
  YESTERDAY        0                         0      0        0
  MONTH TO DATE    0                         0      0        0
  SINCE SEP 1     43                        34      9       74
  SINCE JAN 1    597                       463    134      578
..................................................................


WIND (MPH)
  HIGHEST WIND SPEED    22   HIGHEST WIND DIRECTION    NW (310)
  HIGHEST GUST SPEED    28   HIGHEST GUST DIRECTION    NW (320)
  AVERAGE WIND SPEED     7.2


SKY COVER
  POSSIBLE SUNSHINE  MM
  AVERAGE SKY COVER 0.9


WEATHER CONDITIONS
 THE FOLLOWING WEATHER WAS RECORDED YESTERDAY.
  LIGHT RAIN


RELATIVE HUMIDITY (PERCENT)
 HIGHEST    85          1100 PM
 LOWEST     64          1200 AM
 AVERAGE    75

..........................................................


THE ST CLOUD MN CLIMATE NORMALS FOR TODAY
                         NORMAL    RECORD    YEAR
 MAXIMUM TEMPERATURE (F)   49        76      1950
 MINIMUM TEMPERATURE (F)   30        10      1895


SUNRISE AND SUNSET
OCTOBER 30 2014.......SUNRISE   753 AM CDT   SUNSET   606 PM CDT
OCTOBER 31 2014.......SUNRISE   754 AM CDT   SUNSET   605 PM CDT


-  INDICATES NEGATIVE NUMBERS.
R  INDICATES RECORD WAS SET OR TIED.
MM INDICATES DATA IS MISSING.
T  INDICATES TRACE AMOUNT.




$$
