000
CDUS43 KMPX 230652
CLISTC


CLIMATE REPORT
NATIONAL WEATHER SERVICE CHANHASSEN MN
1251 AM CST THU NOV 23 2017


...................................

...THE ST CLOUD MN CLIMATE SUMMARY FOR NOVEMBER 22 2017...

CLIMATE NORMAL PERIOD 1981 TO 2010
CLIMATE RECORD PERIOD 1893 TO 2017


WEATHER ITEM   OBSERVED TIME   RECORD YEAR NORMAL DEPARTURE LAST
                VALUE   (LST)  VALUE       VALUE  FROM      YEAR
                                                  NORMAL
..................................................................
TEMPERATURE (F)
 YESTERDAY
  MAXIMUM         29    859 PM  56    1980  35     -6       32
  MINIMUM          9    650 AM -13    1896  18     -9       30
  AVERAGE         19                        26     -7       31

PRECIPITATION (IN)
  YESTERDAY        T             0.55 1963   0.04  -0.04     0.23
  MONTH TO DATE    0.82                      1.06  -0.24     0.90
  SINCE SEP 1      8.83                      7.01   1.82     6.66
  SINCE JAN 1     29.76                     26.59   3.17    31.48

SNOWFALL (IN)
  YESTERDAY        T             6.0  1982   0.3   -0.3      1.6
  MONTH TO DATE    5.7                       5.5    0.2      5.7
  SINCE SEP 1      7.1                       6.3    0.8      5.7
  SINCE JUL 1      7.1                       6.3    0.8      5.7
  SNOW DEPTH       0

DEGREE DAYS
 HEATING
  YESTERDAY       46                        39      7       34
  MONTH TO DATE  810                       711     99      499
  SINCE SEP 1   1492                      1538    -46     1109
  SINCE JUL 1   1532                      1596    -64     1131

 COOLING
  YESTERDAY        0                         0      0        0
  MONTH TO DATE    0                         0      0        0
  SINCE SEP 1     71                        36     35       28
  SINCE JAN 1    361                       465   -104      506
..................................................................


WIND (MPH)
  HIGHEST WIND SPEED    18   HIGHEST WIND DIRECTION    SE (150)
  HIGHEST GUST SPEED    23   HIGHEST GUST DIRECTION    SE (140)
  AVERAGE WIND SPEED     7.7


SKY COVER
  POSSIBLE SUNSHINE  MM
  AVERAGE SKY COVER 0.5


WEATHER CONDITIONS
 THE FOLLOWING WEATHER WAS RECORDED YESTERDAY.
  NO SIGNIFICANT WEATHER WAS OBSERVED.


RELATIVE HUMIDITY (PERCENT)
 HIGHEST    92           400 AM
 LOWEST     57           400 PM
 AVERAGE    75

..........................................................


THE ST CLOUD MN CLIMATE NORMALS FOR TODAY
                         NORMAL    RECORD    YEAR
 MAXIMUM TEMPERATURE (F)   34        53      2006
 MINIMUM TEMPERATURE (F)   18       -10      1989


SUNRISE AND SUNSET
NOVEMBER 23 2017......SUNRISE   727 AM CST   SUNSET   439 PM CST
NOVEMBER 24 2017......SUNRISE   728 AM CST   SUNSET   438 PM CST


-  INDICATES NEGATIVE NUMBERS.
R  INDICATES RECORD WAS SET OR TIED.
MM INDICATES DATA IS MISSING.
T  INDICATES TRACE AMOUNT.




$$
