000
CDUS43 KMPX 270815
CLISTC


CLIMATE REPORT
NATIONAL WEATHER SERVICE CHANHASSEN MN
214 AM CST THU NOV 27 2014


...................................

...THE ST CLOUD MN CLIMATE SUMMARY FOR NOVEMBER 26 2014...

CLIMATE NORMAL PERIOD 1981 TO 2010
CLIMATE RECORD PERIOD 1893 TO 2014


WEATHER ITEM   OBSERVED TIME   RECORD YEAR NORMAL DEPARTURE LAST
                VALUE   (LST)  VALUE       VALUE  FROM      YEAR
                                                  NORMAL
..................................................................
TEMPERATURE (F)
 YESTERDAY
  MAXIMUM         25   1208 PM  59    1914  33     -8       27
  MINIMUM          4   1159 PM -17    1977  16    -12        8
  AVERAGE         15                        24     -9       18

PRECIPITATION (IN)
  YESTERDAY        0.01          0.65 2001   0.04  -0.03      T
  MONTH TO DATE    1.72                      1.23   0.49     0.53
  SINCE SEP 1      6.43                      7.18  -0.75     6.74
  SINCE JAN 1     35.80                     26.76   9.04    27.07

SNOWFALL (IN)
  YESTERDAY        0.1           4.1  1965   0.4   -0.3       T
  MONTH TO DATE   16.0                       7.0    9.0      2.8
  SINCE SEP 1     16.0                       7.8    8.2      3.6
  SINCE JUL 1     16.0                       7.8    8.2      3.6
  SNOW DEPTH       3

DEGREE DAYS
 HEATING
  YESTERDAY       50                        41      9       47
  MONTH TO DATE 1051                       871    180      890
  SINCE SEP 1   1718                      1698     20     1633
  SINCE JUL 1   1727                      1756    -29     1682

 COOLING
  YESTERDAY        0                         0      0        0
  MONTH TO DATE    0                         0      0        0
  SINCE SEP 1     43                        36      7       74
  SINCE JAN 1    597                       465    132      578
..................................................................


WIND (MPH)
  HIGHEST WIND SPEED    17   HIGHEST WIND DIRECTION     N (360)
  HIGHEST GUST SPEED    23   HIGHEST GUST DIRECTION     N (350)
  AVERAGE WIND SPEED     9.3


SKY COVER
  POSSIBLE SUNSHINE  MM
  AVERAGE SKY COVER 0.8


WEATHER CONDITIONS
 THE FOLLOWING WEATHER WAS RECORDED YESTERDAY.
  LIGHT SNOW
  HAZE


RELATIVE HUMIDITY (PERCENT)
 HIGHEST    84           900 AM
 LOWEST     48           900 PM
 AVERAGE    66

..........................................................


THE ST CLOUD MN CLIMATE NORMALS FOR TODAY
                         NORMAL    RECORD    YEAR
 MAXIMUM TEMPERATURE (F)   32        58      1998
 MINIMUM TEMPERATURE (F)   15       -13      1940


SUNRISE AND SUNSET
NOVEMBER 27 2014......SUNRISE   731 AM CST   SUNSET   436 PM CST
NOVEMBER 28 2014......SUNRISE   733 AM CST   SUNSET   436 PM CST


-  INDICATES NEGATIVE NUMBERS.
R  INDICATES RECORD WAS SET OR TIED.
MM INDICATES DATA IS MISSING.
T  INDICATES TRACE AMOUNT.




$$
