000
CDUS43 KMPX 020627
CLISTC


CLIMATE REPORT
NATIONAL WEATHER SERVICE CHANHASSEN MN
125 AM CDT THU JUL 2 2015


...................................

...THE ST CLOUD MN CLIMATE SUMMARY FOR JULY 1 2015...

CLIMATE NORMAL PERIOD 1981 TO 2010
CLIMATE RECORD PERIOD 1893 TO 2015


WEATHER ITEM   OBSERVED TIME   RECORD YEAR NORMAL DEPARTURE LAST
                VALUE   (LST)  VALUE       VALUE  FROM      YEAR
                                                  NORMAL
..................................................................
TEMPERATURE (F)
 YESTERDAY
  MAXIMUM         74    558 PM  98    1921  81     -7       74
  MINIMUM         53   1157 PM  40    1969  58     -5       57
  AVERAGE         64                        70     -6       66

PRECIPITATION (IN)
  YESTERDAY        0.00          1.28 1962   0.12  -0.12     0.01
  MONTH TO DATE    0.00                      0.12  -0.12     0.01
  SINCE JUN 1      4.66                      4.29   0.37     6.19
  SINCE JAN 1     13.33                     12.60   0.73    22.54

SNOWFALL (IN)
  YESTERDAY        0.0           0.0    MM   0.0    0.0      0.0
  MONTH TO DATE    0.0                       0.0    0.0      0.0
  SINCE JUN 1      0.0                       0.0    0.0      0.0
  SINCE JUL 1      0.0                       0.0    0.0      0.0
  SNOW DEPTH       0

DEGREE DAYS
 HEATING
  YESTERDAY        1                         1      0        0
  MONTH TO DATE    1                         1      0        0
  SINCE JUN 1     29                        79    -50       26
  SINCE JUL 1      1                         1      0        0

 COOLING
  YESTERDAY        0                         5     -5        1
  MONTH TO DATE    0                         5     -5        1
  SINCE JUN 1     72                       100    -28      134
  SINCE JAN 1     77                       125    -48      178
..................................................................


WIND (MPH)
  HIGHEST WIND SPEED    10   HIGHEST WIND DIRECTION    SE (150)
  HIGHEST GUST SPEED    14   HIGHEST GUST DIRECTION     S (170)
  AVERAGE WIND SPEED     3.7


SKY COVER
  POSSIBLE SUNSHINE  MM
  AVERAGE SKY COVER 0.0


WEATHER CONDITIONS
 THE FOLLOWING WEATHER WAS RECORDED YESTERDAY.
  NO SIGNIFICANT WEATHER WAS OBSERVED.


RELATIVE HUMIDITY (PERCENT)
 HIGHEST    93          1100 PM
 LOWEST     40          1200 PM
 AVERAGE    67

..........................................................


THE ST CLOUD MN CLIMATE NORMALS FOR TODAY
                         NORMAL    RECORD    YEAR
 MAXIMUM TEMPERATURE (F)   82        97      2012
 MINIMUM TEMPERATURE (F)   58        42      1994
                                             1980


SUNRISE AND SUNSET
JULY  2 2015..........SUNRISE   532 AM CDT   SUNSET   909 PM CDT
JULY  3 2015..........SUNRISE   532 AM CDT   SUNSET   908 PM CDT


-  INDICATES NEGATIVE NUMBERS.
R  INDICATES RECORD WAS SET OR TIED.
MM INDICATES DATA IS MISSING.
T  INDICATES TRACE AMOUNT.




$$
