739
CDUS43 KMPX 220026
CLISTC


CLIMATE REPORT
NATIONAL WEATHER SERVICE CHANHASSEN MN
625 PM CST WED FEB 21 2018


...................................

...THE ST CLOUD MN CLIMATE SUMMARY FOR FEBRUARY 21 2018...
VALID TODAY AS OF 0600 PM LOCAL TIME.

CLIMATE NORMAL PERIOD 1981 TO 2010
CLIMATE RECORD PERIOD 1893 TO 2018


WEATHER ITEM   OBSERVED TIME   RECORD YEAR NORMAL DEPARTURE LAST
                VALUE   (LST)  VALUE       VALUE  FROM      YEAR
                                                  NORMAL
..................................................................
TEMPERATURE (F)
 TODAY
  MAXIMUM         16    455 PM  56    2017  29    -13       56
  MINIMUM         -9    752 AM -25    1939  10    -19       28
  AVERAGE          4                        19    -15       42

PRECIPITATION (IN)
  TODAY            0.00          0.54 1957   0.02  -0.02     0.00
  MONTH TO DATE    0.43                      0.39   0.04     0.64
  SINCE DEC 1      1.05                      1.86  -0.81     2.73
  SINCE JAN 1      0.61                      1.04  -0.43     1.18

SNOWFALL (IN)
  TODAY            0.0           5.9  1957   0.3   -0.3      0.0
  MONTH TO DATE    5.4                       5.0    0.4      0.3
  SINCE DEC 1     14.7                      23.0   -8.3     19.1
  SINCE JUL 1     21.8                      32.2  -10.4     26.4
  SNOW DEPTH       4

DEGREE DAYS
 HEATING
  TODAY           61                        46     15       23
  MONTH TO DATE 1214                      1034    180      798
  SINCE DEC 1   4352                      4211    141     3740
  SINCE JUL 1   6118                      6136    -18     5114

 COOLING
  TODAY            0                         0      0        0
  MONTH TO DATE    0                         0      0        0
  SINCE DEC 1      0                         0      0        0
  SINCE JAN 1      0                         0      0        0
..................................................................


WIND (MPH)
  HIGHEST WIND SPEED    13   HIGHEST WIND DIRECTION     S (190)
  HIGHEST GUST SPEED    15   HIGHEST GUST DIRECTION    SW (210)
  AVERAGE WIND SPEED     6.8


SKY COVER
  POSSIBLE SUNSHINE  MM
  AVERAGE SKY COVER 0.0


WEATHER CONDITIONS
 THE FOLLOWING WEATHER WAS RECORDED TODAY.
  NO SIGNIFICANT WEATHER WAS OBSERVED.


RELATIVE HUMIDITY (PERCENT)
 HIGHEST    87          1200 AM
 LOWEST     51           500 PM
 AVERAGE    69

..........................................................


THE ST CLOUD MN CLIMATE NORMALS FOR TOMORROW
                         NORMAL    RECORD    YEAR
 MAXIMUM TEMPERATURE (F)   29        55      2017
                                             1961
 MINIMUM TEMPERATURE (F)   10       -19      1972


SUNRISE AND SUNSET
FEBRUARY 21 2018......SUNRISE   708 AM CST   SUNSET   552 PM CST
FEBRUARY 22 2018......SUNRISE   707 AM CST   SUNSET   553 PM CST


-  INDICATES NEGATIVE NUMBERS.
R  INDICATES RECORD WAS SET OR TIED.
MM INDICATES DATA IS MISSING.
T  INDICATES TRACE AMOUNT.




$$
