000
CDUS43 KMPX 300903
CLISTC


CLIMATE REPORT
NATIONAL WEATHER SERVICE CHANHASSEN MN
302 AM CST THU NOV 30 2017


...................................

...THE ST CLOUD MN CLIMATE SUMMARY FOR NOVEMBER 29 2017...

CLIMATE NORMAL PERIOD 1981 TO 2010
CLIMATE RECORD PERIOD 1893 TO 2017


WEATHER ITEM   OBSERVED TIME   RECORD YEAR NORMAL DEPARTURE LAST
                VALUE   (LST)  VALUE       VALUE  FROM      YEAR
                                                  NORMAL
..................................................................
TEMPERATURE (F)
 YESTERDAY
  MAXIMUM         43   1120 PM  59    1998  31     12       36
  MINIMUM         18    638 AM -16    1985  14      4       33
  AVERAGE         31                        22      9       35

PRECIPITATION (IN)
  YESTERDAY        0.00          0.67 1987   0.03  -0.03      T
  MONTH TO DATE    0.82                      1.34  -0.52     1.67
  SINCE SEP 1      8.83                      7.29   1.54     7.43
  SINCE JAN 1     29.76                     26.87   2.89    32.25

SNOWFALL (IN)
  YESTERDAY        0.0           6.2  1991   0.3   -0.3       T
  MONTH TO DATE    5.7                       8.0   -2.3      7.3
  SINCE SEP 1      7.1                       8.8   -1.7      7.3
  SINCE JUL 1      7.1                       8.8   -1.7      7.3
  SNOW DEPTH       0

DEGREE DAYS
 HEATING
  YESTERDAY       34                        43     -9       30
  MONTH TO DATE 1015                       997     18      713
  SINCE SEP 1   1697                      1824   -127     1323
  SINCE JUL 1   1737                      1882   -145     1345

 COOLING
  YESTERDAY        0                         0      0        0
  MONTH TO DATE    0                         0      0        0
  SINCE SEP 1     71                        36     35       28
  SINCE JAN 1    361                       465   -104      506
..................................................................


WIND (MPH)
  HIGHEST WIND SPEED    32   HIGHEST WIND DIRECTION     W (280)
  HIGHEST GUST SPEED    43   HIGHEST GUST DIRECTION     W (260)
  AVERAGE WIND SPEED    11.8


SKY COVER
  POSSIBLE SUNSHINE  MM
  AVERAGE SKY COVER 0.0


WEATHER CONDITIONS
 THE FOLLOWING WEATHER WAS RECORDED YESTERDAY.
  NO SIGNIFICANT WEATHER WAS OBSERVED.


RELATIVE HUMIDITY (PERCENT)
 HIGHEST    84           300 AM
 LOWEST     33           300 PM
 AVERAGE    59

..........................................................


THE ST CLOUD MN CLIMATE NORMALS FOR TODAY
                         NORMAL    RECORD    YEAR
 MAXIMUM TEMPERATURE (F)   30        57      1922
 MINIMUM TEMPERATURE (F)   14       -23      1905


SUNRISE AND SUNSET
NOVEMBER 30 2017......SUNRISE   735 AM CST   SUNSET   435 PM CST
DECEMBER  1 2017......SUNRISE   736 AM CST   SUNSET   434 PM CST


-  INDICATES NEGATIVE NUMBERS.
R  INDICATES RECORD WAS SET OR TIED.
MM INDICATES DATA IS MISSING.
T  INDICATES TRACE AMOUNT.




$$
