000
CDUS43 KMPX 120632
CLISTC


CLIMATE REPORT
NATIONAL WEATHER SERVICE CHANHASSEN MN
131 AM CDT THU MAY 12 2016


...................................

...THE ST CLOUD MN CLIMATE SUMMARY FOR MAY 11 2016...

CLIMATE NORMAL PERIOD 1981 TO 2010
CLIMATE RECORD PERIOD 1893 TO 2016


WEATHER ITEM   OBSERVED TIME   RECORD YEAR NORMAL DEPARTURE LAST
                VALUE   (LST)  VALUE       VALUE  FROM      YEAR
                                                  NORMAL
..................................................................
TEMPERATURE (F)
 YESTERDAY
  MAXIMUM         55    649 PM  90    1911  68    -13       49
                                      1900
  MINIMUM         48    559 AM  19    1946  43      5       39
  AVERAGE         52                        55     -3       44

PRECIPITATION (IN)
  YESTERDAY        0.16          1.72 1937   0.09   0.07     0.09
  MONTH TO DATE    0.63                      1.05  -0.42     1.82
  SINCE MAR 1      3.87                      5.17  -1.30     3.87
  SINCE JAN 1      4.81                      6.41  -1.60     4.46

SNOWFALL (IN)
  YESTERDAY        0.0           0.3  1946   0.0    0.0      0.0
  MONTH TO DATE    0.0                       0.0    0.0      0.0
  SINCE MAR 1      4.6                      11.5   -6.9      4.3
  SINCE JUL 1     30.3                      45.7  -15.4     31.1
  SNOW DEPTH       0

DEGREE DAYS
 HEATING
  YESTERDAY       13                        10      3       21
  MONTH TO DATE  111                       132    -21      106
  SINCE MAR 1   1533                      1853   -320     1658
  SINCE JUL 1   6984                      8299  -1315     7916

 COOLING
  YESTERDAY        0                         1     -1        0
  MONTH TO DATE    8                         3      5        0
  SINCE MAR 1     13                         5      8        0
  SINCE JAN 1     13                         5      8        0
..................................................................


WIND (MPH)
  HIGHEST WIND SPEED    12   HIGHEST WIND DIRECTION    SE (120)
  HIGHEST GUST SPEED    17   HIGHEST GUST DIRECTION    SE (120)
  AVERAGE WIND SPEED     6.1


SKY COVER
  POSSIBLE SUNSHINE  MM
  AVERAGE SKY COVER 1.0


WEATHER CONDITIONS
 THE FOLLOWING WEATHER WAS RECORDED YESTERDAY.
  LIGHT RAIN
  FOG
  FOG W/VISIBILITY <= 1/4 MILE


RELATIVE HUMIDITY (PERCENT)
 HIGHEST   100           500 PM
 LOWEST     86          1200 AM
 AVERAGE    93

..........................................................


THE ST CLOUD MN CLIMATE NORMALS FOR TODAY
                         NORMAL    RECORD    YEAR
 MAXIMUM TEMPERATURE (F)   68        95      1900
 MINIMUM TEMPERATURE (F)   43        21      1946


SUNRISE AND SUNSET
MAY 12 2016...........SUNRISE   548 AM CDT   SUNSET   837 PM CDT
MAY 13 2016...........SUNRISE   547 AM CDT   SUNSET   839 PM CDT


-  INDICATES NEGATIVE NUMBERS.
R  INDICATES RECORD WAS SET OR TIED.
MM INDICATES DATA IS MISSING.
T  INDICATES TRACE AMOUNT.




$$
