000
CDUS43 KMPX 170624
CLISTC


CLIMATE REPORT
NATIONAL WEATHER SERVICE CHANHASSEN MN
122 AM CDT MON APR 17 2017


...................................

...THE ST CLOUD MN CLIMATE SUMMARY FOR APRIL 16 2017...

CLIMATE NORMAL PERIOD 1981 TO 2010
CLIMATE RECORD PERIOD 1893 TO 2017


WEATHER ITEM   OBSERVED TIME   RECORD YEAR NORMAL DEPARTURE LAST
                VALUE   (LST)  VALUE       VALUE  FROM      YEAR
                                                  NORMAL
..................................................................
TEMPERATURE (F)
 YESTERDAY
  MAXIMUM         65        MM  86    1913  57      8       79
  MINIMUM         43        MM  16    1907  33     10       57
  AVERAGE         54                        45      9       68

PRECIPITATION (IN)
  YESTERDAY        0.00          3.26 2003   0.09  -0.09     0.00
  MONTH TO DATE    0.57                      1.23  -0.66     0.18
  SINCE MAR 1      1.24                      2.78  -1.54     1.68
  SINCE JAN 1      2.56                      4.02  -1.46     2.62

SNOWFALL (IN)
  YESTERDAY        0.0           8.5  2014   0.1   -0.1      0.0
  MONTH TO DATE    0.0                       2.1   -2.1      1.6
  SINCE MAR 1      2.0                      10.6   -8.6      4.6
  SINCE JUL 1     30.9                      44.8  -13.9     30.3
  SNOW DEPTH       0

DEGREE DAYS
 HEATING
  YESTERDAY       11                        20     -9        0
  MONTH TO DATE  275                       384   -109      403
  SINCE MAR 1   1335                      1488   -153     1220
  SINCE JUL 1   6691                      7934  -1243     6671

 COOLING
  YESTERDAY        0                         0      0        3
  MONTH TO DATE    0                         0      0        3
  SINCE MAR 1      0                         0      0        3
  SINCE JAN 1      0                         0      0        3
..................................................................


WIND (MPH)
  HIGHEST WIND SPEED    27   HIGHEST WIND DIRECTION     W (290)
  HIGHEST GUST SPEED    39   HIGHEST GUST DIRECTION     W (270)
  AVERAGE WIND SPEED    13.1


SKY COVER
  POSSIBLE SUNSHINE  MM
  AVERAGE SKY COVER 0.2


WEATHER CONDITIONS
 THE FOLLOWING WEATHER WAS RECORDED YESTERDAY.
  NO SIGNIFICANT WEATHER WAS OBSERVED.


RELATIVE HUMIDITY (PERCENT)
 HIGHEST    93          1200 AM
 LOWEST     24           300 PM
 AVERAGE    59

..........................................................


THE ST CLOUD MN CLIMATE NORMALS FOR TODAY
                         NORMAL    RECORD    YEAR
 MAXIMUM TEMPERATURE (F)   58        86      1987
 MINIMUM TEMPERATURE (F)   33        15      1907


SUNRISE AND SUNSET
APRIL 17 2017.........SUNRISE   627 AM CDT   SUNSET   806 PM CDT
APRIL 18 2017.........SUNRISE   625 AM CDT   SUNSET   807 PM CDT


-  INDICATES NEGATIVE NUMBERS.
R  INDICATES RECORD WAS SET OR TIED.
MM INDICATES DATA IS MISSING.
T  INDICATES TRACE AMOUNT.




$$
