000
CDUS43 KMPX 170144
CLISTC


CLIMATE REPORT
NATIONAL WEATHER SERVICE CHANHASSEN MN
844 PM CDT MON MAY 16 2016


...................................

...THE ST CLOUD MN CLIMATE SUMMARY FOR MAY 16 2016...
VALID TODAY AS OF 0800 PM LOCAL TIME.

CLIMATE NORMAL PERIOD 1981 TO 2010
CLIMATE RECORD PERIOD 1893 TO 2016


WEATHER ITEM   OBSERVED TIME   RECORD YEAR NORMAL DEPARTURE LAST
                VALUE   (LST)  VALUE       VALUE  FROM      YEAR
                                                  NORMAL
..................................................................
TEMPERATURE (F)
 TODAY
  MAXIMUM         63        MM  94    1934  69     -6       72
  MINIMUM         38        MM  30    1983  44     -6       52
                                      1956
                                      1930
  AVERAGE         51                        57     -6       62

PRECIPITATION (IN)
  TODAY            T             5.00 1894   0.09  -0.09     1.48
  MONTH TO DATE    0.75                      1.50  -0.75     3.77
  SINCE MAR 1      3.99                      5.62  -1.63     5.82
  SINCE JAN 1      4.93                      6.86  -1.93     6.41

SNOWFALL (IN)
  TODAY            0.0           T    1943   0.0    0.0      0.0
  MONTH TO DATE    0.0                       0.0    0.0      0.0
  SINCE MAR 1      4.6                      11.5   -6.9      4.3
  SINCE JUL 1     30.3                      45.7  -15.4     31.1
  SNOW DEPTH       0

DEGREE DAYS
 HEATING
  TODAY           14                         9      5        3
  MONTH TO DATE  207                       180     27      160
  SINCE MAR 1   1629                      1901   -272     1712
  SINCE JUL 1   7080                      8347  -1267     7970

 COOLING
  TODAY            0                         1     -1        0
  MONTH TO DATE    8                         8      0        0
  SINCE MAR 1     13                        10      3        0
  SINCE JAN 1     13                        10      3        0
..................................................................


WIND (MPH)
  HIGHEST WIND SPEED     9   HIGHEST WIND DIRECTION    NW (330)
  HIGHEST GUST SPEED    17   HIGHEST GUST DIRECTION     E (99)
  AVERAGE WIND SPEED     4.7


SKY COVER
  POSSIBLE SUNSHINE  MM
  AVERAGE SKY COVER 0.5


WEATHER CONDITIONS
 THE FOLLOWING WEATHER WAS RECORDED TODAY.
  NO SIGNIFICANT WEATHER WAS OBSERVED.


RELATIVE HUMIDITY (PERCENT)
 HIGHEST    85           500 AM
 LOWEST     36           500 PM
 AVERAGE    61

..........................................................


THE ST CLOUD MN CLIMATE NORMALS FOR TOMORROW
                         NORMAL    RECORD    YEAR
 MAXIMUM TEMPERATURE (F)   69        90      1998
                                             1972
 MINIMUM TEMPERATURE (F)   45        28      1973


SUNRISE AND SUNSET
MAY 16 2016...........SUNRISE   544 AM CDT   SUNSET   842 PM CDT
MAY 17 2016...........SUNRISE   543 AM CDT   SUNSET   843 PM CDT


-  INDICATES NEGATIVE NUMBERS.
R  INDICATES RECORD WAS SET OR TIED.
MM INDICATES DATA IS MISSING.
T  INDICATES TRACE AMOUNT.




$$
