000
CDUS43 KMPX 080819
CLISTC


CLIMATE REPORT
NATIONAL WEATHER SERVICE CHANHASSEN MN
219 AM CST WED FEB 8 2017


...................................

...THE ST CLOUD MN CLIMATE SUMMARY FOR FEBRUARY 7 2017...

CLIMATE NORMAL PERIOD 1981 TO 2010
CLIMATE RECORD PERIOD 1893 TO 2017


WEATHER ITEM   OBSERVED TIME   RECORD YEAR NORMAL DEPARTURE LAST
                VALUE   (LST)  VALUE       VALUE  FROM      YEAR
                                                  NORMAL
..................................................................
TEMPERATURE (F)
 YESTERDAY
  MAXIMUM         24    506 AM  52    1987  24      0       38
  MINIMUM          2   1159 PM -29    1933   4     -2       13
  AVERAGE         13                        14     -1       26

PRECIPITATION (IN)
  YESTERDAY        0.03          0.37 1937   0.02   0.01     0.07
  MONTH TO DATE    0.03                      0.12  -0.09     0.22
  SINCE DEC 1      2.12                      1.59   0.53     1.55
  SINCE JAN 1      0.57                      0.77  -0.20     0.53

SNOWFALL (IN)
  YESTERDAY        0.3           6.5  1937   0.2    0.1      1.0
  MONTH TO DATE    0.3                       1.6   -1.3      4.1
  SINCE DEC 1     19.1                      19.6   -0.5     16.9
  SINCE JUL 1     26.4                      28.8   -2.4     22.6
  SNOW DEPTH       T

DEGREE DAYS
 HEATING
  YESTERDAY       52                        51      1       39
  MONTH TO DATE  340                       360    -20      308
  SINCE DEC 1   3282                      3537   -255     3071
  SINCE JUL 1   4656                      5462   -806     4530

 COOLING
  YESTERDAY        0                         0      0        0
  MONTH TO DATE    0                         0      0        0
  SINCE DEC 1      0                         0      0        0
  SINCE JAN 1      0                         0      0        0
..................................................................


WIND (MPH)
  HIGHEST WIND SPEED    22   HIGHEST WIND DIRECTION    NW (310)
  HIGHEST GUST SPEED    27   HIGHEST GUST DIRECTION    NW (310)
  AVERAGE WIND SPEED    12.3


SKY COVER
  POSSIBLE SUNSHINE  MM
  AVERAGE SKY COVER 0.8


WEATHER CONDITIONS
 THE FOLLOWING WEATHER WAS RECORDED YESTERDAY.
  SNOW
  LIGHT SNOW
  FOG
  FOG W/VISIBILITY <= 1/4 MILE


RELATIVE HUMIDITY (PERCENT)
 HIGHEST   100           700 AM
 LOWEST     60          1200 AM
 AVERAGE    80

..........................................................


THE ST CLOUD MN CLIMATE NORMALS FOR TODAY
                         NORMAL    RECORD    YEAR
 MAXIMUM TEMPERATURE (F)   25        55      1991
 MINIMUM TEMPERATURE (F)    5       -32      1899


SUNRISE AND SUNSET
FEBRUARY  8 2017......SUNRISE   728 AM CST   SUNSET   534 PM CST
FEBRUARY  9 2017......SUNRISE   727 AM CST   SUNSET   535 PM CST


-  INDICATES NEGATIVE NUMBERS.
R  INDICATES RECORD WAS SET OR TIED.
MM INDICATES DATA IS MISSING.
T  INDICATES TRACE AMOUNT.




$$
