000
CDUS43 KMPX 160751
CLISTC


CLIMATE REPORT
NATIONAL WEATHER SERVICE CHANHASSEN MN
250 AM CDT SAT AUG 16 2014


...................................

...THE ST CLOUD MN CLIMATE SUMMARY FOR AUGUST 15 2014...

CLIMATE NORMAL PERIOD 1981 TO 2010
CLIMATE RECORD PERIOD 1893 TO 2014


WEATHER ITEM   OBSERVED TIME   RECORD YEAR NORMAL DEPARTURE LAST
                VALUE   (LST)  VALUE       VALUE  FROM      YEAR
                                                  NORMAL
..................................................................
TEMPERATURE (F)
 YESTERDAY
  MAXIMUM         86    421 PM 105    1936  80      6       78
  MINIMUM         63    317 AM  39    1979  56      7       46
  AVERAGE         75                        68      7       62

PRECIPITATION (IN)
  YESTERDAY        0.00          1.74 1954   0.13  -0.13     0.00
  MONTH TO DATE    1.18                      1.74  -0.56     0.58
  SINCE JUN 1      8.61                      9.22  -0.61     7.77
  SINCE JAN 1     24.96                     17.53   7.43    20.06

SNOWFALL (IN)
  YESTERDAY        0.0           0.0    MM   0.0    0.0      0.0
  MONTH TO DATE    0.0                       0.0    0.0      0.0
  SINCE JUN 1      0.0                       0.0    0.0      0.0
  SINCE JUL 1      0.0                       0.0    0.0      0.0
  SNOW DEPTH       0

DEGREE DAYS
 HEATING
  YESTERDAY        0                         1     -1        3
  MONTH TO DATE    0                        15    -15       23
  SINCE JUN 1     33                       110    -77      136
  SINCE JUL 1      7                        32    -25       49

 COOLING
  YESTERDAY       10                         4      6        0
  MONTH TO DATE  104                        73     31       12
  SINCE JUN 1    412                       350     62      328
  SINCE JAN 1    456                       375     81      339
..................................................................


WIND (MPH)
  HIGHEST WIND SPEED    14   HIGHEST WIND DIRECTION    SW (210)
  HIGHEST GUST SPEED    22   HIGHEST GUST DIRECTION     S (160)
  AVERAGE WIND SPEED     6.5


SKY COVER
  POSSIBLE SUNSHINE  MM
  AVERAGE SKY COVER 0.2


WEATHER CONDITIONS
 THE FOLLOWING WEATHER WAS RECORDED YESTERDAY.
  NO SIGNIFICANT WEATHER WAS OBSERVED.


RELATIVE HUMIDITY (PERCENT)
 HIGHEST    90           900 PM
 LOWEST     45           300 PM
 AVERAGE    68

..........................................................


THE ST CLOUD MN CLIMATE NORMALS FOR TODAY
                         NORMAL    RECORD    YEAR
 MAXIMUM TEMPERATURE (F)   80       100      1950
 MINIMUM TEMPERATURE (F)   56        42      1992


SUNRISE AND SUNSET
AUGUST 16 2014........SUNRISE   618 AM CDT   SUNSET   822 PM CDT
AUGUST 17 2014........SUNRISE   619 AM CDT   SUNSET   820 PM CDT


-  INDICATES NEGATIVE NUMBERS.
R  INDICATES RECORD WAS SET OR TIED.
MM INDICATES DATA IS MISSING.
T  INDICATES TRACE AMOUNT.




$$
