000
CDUS43 KMPX 110911
CLISTC


CLIMATE REPORT
NATIONAL WEATHER SERVICE CHANHASSEN MN
411 AM CDT TUE JUL 11 2017


...................................

...THE ST CLOUD MN CLIMATE SUMMARY FOR JULY 10 2017...

CLIMATE NORMAL PERIOD 1981 TO 2010
CLIMATE RECORD PERIOD 1893 TO 2017


WEATHER ITEM   OBSERVED TIME   RECORD YEAR NORMAL DEPARTURE LAST
                VALUE   (LST)  VALUE       VALUE  FROM      YEAR
                                                  NORMAL
..................................................................
TEMPERATURE (F)
 YESTERDAY
  MAXIMUM         84    418 PM 106    1936  83      1       80
  MINIMUM         60   1159 PM  42    1945  59      1       64
  AVERAGE         72                        70      2       72

PRECIPITATION (IN)
  YESTERDAY        0.00          1.96 2002   0.10  -0.10     1.01
  MONTH TO DATE    0.19                      1.13  -0.94     1.52
  SINCE JUN 1      3.77                      5.30  -1.53     4.89
  SINCE JAN 1     13.47                     13.61  -0.14    11.24

SNOWFALL (IN)
  YESTERDAY        0.0           0.0    MM   0.0    0.0      0.0
  MONTH TO DATE    0.0                       0.0    0.0      0.0
  SINCE JUN 1      0.0                       0.0    0.0      0.0
  SINCE JUL 1      0.0                       0.0    0.0      0.0
  SNOW DEPTH       0

DEGREE DAYS
 HEATING
  YESTERDAY        0                         1     -1        0
  MONTH TO DATE    0                        10    -10        6
  SINCE JUN 1     41                        88    -47       39
  SINCE JUL 1      0                        10    -10        6

 COOLING
  YESTERDAY        7                         6      1        7
  MONTH TO DATE   56                        59     -3       44
  SINCE JUN 1    140                       154    -14      152
  SINCE JAN 1    143                       179    -36      183
..................................................................


WIND (MPH)
  HIGHEST WIND SPEED    13   HIGHEST WIND DIRECTION     N (10)
  HIGHEST GUST SPEED    17   HIGHEST GUST DIRECTION     N (10)
  AVERAGE WIND SPEED     5.0


SKY COVER
  POSSIBLE SUNSHINE  MM
  AVERAGE SKY COVER 0.0


WEATHER CONDITIONS
 THE FOLLOWING WEATHER WAS RECORDED YESTERDAY.
  FOG


RELATIVE HUMIDITY (PERCENT)
 HIGHEST   100          1200 AM
 LOWEST     43           600 PM
 AVERAGE    72

..........................................................


THE ST CLOUD MN CLIMATE NORMALS FOR TODAY
                         NORMAL    RECORD    YEAR
 MAXIMUM TEMPERATURE (F)   83       106      1936
 MINIMUM TEMPERATURE (F)   59        41      1945


SUNRISE AND SUNSET
JULY 11 2017..........SUNRISE   539 AM CDT   SUNSET   905 PM CDT
JULY 12 2017..........SUNRISE   539 AM CDT   SUNSET   904 PM CDT


-  INDICATES NEGATIVE NUMBERS.
R  INDICATES RECORD WAS SET OR TIED.
MM INDICATES DATA IS MISSING.
T  INDICATES TRACE AMOUNT.




$$
